000
CDUS45 KPIH 190742
CLIRXE


CLIMATE REPORT
NATIONAL WEATHER SERVICE POCATELLO ID
141 AM MDT SAT APR 19 2014


...................................

...THE REXBURG ID CLIMATE SUMMARY FOR APRIL 18 2014...

CLIMATE NORMAL PERIOD 1981 TO 2010
CLIMATE RECORD PERIOD 1998 TO 2014


WEATHER ITEM   OBSERVED TIME   RECORD YEAR NORMAL DEPARTURE LAST
                VALUE   (LST)  VALUE       VALUE  FROM      YEAR
                                                  NORMAL
..................................................................
TEMPERATURE (F)
 YESTERDAY
  MAXIMUM         57    530 PM  71    2001  57      0       49
  MINIMUM         42    828 AM  15    2013  32     10       15
  AVERAGE         50                        44      6       32

PRECIPITATION (IN)
  YESTERDAY        0.15         MM      MM   0.05   0.10     0.00
  MONTH TO DATE    0.35                      0.85  -0.50     0.28
  SINCE OCT 1      5.25                      6.69  -1.44     6.11
  SINCE JAN 1      3.39                      3.48  -0.09     2.72

SNOWFALL (IN)
  YESTERDAY       MM
  MONTH TO DATE   MM
  SINCE MAR 1     MM
  SINCE JUL 1     MM
  SNOW DEPTH      MM

DEGREE DAYS
 HEATING
  YESTERDAY       15                        21     -6       33
  MONTH TO DATE  389                       410    -21      435
  SINCE MAR 1   1250                      1366   -116     1428
  SINCE JUL 1   7065                      7339   -274     7095

 COOLING
  YESTERDAY        0                         0      0        0
  MONTH TO DATE    0                         0      0        0
  SINCE MAR 1      0                         0      0        0
  SINCE JAN 1      0                         0      0        0
..................................................................


WIND (MPH)
  HIGHEST WIND SPEED    33   HIGHEST WIND DIRECTION    SW (210)
  HIGHEST GUST SPEED    46   HIGHEST GUST DIRECTION     S (200)
  AVERAGE WIND SPEED    18.3


SKY COVER
  POSSIBLE SUNSHINE  MM
  AVERAGE SKY COVER 0.5


WEATHER CONDITIONS
 THE FOLLOWING WEATHER WAS RECORDED YESTERDAY.
  LIGHT RAIN
  FOG


RELATIVE HUMIDITY (PERCENT)
 HIGHEST    92           700 AM
 LOWEST     24           600 PM
 AVERAGE    58

..........................................................


THE REXBURG ID CLIMATE NORMALS FOR TODAY
                         NORMAL    RECORD    YEAR
 MAXIMUM TEMPERATURE (F)   57        74      2010
 MINIMUM TEMPERATURE (F)   32        23      2006


SUNRISE AND SUNSET
APRIL 19 2014.........SUNRISE   638 AM MDT   SUNSET   816 PM MDT
APRIL 20 2014.........SUNRISE   636 AM MDT   SUNSET   817 PM MDT


-  INDICATES NEGATIVE NUMBERS.
R  INDICATES RECORD WAS SET OR TIED.
MM INDICATES DATA IS MISSING.
T  INDICATES TRACE AMOUNT.




$$
