000
CDUS45 KPIH 260739
CLIRXE


CLIMATE REPORT
NATIONAL WEATHER SERVICE POCATELLO ID
138 AM MDT WED APR 26 2017


...................................

...THE REXBURG ID CLIMATE SUMMARY FOR APRIL 25 2017...

CLIMATE NORMAL PERIOD 1981 TO 2010
CLIMATE RECORD PERIOD 1998 TO 2017


WEATHER ITEM   OBSERVED TIME   RECORD YEAR NORMAL DEPARTURE LAST
                VALUE   (LST)  VALUE       VALUE  FROM      YEAR
                                                  NORMAL
..................................................................
TEMPERATURE (F)
 YESTERDAY
  MAXIMUM         52    413 PM  77    2012  59     -7       55
  MINIMUM         32    733 AM  25    2013  33     -1       34
                                      2009
  AVERAGE         42                        46     -4       45

PRECIPITATION (IN)
  YESTERDAY        0.49         MM      MM   0.06   0.43     0.00
  MONTH TO DATE    1.94                      1.21   0.73     0.78
  SINCE OCT 1     10.84                      7.05   3.79     6.65
  SINCE JAN 1      5.08                      3.84   1.24     3.49

SNOWFALL (IN)
  YESTERDAY       MM
  MONTH TO DATE   MM
  SINCE MAR 1     MM
  SINCE JUL 1     MM
  SNOW DEPTH      MM

DEGREE DAYS
 HEATING
  YESTERDAY       23                        19      4       20
  MONTH TO DATE  546                       547     -1      407
  SINCE MAR 1   1285                      1503   -218     1264
  SINCE JUL 1   7080                      7476   -396     6841

 COOLING
  YESTERDAY        0                         0      0        0
  MONTH TO DATE    0                         0      0        0
  SINCE MAR 1      0                         0      0        0
  SINCE JAN 1      0                         0      0        0
..................................................................


WIND (MPH)
  HIGHEST WIND SPEED    20   HIGHEST WIND DIRECTION    SW (230)
  HIGHEST GUST SPEED    25   HIGHEST GUST DIRECTION    SW (210)
  AVERAGE WIND SPEED     8.8


SKY COVER
  POSSIBLE SUNSHINE  MM
  AVERAGE SKY COVER 0.9


WEATHER CONDITIONS
 THE FOLLOWING WEATHER WAS RECORDED YESTERDAY.
  THUNDERSTORM
  RAIN
  LIGHT RAIN
  LIGHT SNOW
  FOG


RELATIVE HUMIDITY (PERCENT)
 HIGHEST   100           100 AM
 LOWEST     61          1200 PM
 AVERAGE    81

..........................................................


THE REXBURG ID CLIMATE NORMALS FOR TODAY
                         NORMAL    RECORD    YEAR
 MAXIMUM TEMPERATURE (F)   60        71      2004
 MINIMUM TEMPERATURE (F)   33        23      2008


SUNRISE AND SUNSET
APRIL 26 2017.........SUNRISE   626 AM MDT   SUNSET   825 PM MDT
APRIL 27 2017.........SUNRISE   625 AM MDT   SUNSET   826 PM MDT


-  INDICATES NEGATIVE NUMBERS.
R  INDICATES RECORD WAS SET OR TIED.
MM INDICATES DATA IS MISSING.
T  INDICATES TRACE AMOUNT.




$$
