000
CDUS45 KPIH 212332
CLIRXE


CLIMATE REPORT
NATIONAL WEATHER SERVICE POCATELLO ID
431 PM MST TUE FEB 21 2017


...................................

...THE REXBURG ID CLIMATE SUMMARY FOR FEBRUARY 21 2017...
VALID TODAY AS OF 0400 PM LOCAL TIME.

CLIMATE NORMAL PERIOD 1981 TO 2010
CLIMATE RECORD PERIOD 1998 TO 2017


WEATHER ITEM   OBSERVED TIME   RECORD YEAR NORMAL DEPARTURE LAST
                VALUE   (LST)  VALUE       VALUE  FROM      YEAR
                                                  NORMAL
..................................................................
TEMPERATURE (F)
 TODAY
  MAXIMUM         44    124 PM  48    2000  34     10       37
  MINIMUM         36    214 AM  -2    2008  14     22       16
  AVERAGE         40                        24     16       27

PRECIPITATION (IN)
  TODAY            0.16         MM      MM   0.03   0.13     0.00
  MONTH TO DATE    1.01                      0.62   0.39     0.12
  SINCE OCT 1      7.91                      4.57   3.34     4.91
  SINCE JAN 1      2.15                      1.36   0.79     1.75

SNOWFALL (IN)
  TODAY           MM
  MONTH TO DATE   MM
  SINCE DEC 1     MM
  SINCE JUL 1     MM
  SNOW DEPTH      MM

DEGREE DAYS
 HEATING
  TODAY           25                        41    -16       38
  MONTH TO DATE  710                       919   -209      849
  SINCE DEC 1   3847                      3684    163     3551
  SINCE JUL 1   5494                      5696   -202     5285

 COOLING
  TODAY            0                         0      0        0
  MONTH TO DATE    0                         0      0        0
  SINCE DEC 1      0                         0      0        0
  SINCE JAN 1      0                         0      0        0
..................................................................


WIND (MPH)
  HIGHEST WIND SPEED    39   HIGHEST WIND DIRECTION     W (250)
  HIGHEST GUST SPEED    49   HIGHEST GUST DIRECTION    SW (240)
  AVERAGE WIND SPEED    17.5


SKY COVER
  POSSIBLE SUNSHINE  MM
  AVERAGE SKY COVER 0.8


WEATHER CONDITIONS
 THE FOLLOWING WEATHER WAS RECORDED TODAY.
  LIGHT RAIN
  FOG


RELATIVE HUMIDITY (PERCENT)
 HIGHEST   100           600 AM
 LOWEST     62           200 PM
 AVERAGE    81

..........................................................


THE REXBURG ID CLIMATE NORMALS FOR TOMORROW
                         NORMAL    RECORD    YEAR
 MAXIMUM TEMPERATURE (F)   35        52      2007
 MINIMUM TEMPERATURE (F)   14        -9      2010


SUNRISE AND SUNSET
FEBRUARY 21 2017......SUNRISE   716 AM MST   SUNSET   606 PM MST
FEBRUARY 22 2017......SUNRISE   715 AM MST   SUNSET   607 PM MST


-  INDICATES NEGATIVE NUMBERS.
R  INDICATES RECORD WAS SET OR TIED.
MM INDICATES DATA IS MISSING.
T  INDICATES TRACE AMOUNT.




$$
