000
CDUS45 KPIH 042322
CLIRXE


CLIMATE REPORT
NATIONAL WEATHER SERVICE POCATELLO ID
519 PM MDT TUE AUG 4 2015


...................................

...THE REXBURG ID CLIMATE SUMMARY FOR AUGUST 4 2015...
VALID TODAY AS OF 0500 PM LOCAL TIME.

CLIMATE NORMAL PERIOD 1981 TO 2010
CLIMATE RECORD PERIOD 1998 TO 2015


WEATHER ITEM   OBSERVED TIME   RECORD YEAR NORMAL DEPARTURE LAST
                VALUE   (LST)  VALUE       VALUE  FROM      YEAR
                                                  NORMAL
..................................................................
TEMPERATURE (F)
 TODAY
  MAXIMUM         83    234 PM  91    2007  87     -4       75
                                      2001
  MINIMUM         57    625 AM  46    2013  51      6       60
  AVERAGE         70                        69      1       68

PRECIPITATION (IN)
  TODAY            0.10         MM      MM   0.02   0.08     0.26
  MONTH TO DATE    0.10                      0.08   0.02     0.26
  SINCE OCT 1      9.46                     11.25  -1.79     9.21
  SINCE JAN 1      6.69                      8.04  -1.35     7.35

SNOWFALL (IN)
  TODAY           MM
  MONTH TO DATE   MM
  SINCE JUN 1     MM
  SINCE JUL 1     MM
  SNOW DEPTH      MM

DEGREE DAYS
 HEATING
  TODAY            0                         0      0        0
  MONTH TO DATE    0                         0      0        0
  SINCE JUN 1     84                       202   -118      163
  SINCE JUL 1     44                        30     14        8

 COOLING
  TODAY            5                         4      1        3
  MONTH TO DATE   21                        16      5       17
  SINCE JUN 1    206                       126     80      183
  SINCE JAN 1    206                       130     76      183
..................................................................


WIND (MPH)
  HIGHEST WIND SPEED    20   HIGHEST WIND DIRECTION     W (270)
  HIGHEST GUST SPEED    29   HIGHEST GUST DIRECTION     W (270)
  AVERAGE WIND SPEED     4.4


SKY COVER
  POSSIBLE SUNSHINE  MM
  AVERAGE SKY COVER 0.4


WEATHER CONDITIONS
 THE FOLLOWING WEATHER WAS RECORDED TODAY.
  THUNDERSTORM
  LIGHT RAIN


RELATIVE HUMIDITY (PERCENT)
 HIGHEST    93           300 AM
 LOWEST     30           300 PM
 AVERAGE    62

..........................................................


THE REXBURG ID CLIMATE NORMALS FOR TOMORROW
                         NORMAL    RECORD    YEAR
 MAXIMUM TEMPERATURE (F)   87        95      2012
 MINIMUM TEMPERATURE (F)   51        46      2013
                                             2002


SUNRISE AND SUNSET
AUGUST  4 2015........SUNRISE   619 AM MDT   SUNSET   847 PM MDT
AUGUST  5 2015........SUNRISE   620 AM MDT   SUNSET   846 PM MDT


-  INDICATES NEGATIVE NUMBERS.
R  INDICATES RECORD WAS SET OR TIED.
MM INDICATES DATA IS MISSING.
T  INDICATES TRACE AMOUNT.




$$
