000
CDUS45 KPIH 280742
CLIRXE


CLIMATE REPORT
NATIONAL WEATHER SERVICE POCATELLO ID
1239 AM MST SUN DEC 28 2014


...................................

...THE REXBURG ID CLIMATE SUMMARY FOR DECEMBER 27 2014...

CLIMATE NORMAL PERIOD 1981 TO 2010
CLIMATE RECORD PERIOD 1998 TO 2014


WEATHER ITEM   OBSERVED TIME   RECORD YEAR NORMAL DEPARTURE LAST
                VALUE   (LST)  VALUE       VALUE  FROM      YEAR
                                                  NORMAL
..................................................................
TEMPERATURE (F)
 YESTERDAY
  MAXIMUM         21   1159 PM  45    2004  28     -7       25
  MINIMUM          6    833 AM  -9    2001  12     -6        0
  AVERAGE         14                        20     -6       13

PRECIPITATION (IN)
  YESTERDAY        0.20         MM      MM   0.04   0.16     0.00
  MONTH TO DATE    1.66                      0.88   0.78     0.63
  SINCE OCT 1      2.59                      3.03  -0.44     1.85
  SINCE JAN 1     16.69                     12.91   3.78     8.29

SNOWFALL (IN)
  YESTERDAY       MM
  MONTH TO DATE   MM
  SINCE DEC 1     MM
  SINCE JUL 1     MM
  SNOW DEPTH      MM

DEGREE DAYS
 HEATING
  YESTERDAY       51                        45      6       52
  MONTH TO DATE  915                      1190   -275     1385
  SINCE DEC 1    915                      1190   -275     1385
  SINCE JUL 1   2725                      3202   -477     3148

 COOLING
  YESTERDAY        0                         0      0        0
  MONTH TO DATE    0                         0      0        0
  SINCE DEC 1      0                         0      0        0
  SINCE JAN 1    234                       208     26      452
..................................................................


WIND (MPH)
  HIGHEST WIND SPEED    15   HIGHEST WIND DIRECTION     S (200)
  HIGHEST GUST SPEED    20   HIGHEST GUST DIRECTION     S (200)
  AVERAGE WIND SPEED     4.8


SKY COVER
  POSSIBLE SUNSHINE  MM
  AVERAGE SKY COVER 1.0


WEATHER CONDITIONS
 THE FOLLOWING WEATHER WAS RECORDED YESTERDAY.
  LIGHT SNOW
  FOG


RELATIVE HUMIDITY (PERCENT)
 HIGHEST   100          1200 AM
 LOWEST     80           500 AM
 AVERAGE    90

..........................................................


THE REXBURG ID CLIMATE NORMALS FOR TODAY
                         NORMAL    RECORD    YEAR
 MAXIMUM TEMPERATURE (F)   28        44      2002
 MINIMUM TEMPERATURE (F)   12        -2      2009


SUNRISE AND SUNSET
DECEMBER 28 2014......SUNRISE   801 AM MST   SUNSET   457 PM MST
DECEMBER 29 2014......SUNRISE   801 AM MST   SUNSET   458 PM MST


-  INDICATES NEGATIVE NUMBERS.
R  INDICATES RECORD WAS SET OR TIED.
MM INDICATES DATA IS MISSING.
T  INDICATES TRACE AMOUNT.




$$
