000
CDUS45 KPIH 250730
CLIRXE


CLIMATE REPORT
NATIONAL WEATHER SERVICE POCATELLO ID
129 AM MDT SAT MAR 25 2017


...................................

...THE REXBURG ID CLIMATE SUMMARY FOR MARCH 24 2017...

CLIMATE NORMAL PERIOD 1981 TO 2010
CLIMATE RECORD PERIOD 1998 TO 2017


WEATHER ITEM   OBSERVED TIME   RECORD YEAR NORMAL DEPARTURE LAST
                VALUE   (LST)  VALUE       VALUE  FROM      YEAR
                                                  NORMAL
..................................................................
TEMPERATURE (F)
 YESTERDAY
  MAXIMUM         56    350 PM  68    2012  48      8       51
                                      2004
  MINIMUM         27    639 AM  13    2013  27      0       31
  AVERAGE         42                        38      4       41

PRECIPITATION (IN)
  YESTERDAY        T            MM      MM   0.04  -0.04     0.01
  MONTH TO DATE    0.13                      0.74  -0.61     0.77
  SINCE OCT 1      8.15                      5.52   2.63     5.71
  SINCE JAN 1      2.39                      2.31   0.08     2.55

SNOWFALL (IN)
  YESTERDAY       MM
  MONTH TO DATE   MM
  SINCE MAR 1     MM
  SINCE JUL 1     MM
  SNOW DEPTH      MM

DEGREE DAYS
 HEATING
  YESTERDAY       23                        27     -4       24
  MONTH TO DATE  581                       774   -193      674
  SINCE MAR 1    581                       774   -193      674
  SINCE JUL 1   6376                      6747   -371     6251

 COOLING
  YESTERDAY        0                         0      0        0
  MONTH TO DATE    0                         0      0        0
  SINCE MAR 1      0                         0      0        0
  SINCE JAN 1      0                         0      0        0
..................................................................


WIND (MPH)
  HIGHEST WIND SPEED    28   HIGHEST WIND DIRECTION    SW (220)
  HIGHEST GUST SPEED    39   HIGHEST GUST DIRECTION     S (200)
  AVERAGE WIND SPEED    10.5


SKY COVER
  POSSIBLE SUNSHINE  MM
  AVERAGE SKY COVER 0.3


WEATHER CONDITIONS
 THE FOLLOWING WEATHER WAS RECORDED YESTERDAY.
  LIGHT RAIN


RELATIVE HUMIDITY (PERCENT)
 HIGHEST    85           600 AM
 LOWEST     27           400 PM
 AVERAGE    56

..........................................................


THE REXBURG ID CLIMATE NORMALS FOR TODAY
                         NORMAL    RECORD    YEAR
 MAXIMUM TEMPERATURE (F)   49        69      2012
 MINIMUM TEMPERATURE (F)   27        10      2013


SUNRISE AND SUNSET
MARCH 25 2017.........SUNRISE   721 AM MDT   SUNSET   746 PM MDT
MARCH 26 2017.........SUNRISE   719 AM MDT   SUNSET   747 PM MDT


-  INDICATES NEGATIVE NUMBERS.
R  INDICATES RECORD WAS SET OR TIED.
MM INDICATES DATA IS MISSING.
T  INDICATES TRACE AMOUNT.




$$
