000
CDUS46 KSTO 211437
CLISAC

CLIMATE REPORT
NATIONAL WEATHER SERVICE SACRAMENTO, CA
737 AM PDT SUN SEP 21 2014


...................................

...THE SACRAMENTO EXEC. AIRPORT CA CLIMATE SUMMARY FOR SEPTEMBER 20 2014...

CLIMATE NORMAL PERIOD 1981 TO 2010
CLIMATE RECORD PERIOD 1930 TO 2014


WEATHER ITEM   OBSERVED TIME   RECORD YEAR NORMAL DEPARTURE LAST
                VALUE   (LST)  VALUE       VALUE  FROM      YEAR
                                                  NORMAL
..................................................................
TEMPERATURE (F)
 YESTERDAY
  MAXIMUM         87    320 PM  99    2000  87      0       83
                                      1994
  MINIMUM         62    728 AM  43    1978  55      7       57
  AVERAGE         75

PRECIPITATION (IN)
  YESTERDAY        0.00          0.03 2007   0.01  -0.01     0.00
  MONTH TO DATE    0.00                      0.16  -0.16     0.10
  SINCE JUL 1      0.01                      0.21  -0.20     0.10
  SINCE JAN 1      7.90                     12.11  -4.21     4.01

SNOWFALL (IN)
  YESTERDAY        0.0           0.0  2002   0.0             0.0
                                      2001
  MONTH TO DATE    0.0                       0.0             0.0
  SINCE SEP 1      0.0                       0.0             0.0
  SINCE JUL 1      0.0                       0.0             0.0

DEGREE DAYS
 HEATING
  YESTERDAY        0

 COOLING
  YESTERDAY       10
..................................................................


WIND (MPH)
  RESULTANT WIND SPEED   5   RESULTANT WIND DIRECTION   S (200)
  HIGHEST WIND SPEED    17   HIGHEST WIND DIRECTION    SW (220)
  HIGHEST GUST SPEED    24   HIGHEST GUST DIRECTION    SW (240)


SKY COVER
  POSSIBLE SUNSHINE  MM
  AVERAGE SKY COVER 0.0


WEATHER CONDITIONS
 THE FOLLOWING WEATHER WAS RECORDED YESTERDAY.
  NO SIGNIFICANT WEATHER WAS OBSERVED.


RELATIVE HUMIDITY (PERCENT)
 HIGHEST    90
 LOWEST     35
 AVERAGE    63

..........................................................


THE SACRAMENTO EXEC. AIRPORT CA CLIMATE NORMALS FOR TODAY
                         NORMAL    RECORD    YEAR
 MAXIMUM TEMPERATURE (F)   86       100      2011
                                             1987
                                             1949
 MINIMUM TEMPERATURE (F)   55        46      1960


SUNRISE AND SUNSET
SEPTEMBER 21 2014.....SUNRISE   653 AM PDT   SUNSET   704 PM PDT
SEPTEMBER 22 2014.....SUNRISE   654 AM PDT   SUNSET   703 PM PDT


-  INDICATES NEGATIVE NUMBERS.
R  INDICATES RECORD WAS SET OR TIED.
MM INDICATES DATA IS MISSING.
T  INDICATES TRACE AMOUNT.






&&
....................................................................

SACRAMENTO CITY CLIMATE DATA FOR SATURDAY SEPTEMBER 20 2014

HIGH...   89  RECORD HIGH   102 IN 2002    NORMAL    HIGH   87
LOW....   63  RECORD LOW     48 IN 1986    NORMAL    LOW    58

RAIN SINCE MIDNIGHT....  0.00   RECORD THIS DATE....... 0.06 IN 1896
TOTAL THIS MONTH.......  0.00   NORMAL SEASON TO DATE.........  0.21
TOTAL SINCE JULY 1ST...  0.02   PERCENT OF NORMAL.............    9%


$$
NNNN
