000
CDUS46 KSTO 270838
CLISAC

CLIMATE REPORT
NATIONAL WEATHER SERVICE SACRAMENTO, CA
136 AM PDT WED MAY 27 2015


.................................................................

...THE SACRAMENTO EXEC. AIRPORT CA CLIMATE SUMMARY FOR MAY 26 2015...

CLIMATE NORMAL PERIOD 1981 TO 2010
CLIMATE RECORD PERIOD 1930 TO 2015


WEATHER ITEM   OBSERVED TIME   RECORD YEAR NORMAL DEPARTURE LAST
                VALUE   (LST)  VALUE       VALUE  FROM      YEAR
                                                  NORMAL
..................................................................
TEMPERATURE (F)
 YESTERDAY
  MAXIMUM         78    240 PM 101    1976  82     -4       93
  MINIMUM         53    554 AM  41    1953  53      0       57
  AVERAGE         66

PRECIPITATION (IN)
  YESTERDAY        0.00          0.17 1964   0.01  -0.01     0.00
  MONTH TO DATE    0.07                      0.59  -0.52      T
  SINCE OCT 1     15.34                     17.88  -2.54     9.20
  SINCE JAN 1      4.96                     11.60  -6.64     7.89

SNOWFALL (IN)
  YESTERDAY        0.0          MM      MM   0.0             0.0
  MONTH TO DATE    0.0                       0.0             0.0
  SINCE MAR 1      0.0                       0.0             0.0
  SINCE JUL 1      0.0                       0.0             0.0

DEGREE DAYS
 HEATING
  YESTERDAY        0

 COOLING
  YESTERDAY        1
..................................................................


WIND (MPH)
  RESULTANT WIND SPEED  10   RESULTANT WIND DIRECTION   S (200)
  HIGHEST WIND SPEED    18   HIGHEST WIND DIRECTION    SW (230)
  HIGHEST GUST SPEED    26   HIGHEST GUST DIRECTION    SW (210)


SKY COVER
  POSSIBLE SUNSHINE  MM
  AVERAGE SKY COVER 0.2


WEATHER CONDITIONS
 THE FOLLOWING WEATHER WAS RECORDED YESTERDAY.
  NO SIGNIFICANT WEATHER WAS OBSERVED.


RELATIVE HUMIDITY (PERCENT)
 HIGHEST    83
 LOWEST     38
 AVERAGE    61

..........................................................


THE SACRAMENTO EXEC. AIRPORT CA CLIMATE NORMALS FOR TODAY
                         NORMAL    RECORD    YEAR
 MAXIMUM TEMPERATURE (F)   83       100      1984
 MINIMUM TEMPERATURE (F)   53        43      1977


SUNRISE AND SUNSET
MAY 27 2015...........SUNRISE   546 AM PDT   SUNSET   821 PM PDT
MAY 28 2015...........SUNRISE   545 AM PDT   SUNSET   821 PM PDT


-  INDICATES NEGATIVE NUMBERS.
R  INDICATES RECORD WAS SET OR TIED.
MM INDICATES DATA IS MISSING.
T  INDICATES TRACE AMOUNT.


&&
....................................................................

SACRAMENTO CITY CLIMATE DATA FOR TUESDAY MAY 26 2015

HIGH...   80  RECORD HIGH   102 IN 1974    NORMAL    HIGH   83
LOW....   54  RECORD LOW     42 IN 1918    NORMAL    LOW    55

RAIN SINCE MIDNIGHT....  0.00   RECORD THIS DATE.......  0.3 IN 1901
TOTAL THIS MONTH.......  0.19   NORMAL SINCE OCT 1ST.........  19.61
TOTAL SINCE OCT 1ST...  13.73   PERCENT OF NORMAL.............  70%


$$
NNNN
