000
CDUS46 KSTO 200841
CLISAC

CLIMATE REPORT
NATIONAL WEATHER SERVICE SACRAMENTO, CA
1240 AM PST MON NOV 20 2017


...................................

...THE SACRAMENTO EXEC. AIRPORT CA CLIMATE SUMMARY FOR NOVEMBER 19 2017...

CLIMATE NORMAL PERIOD 1981 TO 2010
CLIMATE RECORD PERIOD 1930 TO 2017


WEATHER ITEM   OBSERVED TIME   RECORD YEAR NORMAL DEPARTURE LAST
                VALUE   (LST)  VALUE       VALUE  FROM      YEAR
                                                  NORMAL
..................................................................
TEMPERATURE (F)
 YESTERDAY
  MAXIMUM         62    243 PM  74    1995  62      0       56
  MINIMUM         38    657 AM  28    1985  42     -4       47
                                      1941
  AVERAGE         50

PRECIPITATION (IN)
  YESTERDAY        0.00          1.46 1951   0.07  -0.07     0.27
  MONTH TO DATE    1.94                      1.17   0.77     0.41
  SINCE OCT 1      2.09                      2.12  -0.03     5.13
  SINCE JAN 1     25.72                     14.36  11.36    17.88

SNOWFALL (IN)
  YESTERDAY        0.0           0.0  2002   0.0             0.0
                                      2001
  MONTH TO DATE    0.0                       0.0             0.0
  SINCE SEP 1      0.0                       0.0             0.0
  SINCE JUL 1      0.0                       0.0             0.0

DEGREE DAYS
 HEATING
  YESTERDAY       15

 COOLING
  YESTERDAY        0
..................................................................


WIND (MPH)
  RESULTANT WIND SPEED   0   RESULTANT WIND DIRECTION   N (20)
  HIGHEST WIND SPEED     7   HIGHEST WIND DIRECTION    NW (320)
  HIGHEST GUST SPEED     9   HIGHEST GUST DIRECTION     N (360)


SKY COVER
  POSSIBLE SUNSHINE  MM
  AVERAGE SKY COVER 0.1


WEATHER CONDITIONS
 THE FOLLOWING WEATHER WAS RECORDED YESTERDAY.
  FOG


RELATIVE HUMIDITY (PERCENT)
 HIGHEST   100
 LOWEST     55
 AVERAGE    78

..........................................................


THE SACRAMENTO EXEC. AIRPORT CA CLIMATE NORMALS FOR TODAY
                         NORMAL    RECORD    YEAR
 MAXIMUM TEMPERATURE (F)   62        73      1995
 MINIMUM TEMPERATURE (F)   42        29      1993


SUNRISE AND SUNSET
NOVEMBER 20 2017......SUNRISE   654 AM PST   SUNSET   449 PM PST
NOVEMBER 21 2017......SUNRISE   655 AM PST   SUNSET   449 PM PST


-  INDICATES NEGATIVE NUMBERS.
R  INDICATES RECORD WAS SET OR TIED.
MM INDICATES DATA IS MISSING.
T  INDICATES TRACE AMOUNT.

&&
....................................................................

SACRAMENTO CITY CLIMATE DATA FOR SUNDAY NOVEMBER 19 2017

HIGH...   63  RECORD HIGH    77 IN 1932    NORMAL    HIGH   62
LOW....   41  RECORD LOW     30 IN 1985    NORMAL    LOW    45

RAIN SINCE MIDNIGHT....  0.00   RECORD THIS DATE....... 1.39 IN 1966
TOTAL THIS MONTH.......  2.12   NORMAL SINCE OCT 1ST..........  2.44
TOTAL SINCE OCT 1ST....  2.26   PERCENT OF NORMAL..............  93%

$$
