000
CDUS46 KSTO 230043
CLISAC

CLIMATE REPORT
NATIONAL WEATHER SERVICE SACRAMENTO, CA
542 PM PDT FRI SEP 22 2017


...................................

...THE SACRAMENTO EXEC. AIRPORT CA CLIMATE SUMMARY FOR SEPTEMBER 22 2017...
VALID TODAY AS OF 0500 PM LOCAL TIME.

CLIMATE NORMAL PERIOD 1981 TO 2010
CLIMATE RECORD PERIOD 1930 TO 2017


WEATHER ITEM   OBSERVED TIME   RECORD YEAR NORMAL DEPARTURE LAST
                VALUE   (LST)  VALUE       VALUE  FROM      YEAR
                                                  NORMAL
..................................................................
TEMPERATURE (F)
 TODAY
  MAXIMUM         76    343 PM 102    1949  86    -10       76
  MINIMUM         52    621 AM  45    1986  55     -3       50
  AVERAGE         64

PRECIPITATION (IN)
  TODAY            0.00          0.31 1973   0.01  -0.01     0.00
  MONTH TO DATE    T                         0.18  -0.18      T
  SINCE OCT 1     33.08                     18.41  14.67    16.19
  SINCE JAN 1     23.63                     12.13  11.50    12.75

SNOWFALL (IN)
  TODAY            0.0           0.0  2002   0.0             0.0
                                      2001
  MONTH TO DATE    0.0                       0.0             0.0
  SINCE SEP 1      0.0                       0.0             0.0
  SINCE JUL 1      0.0                       0.0             0.0

DEGREE DAYS
 HEATING
  TODAY            1

 COOLING
  TODAY            0
..................................................................


WIND (MPH)
  RESULTANT WIND SPEED   2   RESULTANT WIND DIRECTION   E (100)
  HIGHEST WIND SPEED    12   HIGHEST WIND DIRECTION     N (340)
  HIGHEST GUST SPEED    17   HIGHEST GUST DIRECTION     N (340)


SKY COVER
  POSSIBLE SUNSHINE  MM
  AVERAGE SKY COVER 0.2


WEATHER CONDITIONS
 THE FOLLOWING WEATHER WAS RECORDED TODAY.
  NO SIGNIFICANT WEATHER WAS OBSERVED.


RELATIVE HUMIDITY (PERCENT)
 HIGHEST    83
 LOWEST     27
 AVERAGE    55

..........................................................


THE SACRAMENTO EXEC. AIRPORT CA CLIMATE NORMALS FOR TOMORROW
                         NORMAL    RECORD    YEAR
 MAXIMUM TEMPERATURE (F)   86       103      1964
 MINIMUM TEMPERATURE (F)   55        48      1993
                                             1981
                                             1948


SUNRISE AND SUNSET
SEPTEMBER 22 2017.....SUNRISE   654 AM PDT   SUNSET   702 PM PDT
SEPTEMBER 23 2017.....SUNRISE   655 AM PDT   SUNSET   701 PM PDT


-  INDICATES NEGATIVE NUMBERS.
R  INDICATES RECORD WAS SET OR TIED.
MM INDICATES DATA IS MISSING.
T  INDICATES TRACE AMOUNT.

&&
....................................................................

SACRAMENTO CITY CLIMATE DATA FOR FRIDAY SEPTEMBER 22 2017

HIGH...   76  RECORD HIGH   103 IN 2003    NORMAL    HIGH   87
LOW....   53  RECORD LOW     46 IN 1895    NORMAL    LOW    58

RAIN SINCE MIDNIGHT....  0.00   RECORD THIS DATE.......  0.5 IN 1917
TOTAL THIS MONTH.......  0.00   NORMAL SINCE OCT 1ST.........  20.13
TOTAL SINCE OCT 1ST...  33.94   PERCENT OF NORMAL.............  169%


$$
NNNN
