000
CDUS46 KSTO 270848
CLISAC

CLIMATE REPORT
NATIONAL WEATHER SERVICE SACRAMENTO, CA
1244 AM PST THU NOV 27 2014


...................................

...THE SACRAMENTO EXEC. AIRPORT CA CLIMATE SUMMARY FOR NOVEMBER 26 2014...

CLIMATE NORMAL PERIOD 1981 TO 2010
CLIMATE RECORD PERIOD 1930 TO 2014


WEATHER ITEM   OBSERVED TIME   RECORD YEAR NORMAL DEPARTURE LAST
                VALUE   (LST)  VALUE       VALUE  FROM      YEAR
                                                  NORMAL
..................................................................
TEMPERATURE (F)
 YESTERDAY
  MAXIMUM         68    210 PM  73    1959  59      9       61
  MINIMUM         39    735 AM  29    2010  40     -1       39
                                      1993
  AVERAGE         54

PRECIPITATION (IN)
  YESTERDAY        0.00          1.52 1997   0.08  -0.08     0.00
  MONTH TO DATE    0.73                      1.73  -1.00     0.88
  SINCE JUL 1      1.73                      3.02  -1.29     1.47
  SINCE JAN 1      9.62                     14.92  -5.30     5.38

SNOWFALL (IN)
  YESTERDAY        0.0           0.0  2002   0.0             0.0
                                      2001
  MONTH TO DATE    0.0                       0.0             0.0
  SINCE SEP 1      0.0                       0.0             0.0
  SINCE JUL 1      0.0                       0.0             0.0

DEGREE DAYS
 HEATING
  YESTERDAY       11

 COOLING
  YESTERDAY        0
..................................................................


WIND (MPH)
  RESULTANT WIND SPEED   0   RESULTANT WIND DIRECTION  MM
  HIGHEST WIND SPEED     6   HIGHEST WIND DIRECTION    NW (310)
  HIGHEST GUST SPEED     8   HIGHEST GUST DIRECTION     W (280)


SKY COVER
  POSSIBLE SUNSHINE  MM
  AVERAGE SKY COVER 0.0


WEATHER CONDITIONS
 THE FOLLOWING WEATHER WAS RECORDED YESTERDAY.
  FOG


RELATIVE HUMIDITY (PERCENT)
 HIGHEST   100
 LOWEST     48
 AVERAGE    74

..........................................................


THE SACRAMENTO EXEC. AIRPORT CA CLIMATE NORMALS FOR TODAY
                         NORMAL    RECORD    YEAR
 MAXIMUM TEMPERATURE (F)   59        70      1995
                                             1958
 MINIMUM TEMPERATURE (F)   40        30      1990
                                             1952
                                             1948


SUNRISE AND SUNSET
NOVEMBER 27 2014......SUNRISE   701 AM PST   SUNSET   446 PM PST
NOVEMBER 28 2014......SUNRISE   702 AM PST   SUNSET   446 PM PST


-  INDICATES NEGATIVE NUMBERS.
R  INDICATES RECORD WAS SET OR TIED.
MM INDICATES DATA IS MISSING.
T  INDICATES TRACE AMOUNT.






&&
....................................................................

SACRAMENTO CITY CLIMATE DATA FOR WEDNESDAY NOVEMBER 26 2014

HIGH...   69  RECORD HIGH    76 IN 1923    NORMAL    HIGH   59
LOW....   41  RECORD LOW     29 IN 1883    NORMAL    LOW    43

RAIN SINCE MIDNIGHT....  0.00   RECORD THIS DATE....... 1.07 IN 1997
TOTAL THIS MONTH.......  0.70   NORMAL SEASON TO DATE.........  3.47
TOTAL SINCE JULY 1ST...  1.63   PERCENT OF NORMAL.............   46%


$$
