000
CDUS46 KSGX 231235
CLISAN


CLIMATE REPORT
NATIONAL WEATHER SERVICE SAN DIEGO, CA
434 AM PST TUE JAN 23 2018


...................................

...THE SAN DIEGO INTL AIRPORT CA CLIMATE SUMMARY FOR JANUARY 22 2018...

CLIMATE NORMAL PERIOD 1981 TO 2010
CLIMATE RECORD PERIOD 1874 TO 2018


WEATHER ITEM   OBSERVED TIME   RECORD YEAR NORMAL DEPARTURE LAST
                VALUE   (LST)  VALUE       VALUE  FROM      YEAR
                                                  NORMAL
..................................................................
TEMPERATURE (F)
 YESTERDAY
  MAXIMUM         66   1223 PM  80    2013  65      1       62
  MINIMUM         48    721 AM  30    1937  49     -1       53
  AVERAGE         57                        57      0       58

PRECIPITATION (IN)
  YESTERDAY        0.00          1.53 1967   0.05  -0.05     0.35
  MONTH TO DATE    1.76                      1.41   0.35     2.74
  SINCE OCT 1      1.85                      4.52  -2.67     7.64
  SINCE JAN 1      1.76                      1.41   0.35     2.74

DEGREE DAYS
 HEATING
  YESTERDAY        8                         8      0        7
  MONTH TO DATE   83                       179    -96      140
  SINCE DEC 1    225                       441   -216      325
  SINCE JUL 1    263                       586   -323      375

 COOLING
  YESTERDAY        0                         0      0        0
  MONTH TO DATE    3                         0      3        0
  SINCE DEC 1      6                         0      6        4
  SINCE JAN 1      3                         0      3        0
..................................................................


WIND (MPH)
  RESULTANT WIND SPEED   3   RESULTANT WIND DIRECTION  NW (320)
  HIGHEST WIND SPEED    13   HIGHEST WIND DIRECTION    NW (310)
  HIGHEST GUST SPEED    16   HIGHEST GUST DIRECTION    NW (310)
  AVERAGE WIND SPEED     3.7


SKY COVER
  POSSIBLE SUNSHINE  MM
  AVERAGE SKY COVER 0.2


WEATHER CONDITIONS
 THE FOLLOWING WEATHER WAS RECORDED YESTERDAY.
  NO SIGNIFICANT WEATHER WAS OBSERVED.


RELATIVE HUMIDITY (PERCENT)
 HIGHEST    66           300 AM
 LOWEST     24          1100 AM
 AVERAGE    45

..........................................................


THE SAN DIEGO INTL AIRPORT CA CLIMATE NORMALS FOR TODAY
                         NORMAL    RECORD    YEAR
 MAXIMUM TEMPERATURE (F)   65        81      1953
 MINIMUM TEMPERATURE (F)   49        37      1937


SUNRISE AND SUNSET
JANUARY 23 2018.......SUNRISE   648 AM PST   SUNSET   513 PM PST
JANUARY 24 2018.......SUNRISE   648 AM PST   SUNSET   514 PM PST


-  INDICATES NEGATIVE NUMBERS.
R  INDICATES RECORD WAS SET OR TIED.
MM INDICATES DATA IS MISSING.
T  INDICATES TRACE AMOUNT.




$$
