154
CDUS46 KSGX 221133
CLISAN


CLIMATE REPORT
NATIONAL WEATHER SERVICE SAN DIEGO, CA
433 AM PDT MON MAY 22 2017


...................................

...THE SAN DIEGO INTL AIRPORT CA CLIMATE SUMMARY FOR MAY 21 2017...

CLIMATE NORMAL PERIOD 1981 TO 2010
CLIMATE RECORD PERIOD 1874 TO 2017


WEATHER ITEM   OBSERVED TIME   RECORD YEAR NORMAL DEPARTURE LAST
                VALUE   (LST)  VALUE       VALUE  FROM      YEAR
                                                  NORMAL
..................................................................
TEMPERATURE (F)
 YESTERDAY
  MAXIMUM         78   1122 AM  85    1941  69      9       67
  MINIMUM         63    520 AM  49    1948  60      3       60
  AVERAGE         71                        64      7       64

PRECIPITATION (IN)
  YESTERDAY        0.00          0.58 1921   0.00   0.00     0.00
  MONTH TO DATE    0.92                      0.09   0.83     0.43
  SINCE OCT 1     12.63                     10.04   2.59     7.85
  SINCE JAN 1      7.73                      6.93   0.80     5.00

DEGREE DAYS
 HEATING
  YESTERDAY        0                         2     -2        1
  MONTH TO DATE   34                        44    -10        9
  SINCE MAR 1    129                       335   -206      105
  SINCE JUL 1    721                      1193   -472      645

 COOLING
  YESTERDAY        6                         1      5        0
  MONTH TO DATE   36                        21     15       12
  SINCE MAR 1     82                        40     42       66
  SINCE JAN 1     82                        45     37      111
..................................................................


WIND (MPH)
  RESULTANT WIND SPEED   4   RESULTANT WIND DIRECTION  NW (300)
  HIGHEST WIND SPEED    12   HIGHEST WIND DIRECTION     W (280)
  HIGHEST GUST SPEED    14   HIGHEST GUST DIRECTION    NW (300)
  AVERAGE WIND SPEED     4.6


SKY COVER
  POSSIBLE SUNSHINE  MM
  AVERAGE SKY COVER 0.3


WEATHER CONDITIONS
 THE FOLLOWING WEATHER WAS RECORDED YESTERDAY.
  NO SIGNIFICANT WEATHER WAS OBSERVED.


RELATIVE HUMIDITY (PERCENT)
 HIGHEST    90           400 AM
 LOWEST     48          1100 AM
 AVERAGE    69

..........................................................


THE SAN DIEGO INTL AIRPORT CA CLIMATE NORMALS FOR TODAY
                         NORMAL    RECORD    YEAR
 MAXIMUM TEMPERATURE (F)   69        88      1893
 MINIMUM TEMPERATURE (F)   60        48      1878


SUNRISE AND SUNSET
MAY 22 2017...........SUNRISE   545 AM PDT   SUNSET   746 PM PDT
MAY 23 2017...........SUNRISE   545 AM PDT   SUNSET   746 PM PDT


-  INDICATES NEGATIVE NUMBERS.
R  INDICATES RECORD WAS SET OR TIED.
MM INDICATES DATA IS MISSING.
T  INDICATES TRACE AMOUNT.




$$
