000
CDUS46 KSGX 231139
CLISAN


CLIMATE REPORT
NATIONAL WEATHER SERVICE SAN DIEGO, CA
439 AM PDT MON OCT 23 2017


...................................

...THE SAN DIEGO INTL AIRPORT CA CLIMATE SUMMARY FOR OCTOBER 22 2017...

CLIMATE NORMAL PERIOD 1981 TO 2010
CLIMATE RECORD PERIOD 1874 TO 2017


WEATHER ITEM   OBSERVED TIME   RECORD YEAR NORMAL DEPARTURE LAST
                VALUE   (LST)  VALUE       VALUE  FROM      YEAR
                                                  NORMAL
..................................................................
TEMPERATURE (F)
 YESTERDAY
  MAXIMUM         85    402 PM 104    1965  72     13       82
  MINIMUM         59    545 AM  46    1906  60     -1       63
  AVERAGE         72                        66      6       73

PRECIPITATION (IN)
  YESTERDAY        0.00          0.91 1941   0.02  -0.02     0.00
  MONTH TO DATE    T                         0.36  -0.36      T
  SINCE OCT 1      T                         0.36  -0.36      T
  SINCE JAN 1      7.83                      7.59   0.24     5.33

DEGREE DAYS
 HEATING
  YESTERDAY        0                         1     -1        0
  MONTH TO DATE    0                         5     -5        0
  SINCE SEP 1      0                         6     -6        0
  SINCE JUL 1      0                         7     -7        0

 COOLING
  YESTERDAY        7                         2      5        8
  MONTH TO DATE  123                        59     64      137
  SINCE SEP 1    364                       227    137      356
  SINCE JAN 1   1067                       695    372     1038
..................................................................


WIND (MPH)
  RESULTANT WIND SPEED   4   RESULTANT WIND DIRECTION  NW (320)
  HIGHEST WIND SPEED    15   HIGHEST WIND DIRECTION    NW (310)
  HIGHEST GUST SPEED    17   HIGHEST GUST DIRECTION     N (340)
  AVERAGE WIND SPEED     3.9


SKY COVER
  POSSIBLE SUNSHINE  MM
  AVERAGE SKY COVER 0.1


WEATHER CONDITIONS
 THE FOLLOWING WEATHER WAS RECORDED YESTERDAY.
  NO SIGNIFICANT WEATHER WAS OBSERVED.


RELATIVE HUMIDITY (PERCENT)
 HIGHEST    84          1200 AM
 LOWEST     16           400 PM
 AVERAGE    50

..........................................................


THE SAN DIEGO INTL AIRPORT CA CLIMATE NORMALS FOR TODAY
                         NORMAL    RECORD    YEAR
 MAXIMUM TEMPERATURE (F)   72        93      1965
 MINIMUM TEMPERATURE (F)   59        47      1886


SUNRISE AND SUNSET
OCTOBER 23 2017.......SUNRISE   659 AM PDT   SUNSET   606 PM PDT
OCTOBER 24 2017.......SUNRISE   700 AM PDT   SUNSET   605 PM PDT


-  INDICATES NEGATIVE NUMBERS.
R  INDICATES RECORD WAS SET OR TIED.
MM INDICATES DATA IS MISSING.
T  INDICATES TRACE AMOUNT.




$$
