000
CDUS46 KSGX 310016
CLISAN


CLIMATE REPORT
NATIONAL WEATHER SERVICE SAN DIEGO, CA
516 PM PDT MON MAR 30 2015


...................................

...THE SAN DIEGO/LINDBERGH FIELD CA CLIMATE SUMMARY FOR MARCH 30 2015...
VALID TODAY AS OF 0500 PM LOCAL TIME.

CLIMATE NORMAL PERIOD 1981 TO 2010
CLIMATE RECORD PERIOD 1874 TO 2015


WEATHER ITEM   OBSERVED TIME   RECORD YEAR NORMAL DEPARTURE LAST
                VALUE   (LST)  VALUE       VALUE  FROM      YEAR
                                                  NORMAL
..................................................................
TEMPERATURE (F)
 TODAY
  MAXIMUM         72   1250 PM  82    2003  66      6       69
  MINIMUM         60    554 AM  39    1875  54      6       60
  AVERAGE         66                        60      6       65

PRECIPITATION (IN)
  TODAY            0.00          1.00 1946   0.04  -0.04      T
  MONTH TO DATE    0.93                      1.77  -0.84     1.28
  SINCE OCT 1      6.50                      9.13  -2.63     4.48
  SINCE JAN 1      1.63                      6.02  -4.39     2.29

SNOWFALL (IN)
  TODAY            0.0
  MONTH TO DATE    0.0
  SINCE MAR 1      0.0
  SINCE JUL 1      0.0
  SNOW DEPTH       0

DEGREE DAYS
 HEATING
  TODAY            0                         5     -5        0
  MONTH TO DATE   36                       173   -137       37
  SINCE MAR 1     36                       173   -137       37
  SINCE JUL 1    382                      1031   -649      493

 COOLING
  TODAY            1                         0      1        0
  MONTH TO DATE   93                         0     93       20
  SINCE MAR 1     93                         0     93       20
  SINCE JAN 1    115                         5    110       29
..................................................................


WIND (MPH)
  RESULTANT WIND SPEED   3   RESULTANT WIND DIRECTION  NW (300)
  HIGHEST WIND SPEED    12   HIGHEST WIND DIRECTION     W (280)
  HIGHEST GUST SPEED    14   HIGHEST GUST DIRECTION     W (290)
  AVERAGE WIND SPEED     3.8


SKY COVER
  POSSIBLE SUNSHINE  MM
  AVERAGE SKY COVER 0.5


WEATHER CONDITIONS
 THE FOLLOWING WEATHER WAS RECORDED TODAY.
  NO SIGNIFICANT WEATHER WAS OBSERVED.


RELATIVE HUMIDITY (PERCENT)
 HIGHEST    84           200 AM
 LOWEST     53           200 PM
 AVERAGE    69

..........................................................


THE SAN DIEGO/LINDBERGH FIELD CA CLIMATE NORMALS FOR TOMORROW
                         NORMAL    RECORD    YEAR
 MAXIMUM TEMPERATURE (F)   66        84      1945
                                             1910
 MINIMUM TEMPERATURE (F)   54        38      1905


SUNRISE AND SUNSET
MARCH 30 2015.........SUNRISE   640 AM PDT   SUNSET   707 PM PDT
MARCH 31 2015.........SUNRISE   638 AM PDT   SUNSET   708 PM PDT


-  INDICATES NEGATIVE NUMBERS.
R  INDICATES RECORD WAS SET OR TIED.
MM INDICATES DATA IS MISSING.
T  INDICATES TRACE AMOUNT.




$$
