000
CDUS44 KEWX 290722
CLISAT


CLIMATE REPORT
NATIONAL WEATHER SERVICE AUSTIN/SAN ANTONIO, TX
222 AM CDT SUN MAR 29 2015


...................................

...THE SAN ANTONIO CLIMATE SUMMARY FOR MARCH 28 2015...

CLIMATE NORMAL PERIOD 1981 TO 2010
CLIMATE RECORD PERIOD 1886 TO 2015


WEATHER ITEM   OBSERVED TIME   RECORD YEAR NORMAL DEPARTURE LAST
                VALUE   (LST)  VALUE       VALUE  FROM      YEAR
                                                  NORMAL
..................................................................
TEMPERATURE (F)
 YESTERDAY
  MAXIMUM         83    429 PM 100    1971  76      7       95
  MINIMUM         51    440 AM  29    1955  53     -2       66
  AVERAGE         67                        65      2       81

PRECIPITATION (IN)
  YESTERDAY        0.00          0.98 1898   0.07  -0.07     0.00
  MONTH TO DATE    2.97                      2.12   0.85     1.06
  SINCE MAR 1      2.97                      2.12   0.85     1.06
  SINCE JAN 1      7.17                      5.67   1.50     1.71

SNOWFALL (IN)
  YESTERDAY        0.0
  MONTH TO DATE    0.0
  SINCE MAR 1      0.0
  SINCE JUL 1      T
  SNOW DEPTH       0

DEGREE DAYS
 HEATING
  YESTERDAY        0                         3     -3        0
  MONTH TO DATE  172                       144     28      188
  SINCE MAR 1    172                       144     28      188
  SINCE JUL 1   1487                      1445     42     1522

 COOLING
  YESTERDAY        2                         3     -1       16
  MONTH TO DATE   38                        57    -19       46
  SINCE MAR 1     38                        57    -19       46
  SINCE JAN 1     51                        83    -32      111
..................................................................


WIND (MPH)
  HIGHEST WIND SPEED    18   HIGHEST WIND DIRECTION     S (170)
  HIGHEST GUST SPEED    25   HIGHEST GUST DIRECTION     S (180)
  AVERAGE WIND SPEED    10.2


SKY COVER
  AVERAGE SKY COVER 0.0


WEATHER CONDITIONS
 THE FOLLOWING WEATHER WAS RECORDED YESTERDAY.
  NO SIGNIFICANT WEATHER WAS OBSERVED.


RELATIVE HUMIDITY (PERCENT)
 HIGHEST    71           300 AM
 LOWEST     22           300 PM
 AVERAGE    47

..........................................................


THE SAN ANTONIO CLIMATE NORMALS FOR TODAY
                         NORMAL    RECORD    YEAR
 MAXIMUM TEMPERATURE (F)   77        94      2000
 MINIMUM TEMPERATURE (F)   54        35      1987


SUNRISE AND SUNSET
MARCH 29 2015.........SUNRISE   727 AM CDT   SUNSET   750 PM CDT
MARCH 30 2015.........SUNRISE   726 AM CDT   SUNSET   751 PM CDT


-  INDICATES NEGATIVE NUMBERS.
R  INDICATES RECORD WAS SET OR TIED.
MM INDICATES DATA IS MISSING.
T  INDICATES TRACE AMOUNT.




$$
