000
CDUS44 KEWX 210733
CLISAT


CLIMATE REPORT
NATIONAL WEATHER SERVICE AUSTIN/SAN ANTONIO, TX
232 AM CDT MON AUG 21 2017


...................................

...THE SAN ANTONIO CLIMATE SUMMARY FOR AUGUST 20 2017...

CLIMATE NORMAL PERIOD 1981 TO 2010
CLIMATE RECORD PERIOD 1886 TO 2017


WEATHER ITEM   OBSERVED TIME   RECORD YEAR NORMAL DEPARTURE LAST
                VALUE   (LST)  VALUE       VALUE  FROM      YEAR
                                                  NORMAL
..................................................................
TEMPERATURE (F)
 YESTERDAY
  MAXIMUM         96    439 PM 107    1909  96      0       84
  MINIMUM         78    651 AM  65    1940  75      3       74
  AVERAGE         87                        86      1       79

PRECIPITATION (IN)
  YESTERDAY        0.00          4.51 1886   0.07  -0.07     0.89
  MONTH TO DATE    3.68                      1.08   2.60     3.73
  SINCE JUN 1      4.24                      7.96  -3.72     6.45
  SINCE JAN 1     17.31                     19.93  -2.62    28.27

SNOWFALL (IN)
  YESTERDAY        0.0
  MONTH TO DATE    0.0
  SINCE JUN 1      0.0
  SINCE JUL 1      0.0
  SNOW DEPTH       0

DEGREE DAYS
 HEATING
  YESTERDAY        0                         0      0        0
  MONTH TO DATE    0                         0      0        0
  SINCE JUN 1      0                         0      0        0
  SINCE JUL 1      0                         0      0        0

 COOLING
  YESTERDAY       22                        20      2       14
  MONTH TO DATE  433                       419     14      402
  SINCE JUN 1   1695                      1550    145     1610
  SINCE JAN 1   2467                      2179    288     2235
..................................................................


WIND (MPH)
  HIGHEST WIND SPEED    22   HIGHEST WIND DIRECTION    SE (140)
  HIGHEST GUST SPEED    26   HIGHEST GUST DIRECTION    SE (140)
  AVERAGE WIND SPEED    10.2


SKY COVER
  AVERAGE SKY COVER 0.3


WEATHER CONDITIONS
 THE FOLLOWING WEATHER WAS RECORDED YESTERDAY.
  NO SIGNIFICANT WEATHER WAS OBSERVED.


RELATIVE HUMIDITY (PERCENT)
 HIGHEST    85           400 AM
 LOWEST     34           500 PM
 AVERAGE    60

..........................................................


THE SAN ANTONIO CLIMATE NORMALS FOR TODAY
                         NORMAL    RECORD    YEAR
 MAXIMUM TEMPERATURE (F)   96       104      1999
 MINIMUM TEMPERATURE (F)   75        64      1940


SUNRISE AND SUNSET
AUGUST 21 2017........SUNRISE   705 AM CDT   SUNSET   808 PM CDT
AUGUST 22 2017........SUNRISE   706 AM CDT   SUNSET   807 PM CDT


-  INDICATES NEGATIVE NUMBERS.
R  INDICATES RECORD WAS SET OR TIED.
MM INDICATES DATA IS MISSING.
T  INDICATES TRACE AMOUNT.




$$
