000
CDUS44 KEWX 292226
CLISAT


CLIMATE REPORT
NATIONAL WEATHER SERVICE AUSTIN/SAN ANTONIO, TX
526 PM CDT SAT AUG 29 2015


...................................

...THE SAN ANTONIO CLIMATE SUMMARY FOR AUGUST 29 2015...
VALID TODAY AS OF 0526 PM LOCAL TIME.

CLIMATE NORMAL PERIOD 1981 TO 2010
CLIMATE RECORD PERIOD 1886 TO 2015


WEATHER ITEM   OBSERVED TIME   RECORD YEAR NORMAL DEPARTURE LAST
                VALUE   (LST)  VALUE       VALUE  FROM      YEAR
                                                  NORMAL
..................................................................
TEMPERATURE (F)
 TODAY
  MAXIMUM         95    423 PM 107    2011  95      0       99
  MINIMUM         71    643 AM  61    1992  74     -3       77
  AVERAGE         83                        84     -1       88

PRECIPITATION (IN)
  TODAY            0.00          3.24 2001   0.11  -0.11     0.00
  MONTH TO DATE    0.29                      1.88  -1.59     0.08
  SINCE JUN 1      6.78                      8.76  -1.98     8.71
  SINCE JAN 1     30.06                     20.73   9.33    16.07

SNOWFALL (IN)
  TODAY            0.0
  MONTH TO DATE    0.0
  SINCE JUN 1      0.0
  SINCE JUL 1      0.0
  SNOW DEPTH       0

DEGREE DAYS
 HEATING
  TODAY            0                         0      0        0
  MONTH TO DATE    0                         0      0        0
  SINCE JUN 1      0                         0      0        0
  SINCE JUL 1      0                         0      0        0

 COOLING
  TODAY           18                        19     -1       23
  MONTH TO DATE  659                       597     62      676
  SINCE JUN 1   1812                      1728     84     1851
  SINCE JAN 1   2457                      2357    100     2555
..................................................................


WIND (MPH)
  HIGHEST WIND SPEED    13   HIGHEST WIND DIRECTION     S (170)
  HIGHEST GUST SPEED    16   HIGHEST GUST DIRECTION    SE (150)
  AVERAGE WIND SPEED     5.1


SKY COVER
  AVERAGE SKY COVER 0.2


WEATHER CONDITIONS
 THE FOLLOWING WEATHER WAS RECORDED TODAY.
  NO SIGNIFICANT WEATHER WAS OBSERVED.


RELATIVE HUMIDITY (PERCENT)
 HIGHEST    79           600 AM
 LOWEST     32           400 PM
 AVERAGE    56

..........................................................


THE SAN ANTONIO CLIMATE NORMALS FOR TOMORROW
                         NORMAL    RECORD    YEAR
 MAXIMUM TEMPERATURE (F)   95       103      2013
                                             1901
 MINIMUM TEMPERATURE (F)   74        59      1893


SUNRISE AND SUNSET
AUGUST 29 2015........SUNRISE   710 AM CDT   SUNSET   800 PM CDT
AUGUST 30 2015........SUNRISE   710 AM CDT   SUNSET   758 PM CDT


-  INDICATES NEGATIVE NUMBERS.
R  INDICATES RECORD WAS SET OR TIED.
MM INDICATES DATA IS MISSING.
T  INDICATES TRACE AMOUNT.




$$
