000
CDUS44 KEWX 182221
CLISAT


CLIMATE REPORT
NATIONAL WEATHER SERVICE AUSTIN/SAN ANTONIO, TX
521 PM CDT FRI APR 18 2014


...................................

...THE SAN ANTONIO CLIMATE SUMMARY FOR APRIL 18 2014...
VALID TODAY AS OF 520 PM LOCAL TIME.

CLIMATE NORMAL PERIOD 1981 TO 2010
CLIMATE RECORD PERIOD 1886 TO 2014


WEATHER ITEM   OBSERVED TIME   RECORD YEAR NORMAL DEPARTURE LAST
                VALUE   (LST)  VALUE       VALUE  FROM      YEAR
                                                  NORMAL
..................................................................
TEMPERATURE (F)
 TODAY
  MAXIMUM         80    247 PM 100    2006  81     -1       76
  MINIMUM         61    624 AM  42    1999  59      2       55
                                      1947
                                      1921
  AVERAGE         71                        70      1       66

PRECIPITATION (IN)
  TODAY            T             6.78 1915   0.07  -0.07     0.19
  MONTH TO DATE    0.68                      1.11  -0.43     1.81
  SINCE MAR 1      1.74                      3.42  -1.68     2.76
  SINCE JAN 1      2.39                      6.97  -4.58     5.69

SNOWFALL (IN)
  TODAY            0.0
  MONTH TO DATE    0.0
  SINCE MAR 1      0.0
  SINCE JUL 1      0.4
  SNOW DEPTH       0

DEGREE DAYS
 HEATING
  TODAY            0                         1     -1        0
  MONTH TO DATE   40                        33      7       33
  SINCE MAR 1    228                       187     41      173
  SINCE JUL 1   1562                      1488     74     1167

 COOLING
  TODAY            6                         6      0        1
  MONTH TO DATE   96                        84     12       92
  SINCE MAR 1    157                       149      8      169
  SINCE JAN 1    222                       175     47      209
..................................................................


WIND (MPH)
  HIGHEST WIND SPEED    14   HIGHEST WIND DIRECTION     W (260)
  HIGHEST GUST SPEED    14   HIGHEST GUST DIRECTION     E (70)
  AVERAGE WIND SPEED     5.2


SKY COVER
  AVERAGE SKY COVER 0.7


WEATHER CONDITIONS
 THE FOLLOWING WEATHER WAS RECORDED TODAY.
  LIGHT RAIN
  FOG


RELATIVE HUMIDITY (PERCENT)
 HIGHEST    93           100 AM
 LOWEST     42           300 PM
 AVERAGE    68

..........................................................


THE SAN ANTONIO CLIMATE NORMALS FOR TOMORROW
                         NORMAL    RECORD    YEAR
 MAXIMUM TEMPERATURE (F)   81       101      1996
 MINIMUM TEMPERATURE (F)   59        42      1901


SUNRISE AND SUNSET
APRIL 18 2014.........SUNRISE   704 AM CDT   SUNSET   803 PM CDT
APRIL 19 2014.........SUNRISE   703 AM CDT   SUNSET   803 PM CDT


-  INDICATES NEGATIVE NUMBERS.
R  INDICATES RECORD WAS SET OR TIED.
MM INDICATES DATA IS MISSING.
T  INDICATES TRACE AMOUNT.




$$
