000
CDUS44 KEWX 010013
CLISAT


CLIMATE REPORT
NATIONAL WEATHER SERVICE AUSTIN/SAN ANTONIO, TX
611 PM CST SAT JAN 31 2015


...................................

...THE SAN ANTONIO CLIMATE SUMMARY FOR JANUARY 31 2015...
VALID TODAY AS OF 0600 PM LOCAL TIME.

CLIMATE NORMAL PERIOD 1981 TO 2010
CLIMATE RECORD PERIOD 1886 TO 2015


WEATHER ITEM   OBSERVED TIME   RECORD YEAR NORMAL DEPARTURE LAST
                VALUE   (LST)  VALUE       VALUE  FROM      YEAR
                                                  NORMAL
..................................................................
TEMPERATURE (F)
 TODAY
  MAXIMUM         61    552 PM  85    1911  64     -3       81
  MINIMUM         51    906 AM   0    1949  42      9       53
  AVERAGE         56                        53      3       67

PRECIPITATION (IN)
  TODAY            0.28          2.05 1998   0.06   0.22     0.00
  MONTH TO DATE    3.66                      1.76   1.90     0.23
  SINCE DEC 1      4.90                      3.67   1.23     0.78
  SINCE JAN 1      3.66                      1.76   1.90     0.23

SNOWFALL (IN)
  TODAY            0.0
  MONTH TO DATE    0.0
  SINCE DEC 1      0.0
  SINCE JUL 1      0.0
  SNOW DEPTH       0

DEGREE DAYS
 HEATING
  TODAY            9                        12     -3        0
  MONTH TO DATE  476                       418     58      428
  SINCE DEC 1    732                       807    -75      840
  SINCE JUL 1    979                      1018    -39     1068

 COOLING
  TODAY            0                         0      0        2
  MONTH TO DATE    0                         7     -7        3
  SINCE DEC 1      7                        21    -14       21
  SINCE JAN 1      0                         7     -7        3
..................................................................


WIND (MPH)
  HIGHEST WIND SPEED    15   HIGHEST WIND DIRECTION     E (100)
  HIGHEST GUST SPEED    18   HIGHEST GUST DIRECTION     E (110)
  AVERAGE WIND SPEED     6.1


SKY COVER
  AVERAGE SKY COVER 1.0


WEATHER CONDITIONS
 THE FOLLOWING WEATHER WAS RECORDED TODAY.
  RAIN
  LIGHT RAIN
  FOG


RELATIVE HUMIDITY (PERCENT)
 HIGHEST   100          1000 AM
 LOWEST     59          1200 AM
 AVERAGE    80

..........................................................


THE SAN ANTONIO CLIMATE NORMALS FOR TOMORROW
                         NORMAL    RECORD    YEAR
 MAXIMUM TEMPERATURE (F)   65        85      1963
                                             1911
 MINIMUM TEMPERATURE (F)   42        15      1951


SUNRISE AND SUNSET
JANUARY 31 2015.......SUNRISE   724 AM CST   SUNSET   611 PM CST
FEBRUARY  1 2015......SUNRISE   723 AM CST   SUNSET   612 PM CST


-  INDICATES NEGATIVE NUMBERS.
R  INDICATES RECORD WAS SET OR TIED.
MM INDICATES DATA IS MISSING.
T  INDICATES TRACE AMOUNT.




$$
