000
CDUS44 KEWX 290659
CLISAT


CLIMATE REPORT
NATIONAL WEATHER SERVICE AUSTIN/SAN ANTONIO, TX
154 AM CDT FRI MAY 29 2015


...................................

...THE SAN ANTONIO CLIMATE SUMMARY FOR MAY 28 2015...

CLIMATE NORMAL PERIOD 1981 TO 2010
CLIMATE RECORD PERIOD 1886 TO 2015


WEATHER ITEM   OBSERVED TIME   RECORD YEAR NORMAL DEPARTURE LAST
                VALUE   (LST)  VALUE       VALUE  FROM      YEAR
                                                  NORMAL
..................................................................
TEMPERATURE (F)
 YESTERDAY
  MAXIMUM         89    334 PM 103    1927  90     -1       87
  MINIMUM         65   1159 PM  55    1976  70     -5       69
  AVERAGE         77                        80     -3       78

PRECIPITATION (IN)
  YESTERDAY        0.37          1.31 1940   0.15   0.22     0.00
  MONTH TO DATE    7.42                      3.55   3.87     4.97
  SINCE MAR 1     17.93                      7.96   9.97     6.71
  SINCE JAN 1     22.13                     11.51  10.62     7.36

SNOWFALL (IN)
  YESTERDAY        0.0
  MONTH TO DATE    0.0
  SINCE MAR 1      0.0
  SINCE JUL 1      T
  SNOW DEPTH       0

DEGREE DAYS
 HEATING
  YESTERDAY        0                         0      0        0
  MONTH TO DATE    0                         0      0        4
  SINCE MAR 1    179                       193    -14      232
  SINCE JUL 1   1494                      1494      0     1566

 COOLING
  YESTERDAY       12                        15     -3       13
  MONTH TO DATE  324                       325     -1      293
  SINCE MAR 1    595                       558     37      590
  SINCE JAN 1    608                       584     24      655
..................................................................


WIND (MPH)
  HIGHEST WIND SPEED    33   HIGHEST WIND DIRECTION    NW (310)
  HIGHEST GUST SPEED    45   HIGHEST GUST DIRECTION     W (290)
  AVERAGE WIND SPEED    13.7


SKY COVER
  AVERAGE SKY COVER 0.9


WEATHER CONDITIONS
 THE FOLLOWING WEATHER WAS RECORDED YESTERDAY.
  THUNDERSTORM
  HEAVY RAIN
  RAIN
  LIGHT RAIN
  FOG
  HAZE


RELATIVE HUMIDITY (PERCENT)
 HIGHEST    94           500 AM
 LOWEST     59           300 PM
 AVERAGE    77

..........................................................


THE SAN ANTONIO CLIMATE NORMALS FOR TODAY
                         NORMAL    RECORD    YEAR
 MAXIMUM TEMPERATURE (F)   90       102      1927
 MINIMUM TEMPERATURE (F)   70        57      1888


SUNRISE AND SUNSET
MAY 29 2015...........SUNRISE   635 AM CDT   SUNSET   828 PM CDT
MAY 30 2015...........SUNRISE   635 AM CDT   SUNSET   828 PM CDT


-  INDICATES NEGATIVE NUMBERS.
R  INDICATES RECORD WAS SET OR TIED.
MM INDICATES DATA IS MISSING.
T  INDICATES TRACE AMOUNT.




$$
