000
CDUS42 KCHS 300638
CLISAV


CLIMATE REPORT
NATIONAL WEATHER SERVICE CHARLESTON SC
238 AM EDT THU MAR 30 2017


...................................

...THE SAVANNAH GA CLIMATE SUMMARY FOR MARCH 29 2017...

CLIMATE NORMAL PERIOD 1981 TO 2010
CLIMATE RECORD PERIOD 1871 TO 2017


WEATHER ITEM   OBSERVED TIME   RECORD YEAR NORMAL DEPARTURE LAST
                VALUE   (LST)  VALUE       VALUE  FROM      YEAR
                                                  NORMAL
..................................................................
TEMPERATURE (F)
 YESTERDAY
  MAXIMUM         85    229 PM  90    1907  74     11       72
  MINIMUM         61    649 AM  29    1955  50     11       51
  AVERAGE         73                        62     11       62

PRECIPITATION (IN)
  YESTERDAY        0.00          3.27 1903   0.13  -0.13     0.00
  MONTH TO DATE    0.44                      3.48  -3.04     5.00
  SINCE MAR 1      0.44                      3.48  -3.04     5.00
  SINCE JAN 1      9.27                      9.96  -0.69    11.41

SNOWFALL (IN)
  YESTERDAY        0.0                       0.0    0.0
  SINCE MAR 1      0.0                       0.0    0.0
  SINCE JUL 1      0.0                       0.3   -0.3

DEGREE DAYS
 HEATING
  YESTERDAY        0                         4     -4        3
  MONTH TO DATE  193                       201     -8       98
  SINCE MAR 1    193                       201     -8       98
  SINCE JUL 1   1003                      1718   -715     1167

 COOLING
  YESTERDAY        8                         1      7        0
  MONTH TO DATE   56                        29     27       98
  SINCE MAR 1     56                        29     27       98
  SINCE JAN 1    114                        39     75      119
..................................................................


WIND (MPH)
  HIGHEST WIND SPEED    14   HIGHEST WIND DIRECTION     E (100)
  HIGHEST GUST SPEED    17   HIGHEST GUST DIRECTION     E (90)
  AVERAGE WIND SPEED     6.0


SKY COVER
  POSSIBLE SUNSHINE  MM
  AVERAGE SKY COVER 0.4


WEATHER CONDITIONS
 THE FOLLOWING WEATHER WAS RECORDED YESTERDAY.
  NO SIGNIFICANT WEATHER WAS OBSERVED.


RELATIVE HUMIDITY (PERCENT)
 HIGHEST    87          1100 PM
 LOWEST     37           200 PM
 AVERAGE    62

..........................................................


THE SAVANNAH GA CLIMATE NORMALS FOR TODAY
                         NORMAL    RECORD    YEAR
 MAXIMUM TEMPERATURE (F)   74        91      1907
 MINIMUM TEMPERATURE (F)   50        32      1955


SUNRISE AND SUNSET
MARCH 30 2017.........SUNRISE   715 AM EDT   SUNSET   743 PM EDT
MARCH 31 2017.........SUNRISE   714 AM EDT   SUNSET   744 PM EDT


-  INDICATES NEGATIVE NUMBERS.
R  INDICATES RECORD WAS SET OR TIED.
MM INDICATES DATA IS MISSING.
T  INDICATES TRACE AMOUNT.




$$
