000
CDUS42 KCHS 270525
CLISAV


CLIMATE REPORT
NATIONAL WEATHER SERVICE CHARLESTON SC
124 AM EDT FRI MAR 27 2015


...................................

...THE SAVANNAH GA CLIMATE SUMMARY FOR MARCH 26 2015...

CLIMATE NORMAL PERIOD 1981 TO 2010
CLIMATE RECORD PERIOD 1871 TO 2015


WEATHER ITEM   OBSERVED TIME   RECORD YEAR NORMAL DEPARTURE LAST
                VALUE   (LST)  VALUE       VALUE  FROM      YEAR
                                                  NORMAL
..................................................................
TEMPERATURE (F)
 YESTERDAY
  MAXIMUM         80   1220 PM  88    1929  73      7       60
  MINIMUM         60    703 AM  34    2013  50     10       35
                                      2006
                                      1979
  AVERAGE         70                        61      9       48

PRECIPITATION (IN)
  YESTERDAY        T             1.40 1892   0.12  -0.12     0.00
  MONTH TO DATE    1.81                      3.10  -1.29     2.43
  SINCE MAR 1      1.81                      3.10  -1.29     2.43
  SINCE JAN 1      9.37                      9.58  -0.21     6.54

SNOWFALL (IN)
  YESTERDAY        0.0                       0.0    0.0
  SINCE MAR 1      0.0                       0.0    0.0
  SINCE JUL 1      0.0                       0.3   -0.3

DEGREE DAYS
 HEATING
  YESTERDAY        0                         5     -5       17
  MONTH TO DATE   99                       187    -88      240
  SINCE MAR 1     99                       187    -88      240
  SINCE JUL 1   1634                      1704    -70     1621

 COOLING
  YESTERDAY        5                         1      4        0
  MONTH TO DATE   58                        26     32        6
  SINCE MAR 1     58                        26     32        6
  SINCE JAN 1     63                        36     27       24
..................................................................


WIND (MPH)
  HIGHEST WIND SPEED    17   HIGHEST WIND DIRECTION     S (200)
  HIGHEST GUST SPEED    20   HIGHEST GUST DIRECTION     S (170)
  AVERAGE WIND SPEED     6.9


SKY COVER
  POSSIBLE SUNSHINE  MM
  AVERAGE SKY COVER 1.0


WEATHER CONDITIONS
 THE FOLLOWING WEATHER WAS RECORDED YESTERDAY.
  LIGHT RAIN
  FOG


RELATIVE HUMIDITY (PERCENT)
 HIGHEST    97          1200 AM
 LOWEST     39          1200 PM
 AVERAGE    68

..........................................................


THE SAVANNAH GA CLIMATE NORMALS FOR TODAY
                         NORMAL    RECORD    YEAR
 MAXIMUM TEMPERATURE (F)   73        86      2011
                                             1994
 MINIMUM TEMPERATURE (F)   50        26      1955


SUNRISE AND SUNSET
MARCH 27 2015.........SUNRISE   720 AM EDT   SUNSET   741 PM EDT
MARCH 28 2015.........SUNRISE   719 AM EDT   SUNSET   742 PM EDT


-  INDICATES NEGATIVE NUMBERS.
R  INDICATES RECORD WAS SET OR TIED.
MM INDICATES DATA IS MISSING.
T  INDICATES TRACE AMOUNT.

$$
