546
CDUS42 KCHS 282139
CLISAV


CLIMATE REPORT
NATIONAL WEATHER SERVICE CHARLESTON SC
537 PM EDT THU APR 28 2016


...................................

...THE SAVANNAH GA CLIMATE SUMMARY FOR APRIL 28 2016...
VALID TODAY AS OF 0500 PM LOCAL TIME.

CLIMATE NORMAL PERIOD 1981 TO 2010
CLIMATE RECORD PERIOD 1871 TO 2016


WEATHER ITEM   OBSERVED TIME   RECORD YEAR NORMAL DEPARTURE LAST
                VALUE   (LST)  VALUE       VALUE  FROM      YEAR
                                                  NORMAL
..................................................................
TEMPERATURE (F)
 TODAY
  MAXIMUM         88    111 PM  93    1942  81      7       72
  MINIMUM         69    641 AM  42    1898  57     12       56
  AVERAGE         79                        68     11       64

PRECIPITATION (IN)
  TODAY            T             1.91 1997   0.08  -0.08     0.32
  MONTH TO DATE    2.26                      2.89  -0.63     5.70
  SINCE MAR 1      7.27                      6.62   0.65     7.72
  SINCE JAN 1     13.68                     13.10   0.58    15.28

SNOWFALL (IN)
  TODAY            0.0                       0.0    0.0
  SINCE MAR 1      0.0                       T      0.0
  SINCE JUL 1      T                         0.3   -0.3

DEGREE DAYS
 HEATING
  TODAY            0                         1     -1        1
  MONTH TO DATE   42                        74    -32        8
  SINCE MAR 1    142                       284   -142      152
  SINCE JUL 1   1211                      1801   -590     1687

 COOLING
  TODAY           14                         5      9        0
  MONTH TO DATE   81                        84     -3      178
  SINCE MAR 1    187                       116     71      236
  SINCE JAN 1    208                       126     82      241
..................................................................


WIND (MPH)
  HIGHEST WIND SPEED    17   HIGHEST WIND DIRECTION     W (260)
  HIGHEST GUST SPEED    21   HIGHEST GUST DIRECTION     W (270)
  AVERAGE WIND SPEED     9.3


SKY COVER
  POSSIBLE SUNSHINE  MM
  AVERAGE SKY COVER 0.6


WEATHER CONDITIONS
 THE FOLLOWING WEATHER WAS RECORDED TODAY.
  LIGHT RAIN


RELATIVE HUMIDITY (PERCENT)
 HIGHEST    84           400 AM
 LOWEST     48           200 PM
 AVERAGE    66

..........................................................


THE SAVANNAH GA CLIMATE NORMALS FOR TOMORROW
                         NORMAL    RECORD    YEAR
 MAXIMUM TEMPERATURE (F)   81        93      2002
 MINIMUM TEMPERATURE (F)   57        39      1967


SUNRISE AND SUNSET
APRIL 28 2016.........SUNRISE   641 AM EDT   SUNSET   804 PM EDT
APRIL 29 2016.........SUNRISE   640 AM EDT   SUNSET   804 PM EDT


-  INDICATES NEGATIVE NUMBERS.
R  INDICATES RECORD WAS SET OR TIED.
MM INDICATES DATA IS MISSING.
T  INDICATES TRACE AMOUNT.




$$
