000
CDUS42 KCHS 210601
CLISAV


CLIMATE REPORT
NATIONAL WEATHER SERVICE CHARLESTON SC
101 AM EST TUE NOV 21 2017


...................................

...THE SAVANNAH GA CLIMATE SUMMARY FOR NOVEMBER 20 2017...

CLIMATE NORMAL PERIOD 1981 TO 2010
CLIMATE RECORD PERIOD 1871 TO 2017


WEATHER ITEM   OBSERVED TIME   RECORD YEAR NORMAL DEPARTURE LAST
                VALUE   (LST)  VALUE       VALUE  FROM      YEAR
                                                  NORMAL
..................................................................
TEMPERATURE (F)
 YESTERDAY
  MAXIMUM         64    214 PM  83    1942  69     -5       61
  MINIMUM         34    712 AM  24    1914  47    -13       34
  AVERAGE         49                        58     -9       48

PRECIPITATION (IN)
  YESTERDAY        0.00          1.90 1894   0.08  -0.08     0.00
  MONTH TO DATE    0.37                      1.58  -1.21      T
  SINCE SEP 1      7.61                      9.85  -2.24    16.59
  SINCE JAN 1     49.97                     44.22   5.75    50.96

SNOWFALL (IN)
  YESTERDAY        0.0                       0.0    0.0
  SINCE SEP 1      0.0                       0.0    0.0
  SINCE JUL 1      0.0                       0.0    0.0

DEGREE DAYS
 HEATING
  YESTERDAY       16                         8      8       17
  MONTH TO DATE  106                       117    -11      106
  SINCE SEP 1    154                       174    -20      118
  SINCE JUL 1    154                       174    -20      118

 COOLING
  YESTERDAY        0                         1     -1        0
  MONTH TO DATE   36                        30      6       32
  SINCE SEP 1    704                       535    169      674
  SINCE JAN 1   2964                      2442    522     2984
..................................................................


WIND (MPH)
  HIGHEST WIND SPEED    14   HIGHEST WIND DIRECTION     E (110)
  HIGHEST GUST SPEED    18   HIGHEST GUST DIRECTION     E (110)
  AVERAGE WIND SPEED     7.0


SKY COVER
  POSSIBLE SUNSHINE  MM
  AVERAGE SKY COVER 0.3


WEATHER CONDITIONS
 THE FOLLOWING WEATHER WAS RECORDED YESTERDAY.
  NO SIGNIFICANT WEATHER WAS OBSERVED.


RELATIVE HUMIDITY (PERCENT)
 HIGHEST    92           600 AM
 LOWEST     27           100 PM
 AVERAGE    60

..........................................................


THE SAVANNAH GA CLIMATE NORMALS FOR TODAY
                         NORMAL    RECORD    YEAR
 MAXIMUM TEMPERATURE (F)   69        82      2011
                                             1942
                                             1900
 MINIMUM TEMPERATURE (F)   46        24      1951
                                             1937


SUNRISE AND SUNSET
NOVEMBER 21 2017......SUNRISE   659 AM EST   SUNSET   522 PM EST
NOVEMBER 22 2017......SUNRISE   700 AM EST   SUNSET   522 PM EST


-  INDICATES NEGATIVE NUMBERS.
R  INDICATES RECORD WAS SET OR TIED.
MM INDICATES DATA IS MISSING.
T  INDICATES TRACE AMOUNT.




$$
