000
CDUS42 KCHS 202212
CLISAV


CLIMATE REPORT
NATIONAL WEATHER SERVICE CHARLESTON SC
510 PM EST FRI JAN 20 2017


...................................

...THE SAVANNAH GA CLIMATE SUMMARY FOR JANUARY 20 2017...
VALID TODAY AS OF 0500 PM LOCAL TIME.

CLIMATE NORMAL PERIOD 1981 TO 2010
CLIMATE RECORD PERIOD 1871 TO 2017


WEATHER ITEM   OBSERVED TIME   RECORD YEAR NORMAL DEPARTURE LAST
                VALUE   (LST)  VALUE       VALUE  FROM      YEAR
                                                  NORMAL
..................................................................
TEMPERATURE (F)
 TODAY
  MAXIMUM         78R   338 PM  77    1951  60     18       55
                                      1937
                                      1927
  MINIMUM         58    247 AM  14    1985  39     19       26
  AVERAGE         68                        50     18       41

PRECIPITATION (IN)
  TODAY            0.00          1.90 1889   0.13  -0.13     0.00
  MONTH TO DATE    1.62                      2.31  -0.69     2.37
  SINCE DEC 1      5.91                      5.26   0.65     5.72
  SINCE JAN 1      1.62                      2.31  -0.69     2.37

SNOWFALL (IN)
  TODAY            0.0                       0.0    0.0
  SINCE DEC 1      0.0                       0.2   -0.2
  SINCE JUL 1      0.0                       0.2   -0.2

DEGREE DAYS
 HEATING
  TODAY            0                        16    -16       24
  MONTH TO DATE  137                       320   -183      325
  SINCE DEC 1    409                       743   -334      449
  SINCE JUL 1    590                      1010   -420      574

 COOLING
  TODAY            3                         0      3        0
  MONTH TO DATE   19                         0     19        0
  SINCE DEC 1     29                         9     20      106
  SINCE JAN 1     19                         0     19        0
..................................................................


WIND (MPH)
  HIGHEST WIND SPEED    16   HIGHEST WIND DIRECTION     W (260)
  HIGHEST GUST SPEED    21   HIGHEST GUST DIRECTION     W (260)
  AVERAGE WIND SPEED     7.1


SKY COVER
  POSSIBLE SUNSHINE  MM
  AVERAGE SKY COVER 0.7


WEATHER CONDITIONS
 THE FOLLOWING WEATHER WAS RECORDED TODAY.
  FOG
  FOG W/VISIBILITY <= 1/4 MILE


RELATIVE HUMIDITY (PERCENT)
 HIGHEST   100          1200 AM
 LOWEST     58           400 PM
 AVERAGE    79

..........................................................


THE SAVANNAH GA CLIMATE NORMALS FOR TOMORROW
                         NORMAL    RECORD    YEAR
 MAXIMUM TEMPERATURE (F)   61        81      1954
 MINIMUM TEMPERATURE (F)   39         3      1985


SUNRISE AND SUNSET
JANUARY 20 2017.......SUNRISE   724 AM EST   SUNSET   548 PM EST
JANUARY 21 2017.......SUNRISE   724 AM EST   SUNSET   549 PM EST


-  INDICATES NEGATIVE NUMBERS.
R  INDICATES RECORD WAS SET OR TIED.
MM INDICATES DATA IS MISSING.
T  INDICATES TRACE AMOUNT.




$$
