000
CDUS42 KCHS 062105
CLISAV


CLIMATE REPORT
NATIONAL WEATHER SERVICE CHARLESTON SC
505 PM EDT MON JUL 6 2015


...................................

...THE SAVANNAH GA CLIMATE SUMMARY FOR JULY 6 2015...
VALID TODAY AS OF 0500 PM LOCAL TIME.

CLIMATE NORMAL PERIOD 1981 TO 2010
CLIMATE RECORD PERIOD 1871 TO 2015


WEATHER ITEM   OBSERVED TIME   RECORD YEAR NORMAL DEPARTURE LAST
                VALUE   (LST)  VALUE       VALUE  FROM      YEAR
                                                  NORMAL
..................................................................
TEMPERATURE (F)
 TODAY
  MAXIMUM         89    359 PM 102    1980  92     -3       87
  MINIMUM         70    505 AM  64    1964  72     -2       73
  AVERAGE         80                        82     -2       80

PRECIPITATION (IN)
  TODAY            0.00          3.15 1987   0.17  -0.17     0.01
  MONTH TO DATE    1.64                      1.00   0.64     0.01
  SINCE JUN 1      7.27                      6.95   0.32    11.65
  SINCE JAN 1     24.60                     23.21   1.39    27.44

DEGREE DAYS
 HEATING
  TODAY            0                         0      0        0
  MONTH TO DATE    0                         0      0        0
  SINCE JUN 1      0                         0      0        0
  SINCE JUL 1      0                         0      0        0

 COOLING
  TODAY           15                        17     -2       15
  MONTH TO DATE  101                       102     -1      108
  SINCE JUN 1    607                       548     59      599
  SINCE JAN 1   1142                       951    191     1088
..................................................................


WIND (MPH)
  HIGHEST WIND SPEED    10   HIGHEST WIND DIRECTION     W (270)
  HIGHEST GUST SPEED    14   HIGHEST GUST DIRECTION     W (280)
  AVERAGE WIND SPEED     4.3


SKY COVER
  POSSIBLE SUNSHINE  MM
  AVERAGE SKY COVER 0.8


WEATHER CONDITIONS
 THE FOLLOWING WEATHER WAS RECORDED TODAY.
  FOG


RELATIVE HUMIDITY (PERCENT)
 HIGHEST    97          1200 AM
 LOWEST     50           300 PM
 AVERAGE    74

..........................................................


THE SAVANNAH GA CLIMATE NORMALS FOR TOMORROW
                         NORMAL    RECORD    YEAR
 MAXIMUM TEMPERATURE (F)   92       101      1977
                                             1931
 MINIMUM TEMPERATURE (F)   73        61      1964


SUNRISE AND SUNSET
JULY  6 2015..........SUNRISE   624 AM EDT   SUNSET   835 PM EDT
JULY  7 2015..........SUNRISE   625 AM EDT   SUNSET   835 PM EDT


-  INDICATES NEGATIVE NUMBERS.
R  INDICATES RECORD WAS SET OR TIED.
MM INDICATES DATA IS MISSING.
T  INDICATES TRACE AMOUNT.




$$
