000
CDUS42 KCHS 050542
CLISAV


CLIMATE REPORT
NATIONAL WEATHER SERVICE CHARLESTON SC
1240 AM EST THU MAR 5 2015


...................................

...THE SAVANNAH GA CLIMATE SUMMARY FOR MARCH 4 2015...

CLIMATE NORMAL PERIOD 1981 TO 2010
CLIMATE RECORD PERIOD 1871 TO 2015


WEATHER ITEM   OBSERVED TIME   RECORD YEAR NORMAL DEPARTURE LAST
                VALUE   (LST)  VALUE       VALUE  FROM      YEAR
                                                  NORMAL
..................................................................
TEMPERATURE (F)
 YESTERDAY
  MAXIMUM         84R   409 PM  84    1955  68     16       45
                                      1953
  MINIMUM         61    613 AM  26    2009  45     16       38
                                      1980
                                      1960
  AVERAGE         73                        57     16       42

PRECIPITATION (IN)
  YESTERDAY        0.00          2.16 1966   0.12  -0.12     0.00
  MONTH TO DATE    0.06                      0.47  -0.41     0.29
  SINCE MAR 1      0.06                      0.47  -0.41     0.29
  SINCE JAN 1      7.62                      6.95   0.67     4.40

SNOWFALL (IN)
  YESTERDAY        0.0                       0.0    0.0
  SINCE MAR 1      0.0                       0.0    0.0
  SINCE JUL 1      0.0                       0.3   -0.3

DEGREE DAYS
 HEATING
  YESTERDAY        0                         9     -9       23
  MONTH TO DATE   22                        37    -15       40
  SINCE MAR 1     22                        37    -15       40
  SINCE JUL 1   1557                      1554      3     1421

 COOLING
  YESTERDAY        8                         1      7        0
  MONTH TO DATE    8                         4      4        0
  SINCE MAR 1      8                         4      4        0
  SINCE JAN 1     13                        14     -1       18
..................................................................


WIND (MPH)
  HIGHEST WIND SPEED    21   HIGHEST WIND DIRECTION    SW (210)
  HIGHEST GUST SPEED    25   HIGHEST GUST DIRECTION     S (200)
  AVERAGE WIND SPEED    10.4


SKY COVER
  POSSIBLE SUNSHINE  MM
  AVERAGE SKY COVER 0.7


WEATHER CONDITIONS
 THE FOLLOWING WEATHER WAS RECORDED YESTERDAY.
  FOG
  FOG W/VISIBILITY <= 1/4 MILE


RELATIVE HUMIDITY (PERCENT)
 HIGHEST   100          1200 AM
 LOWEST     40           400 PM
 AVERAGE    70

..........................................................


THE SAVANNAH GA CLIMATE NORMALS FOR TODAY
                         NORMAL    RECORD    YEAR
 MAXIMUM TEMPERATURE (F)   68        86      1955
 MINIMUM TEMPERATURE (F)   45        25      2002
                                             1960


SUNRISE AND SUNSET
MARCH  5 2015.........SUNRISE   648 AM EST   SUNSET   625 PM EST
MARCH  6 2015.........SUNRISE   646 AM EST   SUNSET   626 PM EST


-  INDICATES NEGATIVE NUMBERS.
R  INDICATES RECORD WAS SET OR TIED.
MM INDICATES DATA IS MISSING.
T  INDICATES TRACE AMOUNT.

$$
