000
CDUS42 KCHS 180524
CLISAV


CLIMATE REPORT
NATIONAL WEATHER SERVICE CHARLESTON SC
1224 AM EST THU DEC 18 2014


...................................

...THE SAVANNAH GA CLIMATE SUMMARY FOR DECEMBER 17 2014...

CLIMATE NORMAL PERIOD 1981 TO 2010
CLIMATE RECORD PERIOD 1871 TO 2014


WEATHER ITEM   OBSERVED TIME   RECORD YEAR NORMAL DEPARTURE LAST
                VALUE   (LST)  VALUE       VALUE  FROM      YEAR
                                                  NORMAL
..................................................................
TEMPERATURE (F)
 YESTERDAY
  MAXIMUM         67    322 PM  80    1924  62      5       68
  MINIMUM         43    752 AM  21    1943  40      3       37
  AVERAGE         55                        51      4       53

PRECIPITATION (IN)
  YESTERDAY        0.00          1.96 1880   0.10  -0.10     0.00
  MONTH TO DATE    0.02                      1.55  -1.53     1.26
  SINCE DEC 1      0.02                      1.55  -1.53     1.26
  SINCE JAN 1     46.56                     46.56   0.00    52.95

SNOWFALL (IN)
  YESTERDAY        0.0                       0.0    0.0
  SINCE DEC 1      0.0                       0.1   -0.1
  SINCE JUL 1      0.0                       0.1   -0.1

DEGREE DAYS
 HEATING
  YESTERDAY       10                        14     -4       12
  MONTH TO DATE  141                       211    -70      133
  SINCE DEC 1    141                       211    -70      133
  SINCE JUL 1    433                       478    -45      389

 COOLING
  YESTERDAY        0                         0      0        0
  MONTH TO DATE    5                         3      2       20
  SINCE DEC 1      5                         3      2       20
  SINCE JAN 1   2731                      2452    279     2473
..................................................................


WIND (MPH)
  HIGHEST WIND SPEED    10   HIGHEST WIND DIRECTION    NW (300)
  HIGHEST GUST SPEED    14   HIGHEST GUST DIRECTION     W (270)
  AVERAGE WIND SPEED     4.0


SKY COVER
  POSSIBLE SUNSHINE  MM
  AVERAGE SKY COVER 0.4


WEATHER CONDITIONS
 THE FOLLOWING WEATHER WAS RECORDED YESTERDAY.
  NO SIGNIFICANT WEATHER WAS OBSERVED.


RELATIVE HUMIDITY (PERCENT)
 HIGHEST    77          1000 PM
 LOWEST     37           300 PM
 AVERAGE    57

..........................................................


THE SAVANNAH GA CLIMATE NORMALS FOR TODAY
                         NORMAL    RECORD    YEAR
 MAXIMUM TEMPERATURE (F)   62        82      1967
 MINIMUM TEMPERATURE (F)   40        19      1953


SUNRISE AND SUNSET
DECEMBER 18 2014......SUNRISE   720 AM EST   SUNSET   523 PM EST
DECEMBER 19 2014......SUNRISE   720 AM EST   SUNSET   523 PM EST


-  INDICATES NEGATIVE NUMBERS.
R  INDICATES RECORD WAS SET OR TIED.
MM INDICATES DATA IS MISSING.
T  INDICATES TRACE AMOUNT.




$$
