000
CDUS42 KCHS 020526
CLISAV


CLIMATE REPORT
NATIONAL WEATHER SERVICE CHARLESTON SC
121 AM EDT THU OCT 2 2014


...................................

...THE SAVANNAH GA CLIMATE SUMMARY FOR OCTOBER 1 2014...

CLIMATE NORMAL PERIOD 1981 TO 2010
CLIMATE RECORD PERIOD 1871 TO 2014


WEATHER ITEM   OBSERVED TIME   RECORD YEAR NORMAL DEPARTURE LAST
                VALUE   (LST)  VALUE       VALUE  FROM      YEAR
                                                  NORMAL
..................................................................
TEMPERATURE (F)
 YESTERDAY
  MAXIMUM         87    125 PM  94    1986  82      5       83
  MINIMUM         64    542 AM  44    1967  63      1       57
  AVERAGE         76                        73      3       70

PRECIPITATION (IN)
  YESTERDAY        0.00          2.75 1989   0.16  -0.16     0.00
  MONTH TO DATE    0.00                      0.16  -0.16     0.00
  SINCE SEP 1      5.12                      4.74   0.38     1.78
  SINCE JAN 1     40.18                     39.11   1.07    48.95

DEGREE DAYS
 HEATING
  YESTERDAY        0                         0      0        0
  MONTH TO DATE    0                         0      0        0
  SINCE SEP 1      1                         2     -1        0
  SINCE JUL 1      1                         2     -1        0

 COOLING
  YESTERDAY       11                         8      3        5
  MONTH TO DATE   11                         8      3        5
  SINCE SEP 1    420                       367     53      390
  SINCE JAN 1   2533                      2274    259     2239
..................................................................


WIND (MPH)
  HIGHEST WIND SPEED    12   HIGHEST WIND DIRECTION    SE (130)
  HIGHEST GUST SPEED    15   HIGHEST GUST DIRECTION    SE (130)
  AVERAGE WIND SPEED     3.1


SKY COVER
  POSSIBLE SUNSHINE  MM
  AVERAGE SKY COVER 0.3


WEATHER CONDITIONS
 THE FOLLOWING WEATHER WAS RECORDED YESTERDAY.
  FOG


RELATIVE HUMIDITY (PERCENT)
 HIGHEST    93           100 AM
 LOWEST     42           200 PM
 AVERAGE    68

..........................................................


THE SAVANNAH GA CLIMATE NORMALS FOR TODAY
                         NORMAL    RECORD    YEAR
 MAXIMUM TEMPERATURE (F)   82        97      1986
 MINIMUM TEMPERATURE (F)   63        41      1876


SUNRISE AND SUNSET
OCTOBER  2 2014.......SUNRISE   719 AM EDT   SUNSET   708 PM EDT
OCTOBER  3 2014.......SUNRISE   720 AM EDT   SUNSET   707 PM EDT


-  INDICATES NEGATIVE NUMBERS.
R  INDICATES RECORD WAS SET OR TIED.
MM INDICATES DATA IS MISSING.
T  INDICATES TRACE AMOUNT.




$$
