000
CDUS46 KLOX 060856
CLISBA


CLIMATE REPORT
NATIONAL WEATHER SERVICE LOS ANGELES/OXNARD CA
1256 AM PST SAT FEB 6 2016


...................................

...THE SANTA BARBARA AIRPORT CA CLIMATE SUMMARY FOR FEBRUARY 5 2016...

CLIMATE NORMAL PERIOD 1981 TO 2010
CLIMATE RECORD PERIOD 1940 TO 2016


WEATHER ITEM   OBSERVED TIME   RECORD YEAR NORMAL DEPARTURE LAST
                VALUE   (LST)  VALUE       VALUE  FROM      YEAR
                                                  NORMAL
..................................................................
TEMPERATURE (F)
 YESTERDAY
  MAXIMUM         71    254 PM  80    1953  64      7       66
  MINIMUM         38    713 AM  30    1988  43     -5       50
  AVERAGE         55                        53      2       58

PRECIPITATION (IN)
  YESTERDAY        0.00          1.63 2010   0.15  -0.15     0.00
  MONTH TO DATE    0.00                      0.70  -0.70     0.00
  SINCE OCT 1      6.67                      9.50  -2.83     7.62
  SINCE JAN 1      5.79                      4.20   1.59     1.33

SNOWFALL (IN)
  YESTERDAY        0.0
  MONTH TO DATE    0.0
  SINCE DEC 1      0.0
  SINCE JUL 1      0.0

DEGREE DAYS
 HEATING
  YESTERDAY       10                        12     -2        7
  MONTH TO DATE   67                        60      7       38
  SINCE DEC 1    707                       866   -159      550
  SINCE JUL 1    949                      1344   -395      683

 COOLING
  YESTERDAY        0                         0      0        0
  MONTH TO DATE    0                         0      0        0
  SINCE DEC 1      0                         0      0        1
  SINCE JAN 1      0                         0      0        0
..................................................................


WIND (MPH)
  HIGHEST WIND SPEED    13   HIGHEST WIND DIRECTION     W (270)
  HIGHEST GUST SPEED    16   HIGHEST GUST DIRECTION     W (270)
  AVERAGE WIND SPEED     3.1


SKY COVER
  POSSIBLE SUNSHINE  MM
  AVERAGE SKY COVER 0.0


WEATHER CONDITIONS
 THE FOLLOWING WEATHER WAS RECORDED YESTERDAY.
  NO SIGNIFICANT WEATHER WAS OBSERVED.


RELATIVE HUMIDITY (PERCENT)
 HIGHEST    85           500 AM
 LOWEST     25           300 PM
 AVERAGE    55

..........................................................


THE SANTA BARBARA AIRPORT CA CLIMATE NORMALS FOR TODAY
                         NORMAL    RECORD    YEAR
 MAXIMUM TEMPERATURE (F)   64        85      1953
 MINIMUM TEMPERATURE (F)   43        25      1989


SUNRISE AND SUNSET
FEBRUARY  6 2016......SUNRISE   653 AM PST   SUNSET   534 PM PST
FEBRUARY  7 2016......SUNRISE   653 AM PST   SUNSET   535 PM PST


-  INDICATES NEGATIVE NUMBERS.
R  INDICATES RECORD WAS SET OR TIED.
MM INDICATES DATA IS MISSING.
T  INDICATES TRACE AMOUNT.




$$
