000
CDUS46 KLOX 220901
CLISBA


CLIMATE REPORT
NATIONAL WEATHER SERVICE LOS ANGELES/OXNARD CA
101 AM PST WED NOV 22 2017


...................................

...THE SANTA BARBARA AIRPORT CA CLIMATE SUMMARY FOR NOVEMBER 21 2017...

CLIMATE NORMAL PERIOD 1981 TO 2010
CLIMATE RECORD PERIOD 1940 TO 2017


WEATHER ITEM   OBSERVED TIME   RECORD YEAR NORMAL DEPARTURE LAST
                VALUE   (LST)  VALUE       VALUE  FROM      YEAR
                                                  NORMAL
..................................................................
TEMPERATURE (F)
 YESTERDAY
  MAXIMUM         81    232 PM  84    1959  67     14       70
  MINIMUM         51    700 AM  31    1979  43      8       50
  AVERAGE         66                        55     11       60

PRECIPITATION (IN)
  YESTERDAY        0.00          1.01 1967   0.06  -0.06      T
  MONTH TO DATE    0.07                      1.07  -1.00     0.48
  SINCE OCT 1      0.07                      1.88  -1.81     1.21
  SINCE JAN 1     19.76                     14.34   5.42    10.55

SNOWFALL (IN)
  YESTERDAY        0.0
  MONTH TO DATE    0.0
  SINCE SEP 1      0.0
  SINCE JUL 1      0.0

DEGREE DAYS
 HEATING
  YESTERDAY        0                        10    -10        5
  MONTH TO DATE  108                       164    -56       82
  SINCE SEP 1    189                       330   -141      204
  SINCE JUL 1    200                       381   -181      226

 COOLING
  YESTERDAY        1                         0      1        0
  MONTH TO DATE    1                         0      1       10
  SINCE SEP 1    154                        59     95      111
  SINCE JAN 1    379                       186    193      259
..................................................................


WIND (MPH)
  HIGHEST WIND SPEED    12   HIGHEST WIND DIRECTION     W (260)
  HIGHEST GUST SPEED    13   HIGHEST GUST DIRECTION     W (280)
  AVERAGE WIND SPEED     2.8


SKY COVER
  POSSIBLE SUNSHINE  MM
  AVERAGE SKY COVER 0.0


WEATHER CONDITIONS
 THE FOLLOWING WEATHER WAS RECORDED YESTERDAY.
  NO SIGNIFICANT WEATHER WAS OBSERVED.


RELATIVE HUMIDITY (PERCENT)
 HIGHEST    80          1000 PM
 LOWEST     21           200 PM
 AVERAGE    51

..........................................................


THE SANTA BARBARA AIRPORT CA CLIMATE NORMALS FOR TODAY
                         NORMAL    RECORD    YEAR
 MAXIMUM TEMPERATURE (F)   67        84      2015
 MINIMUM TEMPERATURE (F)   43        33      1994


SUNRISE AND SUNSET
NOVEMBER 22 2017......SUNRISE   640 AM PST   SUNSET   451 PM PST
NOVEMBER 23 2017......SUNRISE   641 AM PST   SUNSET   451 PM PST


-  INDICATES NEGATIVE NUMBERS.
R  INDICATES RECORD WAS SET OR TIED.
MM INDICATES DATA IS MISSING.
T  INDICATES TRACE AMOUNT.




$$
