000
CDUS46 KLOX 300120
CLISBA


CLIMATE REPORT
NATIONAL WEATHER SERVICE LOS ANGELES/OXNARD CA
619 PM PDT MON MAY 29 2017


...................................

...THE SANTA BARBARA AIRPORT CA CLIMATE SUMMARY FOR MAY 29 2017...
VALID TODAY AS OF 0600 PM LOCAL TIME.

CLIMATE NORMAL PERIOD 1981 TO 2010
CLIMATE RECORD PERIOD 1940 TO 2017


WEATHER ITEM   OBSERVED TIME   RECORD YEAR NORMAL DEPARTURE LAST
                VALUE   (LST)  VALUE       VALUE  FROM      YEAR
                                                  NORMAL
..................................................................
TEMPERATURE (F)
 TODAY
  MAXIMUM         68    317 PM  83    2013  69     -1       65
  MINIMUM         52    322 AM  41    1953  52      0       56
  AVERAGE         60                        61     -1       61

PRECIPITATION (IN)
  TODAY            0.00          0.07 1948   0.01  -0.01     0.01
  MONTH TO DATE    0.12                      0.33  -0.21     0.01
  SINCE OCT 1     24.23                     17.27   6.96    10.20
  SINCE JAN 1     19.42                     11.97   7.45     9.32

SNOWFALL (IN)
  TODAY            0.0
  MONTH TO DATE    0.0
  SINCE MAR 1      0.0
  SINCE JUL 1      0.0

DEGREE DAYS
 HEATING
  TODAY            5                         4      1        4
  MONTH TO DATE  137                       151    -14      158
  SINCE MAR 1    479                       675   -196      474
  SINCE JUL 1   1847                      2276   -429     1537

 COOLING
  TODAY            0                         0      0        0
  MONTH TO DATE    5                         0      5        0
  SINCE MAR 1     27                         7     20        8
  SINCE JAN 1     27                         7     20       10
..................................................................


WIND (MPH)
  HIGHEST WIND SPEED    16   HIGHEST WIND DIRECTION    SE (140)
  HIGHEST GUST SPEED    20   HIGHEST GUST DIRECTION    SE (140)
  AVERAGE WIND SPEED     6.1


SKY COVER
  POSSIBLE SUNSHINE  MM
  AVERAGE SKY COVER 0.4


WEATHER CONDITIONS
 THE FOLLOWING WEATHER WAS RECORDED TODAY.
  FOG


RELATIVE HUMIDITY (PERCENT)
 HIGHEST   100           200 AM
 LOWEST     68           300 PM
 AVERAGE    84

..........................................................


THE SANTA BARBARA AIRPORT CA CLIMATE NORMALS FOR TOMORROW
                         NORMAL    RECORD    YEAR
 MAXIMUM TEMPERATURE (F)   70        82      1943
 MINIMUM TEMPERATURE (F)   52        42      1961


SUNRISE AND SUNSET
MAY 29 2017...........SUNRISE   549 AM PDT   SUNSET   805 PM PDT
MAY 30 2017...........SUNRISE   549 AM PDT   SUNSET   806 PM PDT


-  INDICATES NEGATIVE NUMBERS.
R  INDICATES RECORD WAS SET OR TIED.
MM INDICATES DATA IS MISSING.
T  INDICATES TRACE AMOUNT.




$$
