000
CDUS46 KLOX 260901
CLISBA


CLIMATE REPORT
NATIONAL WEATHER SERVICE LOS ANGELES/OXNARD CA
201 AM PDT FRI AUG 26 2016


...................................

...THE SANTA BARBARA AIRPORT CA CLIMATE SUMMARY FOR AUGUST 25 2016...

CLIMATE NORMAL PERIOD 1981 TO 2010
CLIMATE RECORD PERIOD 1940 TO 2016


WEATHER ITEM   OBSERVED TIME   RECORD YEAR NORMAL DEPARTURE LAST
                VALUE   (LST)  VALUE       VALUE  FROM      YEAR
                                                  NORMAL
..................................................................
TEMPERATURE (F)
 YESTERDAY
  MAXIMUM         71    100 PM  85    1985  75     -4       80
  MINIMUM         60    609 AM  48    1944  57      3       64
  AVERAGE         66                        66      0       72

PRECIPITATION (IN)
  YESTERDAY        0.00          0.01 1999   0.00   0.00     0.00
  MONTH TO DATE    0.00                      0.09  -0.09      T
  SINCE OCT 1     10.21                     17.47  -7.26     9.63
  SINCE JAN 1      9.33                     12.17  -2.84     3.34

SNOWFALL (IN)
  YESTERDAY        0.0
  MONTH TO DATE    0.0
  SINCE JUN 1      0.0
  SINCE JUL 1      0.0

DEGREE DAYS
 HEATING
  YESTERDAY        0                         1     -1        0
  MONTH TO DATE    5                        25    -20        0
  SINCE JUN 1     92                       142    -50       30
  SINCE JUL 1     20                        52    -32        0

 COOLING
  YESTERDAY        1                         2     -1        7
  MONTH TO DATE   33                        50    -17      132
  SINCE JUN 1    122                       108     14      276
  SINCE JAN 1    132                       122     10      314
..................................................................


WIND (MPH)
  HIGHEST WIND SPEED    10   HIGHEST WIND DIRECTION    SW (220)
  HIGHEST GUST SPEED    15   HIGHEST GUST DIRECTION    SW (220)
  AVERAGE WIND SPEED     5.8


SKY COVER
  POSSIBLE SUNSHINE  MM
  AVERAGE SKY COVER 0.1


WEATHER CONDITIONS
 THE FOLLOWING WEATHER WAS RECORDED YESTERDAY.
  FOG
  HAZE


RELATIVE HUMIDITY (PERCENT)
 HIGHEST   100           500 AM
 LOWEST     73          1100 AM
 AVERAGE    87

..........................................................


THE SANTA BARBARA AIRPORT CA CLIMATE NORMALS FOR TODAY
                         NORMAL    RECORD    YEAR
 MAXIMUM TEMPERATURE (F)   75        86      1977
 MINIMUM TEMPERATURE (F)   57        48      2002


SUNRISE AND SUNSET
AUGUST 26 2016........SUNRISE   629 AM PDT   SUNSET   733 PM PDT
AUGUST 27 2016........SUNRISE   629 AM PDT   SUNSET   731 PM PDT


-  INDICATES NEGATIVE NUMBERS.
R  INDICATES RECORD WAS SET OR TIED.
MM INDICATES DATA IS MISSING.
T  INDICATES TRACE AMOUNT.




$$
