000
CDUS46 KLOX 250906
CLISBA


CLIMATE REPORT
NATIONAL WEATHER SERVICE LOS ANGELES/OXNARD CA
206 AM PDT SUN SEP 25 2016


...................................

...THE SANTA BARBARA AIRPORT CA CLIMATE SUMMARY FOR SEPTEMBER 24 2016...

CLIMATE NORMAL PERIOD 1981 TO 2010
CLIMATE RECORD PERIOD 1940 TO 2016


WEATHER ITEM   OBSERVED TIME   RECORD YEAR NORMAL DEPARTURE LAST
                VALUE   (LST)  VALUE       VALUE  FROM      YEAR
                                                  NORMAL
..................................................................
TEMPERATURE (F)
 YESTERDAY
  MAXIMUM         84    131 PM 100    1978  74     10       83
  MINIMUM         50    529 AM  46    2005  55     -5       60
  AVERAGE         67                        64      3       72

PRECIPITATION (IN)
  YESTERDAY        0.00          1.45 1986   0.01  -0.01     0.00
  MONTH TO DATE    0.01                      0.17  -0.16     0.17
  SINCE OCT 1     10.22                     17.67  -7.45     9.80
  SINCE JAN 1      9.34                     12.37  -3.03     3.51

SNOWFALL (IN)
  YESTERDAY        0.0
  MONTH TO DATE    0.0
  SINCE SEP 1      0.0
  SINCE JUL 1      0.0

DEGREE DAYS
 HEATING
  YESTERDAY        0                         2     -2        0
  MONTH TO DATE   36                        29      7        0
  SINCE SEP 1     36                        29      7        0
  SINCE JUL 1     58                        80    -22        0

 COOLING
  YESTERDAY        2                         1      1        7
  MONTH TO DATE   30                        39     -9      172
  SINCE SEP 1     30                        39     -9      172
  SINCE JAN 1    178                       166     12      550
..................................................................


WIND (MPH)
  HIGHEST WIND SPEED    13   HIGHEST WIND DIRECTION     W (250)
  HIGHEST GUST SPEED    16   HIGHEST GUST DIRECTION     W (260)
  AVERAGE WIND SPEED     3.2


SKY COVER
  POSSIBLE SUNSHINE  MM
  AVERAGE SKY COVER 0.0


WEATHER CONDITIONS
 THE FOLLOWING WEATHER WAS RECORDED YESTERDAY.
  NO SIGNIFICANT WEATHER WAS OBSERVED.


RELATIVE HUMIDITY (PERCENT)
 HIGHEST    97          1100 PM
 LOWEST     15           300 PM
 AVERAGE    56

..........................................................


THE SANTA BARBARA AIRPORT CA CLIMATE NORMALS FOR TODAY
                         NORMAL    RECORD    YEAR
 MAXIMUM TEMPERATURE (F)   74        98      1978
 MINIMUM TEMPERATURE (F)   55        47      1941


SUNRISE AND SUNSET
SEPTEMBER 25 2016.....SUNRISE   650 AM PDT   SUNSET   651 PM PDT
SEPTEMBER 26 2016.....SUNRISE   651 AM PDT   SUNSET   650 PM PDT


-  INDICATES NEGATIVE NUMBERS.
R  INDICATES RECORD WAS SET OR TIED.
MM INDICATES DATA IS MISSING.
T  INDICATES TRACE AMOUNT.




$$
