000
CDUS46 KLOX 270905
CLISBA


CLIMATE REPORT
NATIONAL WEATHER SERVICE LOS ANGELES/OXNARD CA
105 AM PST THU NOV 27 2014


...................................

...THE SANTA BARBARA AIRPORT CA CLIMATE SUMMARY FOR NOVEMBER 26 2014...

CLIMATE NORMAL PERIOD 1981 TO 2010
CLIMATE RECORD PERIOD 1940 TO 2014


WEATHER ITEM   OBSERVED TIME   RECORD YEAR NORMAL DEPARTURE LAST
                VALUE   (LST)  VALUE       VALUE  FROM      YEAR
                                                  NORMAL
..................................................................
TEMPERATURE (F)
 YESTERDAY
  MAXIMUM         78    141 PM  89    1977  66     12       73
  MINIMUM         43    631 AM  33    2010  42      1       44
                                      2003
  AVERAGE         61                        54      7       59

PRECIPITATION (IN)
  YESTERDAY        0.00          0.90 1960   0.05  -0.05     0.00
  MONTH TO DATE    0.18                      1.35  -1.17     0.33
  SINCE JUL 1      1.36                      2.57  -1.21     0.79
  SINCE JAN 1      6.56                     14.62  -8.06     4.14

SNOWFALL (IN)
  YESTERDAY        0.0
  MONTH TO DATE    0.0
  SINCE SEP 1      0.0
  SINCE JUL 1      0.0

DEGREE DAYS
 HEATING
  YESTERDAY        4                        11     -7        6
  MONTH TO DATE   95                       216   -121      165
  SINCE SEP 1    112                       382   -270      317
  SINCE JUL 1    112                       433   -321      347

 COOLING
  YESTERDAY        0                         0      0        0
  MONTH TO DATE    4                         0      4        0
  SINCE SEP 1    198                        59    139       87
  SINCE JAN 1    529                       186    343      285
..................................................................


WIND (MPH)
  HIGHEST WIND SPEED    14   HIGHEST WIND DIRECTION     W (260)
  HIGHEST GUST SPEED    16   HIGHEST GUST DIRECTION     W (260)
  AVERAGE WIND SPEED     3.1


SKY COVER
  POSSIBLE SUNSHINE  MM
  AVERAGE SKY COVER 0.0


WEATHER CONDITIONS
 THE FOLLOWING WEATHER WAS RECORDED YESTERDAY.
  NO SIGNIFICANT WEATHER WAS OBSERVED.


RELATIVE HUMIDITY (PERCENT)
 HIGHEST    65           500 AM
 LOWEST     14           200 PM
 AVERAGE    40

..........................................................


THE SANTA BARBARA AIRPORT CA CLIMATE NORMALS FOR TODAY
                         NORMAL    RECORD    YEAR
 MAXIMUM TEMPERATURE (F)   66        90      1977
 MINIMUM TEMPERATURE (F)   42        32      1990


SUNRISE AND SUNSET
NOVEMBER 27 2014......SUNRISE   644 AM PST   SUNSET   450 PM PST
NOVEMBER 28 2014......SUNRISE   645 AM PST   SUNSET   450 PM PST


-  INDICATES NEGATIVE NUMBERS.
R  INDICATES RECORD WAS SET OR TIED.
MM INDICATES DATA IS MISSING.
T  INDICATES TRACE AMOUNT.




$$
