000
CDUS43 KIWX 180528
CLISBN


CLIMATE REPORT
NATIONAL WEATHER SERVICE NORTHERN INDIANA
1227 AM EST MON DEC 18 2017


...................................

...THE SOUTH BEND CLIMATE SUMMARY FOR DECEMBER 17 2017...

CLIMATE NORMAL PERIOD 1981 TO 2010
CLIMATE RECORD PERIOD 1893 TO 2017


WEATHER ITEM   OBSERVED TIME   RECORD YEAR NORMAL DEPARTURE LAST
                VALUE   (LST)  VALUE       VALUE  FROM      YEAR
                                                  NORMAL
..................................................................
TEMPERATURE (F)
 YESTERDAY
  MAXIMUM         39    252 PM  55    2006  34      5       29
  MINIMUM         25    309 AM -10    1951  22      3       19
  AVERAGE         32                        28      4       24

PRECIPITATION (IN)
  YESTERDAY        0.00          1.00 1928   0.08  -0.08     0.09
  MONTH TO DATE    0.66                      1.48  -0.82     1.35
  SINCE DEC 1      0.66                      1.48  -0.82     1.35
  SINCE JAN 1     42.82                     36.87   5.95    45.96

SNOWFALL (IN)
  YESTERDAY        0.0           5.1  1988   0.6   -0.6      0.7
  MONTH TO DATE   13.4                       8.5    4.9     16.7
  SINCE DEC 1     13.4                       8.5    4.9     16.7
  SINCE JUL 1     13.4                      13.7   -0.3     17.2
  SNOW DEPTH       3

DEGREE DAYS
 HEATING
  YESTERDAY       33                        37     -4       41
  MONTH TO DATE  590                       583      7      693
  SINCE DEC 1    590                       583      7      693
  SINCE JUL 1   1773                      1852    -79     1594

 COOLING
  YESTERDAY        0                         0      0        0
  MONTH TO DATE    0                         0      0        0
  SINCE DEC 1      0                         0      0        0
  SINCE JAN 1    692                       773    -81      950
..................................................................


WIND (MPH)
  HIGHEST WIND SPEED    12   HIGHEST WIND DIRECTION    SE (140)
  HIGHEST GUST SPEED    14   HIGHEST GUST DIRECTION     S (200)
  AVERAGE WIND SPEED     6.3


SKY COVER
  AVERAGE SKY COVER 0.4


WEATHER CONDITIONS
 THE FOLLOWING WEATHER WAS RECORDED YESTERDAY.
  FOG


RELATIVE HUMIDITY (PERCENT)
 HIGHEST   100           100 AM
 LOWEST     82           200 PM
 AVERAGE    91

..........................................................


THE SOUTH BEND CLIMATE NORMALS FOR TODAY
                         NORMAL    RECORD    YEAR
 MAXIMUM TEMPERATURE (F)   34        55      1957
 MINIMUM TEMPERATURE (F)   22        -7      1963


SUNRISE AND SUNSET
DECEMBER 18 2017......SUNRISE   807 AM EST   SUNSET   517 PM EST
DECEMBER 19 2017......SUNRISE   808 AM EST   SUNSET   517 PM EST


-  INDICATES NEGATIVE NUMBERS.
R  INDICATES RECORD WAS SET OR TIED.
MM INDICATES DATA IS MISSING.
T  INDICATES TRACE AMOUNT.




$$
