000
CDUS43 KIWX 220524
CLISBN


CLIMATE REPORT
NATIONAL WEATHER SERVICE NORTHERN INDIANA
123 AM EDT MON MAY 22 2017


...................................

...THE SOUTH BEND CLIMATE SUMMARY FOR MAY 21 2017...

CLIMATE NORMAL PERIOD 1981 TO 2010
CLIMATE RECORD PERIOD 1893 TO 2017


WEATHER ITEM   OBSERVED TIME   RECORD YEAR NORMAL DEPARTURE LAST
                VALUE   (LST)  VALUE       VALUE  FROM      YEAR
                                                  NORMAL
..................................................................
TEMPERATURE (F)
 YESTERDAY
  MAXIMUM         68    136 PM  93    1934  72     -4       73
  MINIMUM         51   1159 PM  30    2002  50      1       45
                                      1895
  AVERAGE         60                        61     -1       59

PRECIPITATION (IN)
  YESTERDAY        0.01          1.02 2010   0.13  -0.12     0.00
  MONTH TO DATE    3.97                      2.53   1.44     2.39
  SINCE MAR 1     11.29                      8.18   3.11    11.23
  SINCE JAN 1     18.28                     12.42   5.86    15.01

SNOWFALL (IN)
  YESTERDAY        0.0           0.0  2002   0.0    0.0      0.0
                                      2001
  MONTH TO DATE    0.0                       0.0    0.0      0.0
  SINCE MAR 1      8.5                       8.5    0.0     10.9
  SINCE JUL 1     42.2                      66.6  -24.4     70.2
  SNOW DEPTH       0

DEGREE DAYS
 HEATING
  YESTERDAY        5                         6     -1        6
  MONTH TO DATE  234                       176     58      253
  SINCE MAR 1   1486                      1518    -32     1467
  SINCE JUL 1   5463                      6207   -744     5597

 COOLING
  YESTERDAY        0                         2     -2        0
  MONTH TO DATE   25                        24      1        0
  SINCE MAR 1     36                        34      2        4
  SINCE JAN 1     36                        34      2        4
..................................................................


WIND (MPH)
  HIGHEST WIND SPEED    23   HIGHEST WIND DIRECTION    SW (240)
  HIGHEST GUST SPEED    31   HIGHEST GUST DIRECTION    SW (240)
  AVERAGE WIND SPEED    12.1


SKY COVER
  AVERAGE SKY COVER 0.8


WEATHER CONDITIONS
 THE FOLLOWING WEATHER WAS RECORDED YESTERDAY.
  LIGHT RAIN
  FOG


RELATIVE HUMIDITY (PERCENT)
 HIGHEST   100           400 AM
 LOWEST     58           200 PM
 AVERAGE    79

..........................................................


THE SOUTH BEND CLIMATE NORMALS FOR TODAY
                         NORMAL    RECORD    YEAR
 MAXIMUM TEMPERATURE (F)   72        92      1925
 MINIMUM TEMPERATURE (F)   51        32      1997


SUNRISE AND SUNSET
MAY 22 2017...........SUNRISE   619 AM EDT   SUNSET   905 PM EDT
MAY 23 2017...........SUNRISE   618 AM EDT   SUNSET   906 PM EDT


-  INDICATES NEGATIVE NUMBERS.
R  INDICATES RECORD WAS SET OR TIED.
MM INDICATES DATA IS MISSING.
T  INDICATES TRACE AMOUNT.




$$
