000
CDUS43 KIWX 220521
CLISBN


CLIMATE REPORT
NATIONAL WEATHER SERVICE NORTHERN INDIANA
121 AM EDT SUN OCT 22 2017


...................................

...THE SOUTH BEND CLIMATE SUMMARY FOR OCTOBER 21 2017...

CLIMATE NORMAL PERIOD 1981 TO 2010
CLIMATE RECORD PERIOD 1893 TO 2017


WEATHER ITEM   OBSERVED TIME   RECORD YEAR NORMAL DEPARTURE LAST
                VALUE   (LST)  VALUE       VALUE  FROM      YEAR
                                                  NORMAL
..................................................................
TEMPERATURE (F)
 YESTERDAY
  MAXIMUM         75    337 PM  85    1953  60     15       54
  MINIMUM         56    641 AM  22    1895  41     15       38
  AVERAGE         66                        50     16       46

PRECIPITATION (IN)
  YESTERDAY        0.00          0.60 1936   0.10  -0.10     0.01
  MONTH TO DATE    6.93                      2.27   4.66     2.39
  SINCE SEP 1      8.97                      5.80   3.17     6.13
  SINCE JAN 1     36.56                     31.07   5.49    40.54

SNOWFALL (IN)
  YESTERDAY        0.0           0.2  1976   0.1   -0.1      0.0
  MONTH TO DATE    0.0                       0.2   -0.2      0.0
  SINCE SEP 1      0.0                       0.2   -0.2      0.0
  SINCE JUL 1      0.0                       0.2   -0.2      0.0
  SNOW DEPTH       0

DEGREE DAYS
 HEATING
  YESTERDAY        0                        15    -15       19
  MONTH TO DATE   90                       243   -153      135
  SINCE SEP 1    181                       359   -178      165
  SINCE JUL 1    202                       377   -175      173

 COOLING
  YESTERDAY        1                         0      1        0
  MONTH TO DATE   22                         8     14       17
  SINCE SEP 1    140                        90     50      140
  SINCE JAN 1    692                       772    -80      949
..................................................................


WIND (MPH)
  HIGHEST WIND SPEED    22   HIGHEST WIND DIRECTION     S (190)
  HIGHEST GUST SPEED    26   HIGHEST GUST DIRECTION     S (200)
  AVERAGE WIND SPEED    10.8


SKY COVER
  AVERAGE SKY COVER 0.0


WEATHER CONDITIONS
 THE FOLLOWING WEATHER WAS RECORDED YESTERDAY.
  NO SIGNIFICANT WEATHER WAS OBSERVED.


RELATIVE HUMIDITY (PERCENT)
 HIGHEST    77           200 AM
 LOWEST     47          1100 AM
 AVERAGE    62

..........................................................


THE SOUTH BEND CLIMATE NORMALS FOR TODAY
                         NORMAL    RECORD    YEAR
 MAXIMUM TEMPERATURE (F)   59        84      1953
 MINIMUM TEMPERATURE (F)   41        21      1930


SUNRISE AND SUNSET
OCTOBER 22 2017.......SUNRISE   806 AM EDT   SUNSET   653 PM EDT
OCTOBER 23 2017.......SUNRISE   807 AM EDT   SUNSET   652 PM EDT


-  INDICATES NEGATIVE NUMBERS.
R  INDICATES RECORD WAS SET OR TIED.
MM INDICATES DATA IS MISSING.
T  INDICATES TRACE AMOUNT.




$$
