000
CDUS43 KIWX 240531
CLISBN


CLIMATE REPORT
NATIONAL WEATHER SERVICE NORTHERN INDIANA
128 AM EDT SAT JUN 24 2017


...................................

...THE SOUTH BEND CLIMATE SUMMARY FOR JUNE 23 2017...

CLIMATE NORMAL PERIOD 1981 TO 2010
CLIMATE RECORD PERIOD 1893 TO 2017


WEATHER ITEM   OBSERVED TIME   RECORD YEAR NORMAL DEPARTURE LAST
                VALUE   (LST)  VALUE       VALUE  FROM      YEAR
                                                  NORMAL
..................................................................
TEMPERATURE (F)
 YESTERDAY
  MAXIMUM         76    509 PM  97    1930  82     -6       82
                                      1923
  MINIMUM         65    943 PM  37    1918  61      4       68
  AVERAGE         71                        71      0       75

PRECIPITATION (IN)
  YESTERDAY        0.13          2.04 1931   0.13   0.00     0.00
  MONTH TO DATE    1.31                      2.98  -1.67     3.09
  SINCE JUN 1      1.31                      2.98  -1.67     3.09
  SINCE JAN 1     20.54                     16.70   3.84    18.20

DEGREE DAYS
 HEATING
  YESTERDAY        0                         1     -1        0
  MONTH TO DATE   13                        40    -27       24
  SINCE JUN 1     13                        40    -27       24
  SINCE JUL 1   5515                      6294   -779     5629

 COOLING
  YESTERDAY        6                         7     -1       10
  MONTH TO DATE  152                       112     40      134
  SINCE JUN 1    152                       112     40      134
  SINCE JAN 1    192                       168     24      203
..................................................................


WIND (MPH)
  HIGHEST WIND SPEED    26   HIGHEST WIND DIRECTION    NW (300)
  HIGHEST GUST SPEED    34   HIGHEST GUST DIRECTION     W (290)
  AVERAGE WIND SPEED     9.2


SKY COVER
  AVERAGE SKY COVER 0.7


WEATHER CONDITIONS
 THE FOLLOWING WEATHER WAS RECORDED YESTERDAY.
  RAIN
  LIGHT RAIN
  FOG


RELATIVE HUMIDITY (PERCENT)
 HIGHEST   100           400 AM
 LOWEST     43           700 PM
 AVERAGE    72

..........................................................


THE SOUTH BEND CLIMATE NORMALS FOR TODAY
                         NORMAL    RECORD    YEAR
 MAXIMUM TEMPERATURE (F)   82        96      2005
                                             1911
 MINIMUM TEMPERATURE (F)   61        41      1932


SUNRISE AND SUNSET
JUNE 24 2017..........SUNRISE   612 AM EDT   SUNSET   924 PM EDT
JUNE 25 2017..........SUNRISE   612 AM EDT   SUNSET   924 PM EDT


-  INDICATES NEGATIVE NUMBERS.
R  INDICATES RECORD WAS SET OR TIED.
MM INDICATES DATA IS MISSING.
T  INDICATES TRACE AMOUNT.




$$
