000
CDUS41 KAKQ 250545
CLISBY


CLIMATE REPORT
NATIONAL WEATHER SERVICE WAKEFIELD, VA
145 AM EDT MON JUL 25 2016


...................................

...THE SALISBURY MD CLIMATE SUMMARY FOR JULY 24 2016...

CLIMATE NORMAL PERIOD 1981 TO 2010
CLIMATE RECORD PERIOD 1900 TO 2016


WEATHER ITEM   OBSERVED TIME   RECORD YEAR NORMAL DEPARTURE LAST
                VALUE   (LST)  VALUE       VALUE  FROM      YEAR
                                                  NORMAL
..................................................................
TEMPERATURE (F)
 YESTERDAY
  MAXIMUM         94    308 PM 101    2010  87      7       85
  MINIMUM         76   1040 PM  53    1947  67      9       59
  AVERAGE         85                        77      8       72

PRECIPITATION (IN)
  YESTERDAY        0.00          4.00 1938   0.16  -0.16     0.00
  MONTH TO DATE    3.21                      3.21   0.00     3.42
  SINCE JUN 1      9.54                      6.92   2.62    11.68
  SINCE JAN 1     28.27                     25.47   2.80    28.89

SNOWFALL (IN)
  YESTERDAY        0.0           0.0  2002   0.0    0.0
                                      2001
  MONTH TO DATE    0.0                       0.0    0.0
  SINCE NOV 1     19.8                       9.3   10.5
  SINCE JUL 1      0.0                       0.0    0.0
  SNOW DEPTH       0

DEGREE DAYS
 HEATING
  YESTERDAY        0                         0      0        0
  MONTH TO DATE    0                         0      0        0
  SINCE JUN 1      1                        19    -18       15
  SINCE JUL 1      0                         0      0        0

 COOLING
  YESTERDAY       20                        12      8        7
  MONTH TO DATE  336                       283     53      274
  SINCE JUN 1    549                       510     39      559
  SINCE JAN 1    634                       594     40      715
..................................................................


WIND (MPH)
  HIGHEST WIND SPEED    10   HIGHEST WIND DIRECTION    NE (60)
  HIGHEST GUST SPEED    13   HIGHEST GUST DIRECTION     E (100)
  AVERAGE WIND SPEED     4.3


SKY COVER
  POSSIBLE SUNSHINE  MM
  AVERAGE SKY COVER 0.0


WEATHER CONDITIONS
 THE FOLLOWING WEATHER WAS RECORDED YESTERDAY.
  FOG
  HAZE


RELATIVE HUMIDITY (PERCENT)
 HIGHEST    97          1200 AM
 LOWEST     41           200 PM
 AVERAGE    69

..........................................................


THE SALISBURY MD CLIMATE NORMALS FOR TODAY
                         NORMAL    RECORD    YEAR
 MAXIMUM TEMPERATURE (F)   86       100      2010
 MINIMUM TEMPERATURE (F)   67        55      1947


SUNRISE AND SUNSET
JULY 25 2016..........SUNRISE   559 AM EDT   SUNSET   818 PM EDT
JULY 26 2016..........SUNRISE   600 AM EDT   SUNSET   817 PM EDT


-  INDICATES NEGATIVE NUMBERS.
R  INDICATES RECORD WAS SET OR TIED.
MM INDICATES DATA IS MISSING.
T  INDICATES TRACE AMOUNT.




$$
