000
CDUS41 KAKQ 020545
CLISBY


CLIMATE REPORT
NATIONAL WEATHER SERVICE WAKEFIELD, VA
145 AM EDT MON MAY 2 2016


...................................

...THE SALISBURY MD CLIMATE SUMMARY FOR MAY 1 2016...

CLIMATE NORMAL PERIOD 1981 TO 2010
CLIMATE RECORD PERIOD 1900 TO 2016


WEATHER ITEM   OBSERVED TIME   RECORD YEAR NORMAL DEPARTURE LAST
                VALUE   (LST)  VALUE       VALUE  FROM      YEAR
                                                  NORMAL
..................................................................
TEMPERATURE (F)
 YESTERDAY
  MAXIMUM         58    554 PM  88    2010  70    -12       53
                                      1930
  MINIMUM         49    313 AM  34    2006  47      2       42
  AVERAGE         54                        58     -4       48

PRECIPITATION (IN)
  YESTERDAY        0.71          2.49 1976   0.09   0.62     0.13
  MONTH TO DATE    0.71                      0.09   0.62     0.13
  SINCE MAR 1      6.16                      8.06  -1.90     7.87
  SINCE JAN 1     13.01                     15.02  -2.01    15.59

SNOWFALL (IN)
  YESTERDAY       MM             0.0  2002   0.0   MM
                                      2001
  MONTH TO DATE   MM                         0.0   MM
  SINCE NOV 1     19.8                       9.3   10.5
  SINCE JUL 1     19.8                       9.3   10.5
  SNOW DEPTH       0

DEGREE DAYS
 HEATING
  YESTERDAY       11                         7      4       17
  MONTH TO DATE   11                         7      4       17
  SINCE MAR 1    817                       982   -165     1001
  SINCE JUL 1   3488                      4287   -799     4214

 COOLING
  YESTERDAY        0                         1     -1        0
  MONTH TO DATE    0                         1     -1        0
  SINCE MAR 1     24                        18      6        7
  SINCE JAN 1     24                        18      6        7
..................................................................


WIND (MPH)
  HIGHEST WIND SPEED    13   HIGHEST WIND DIRECTION     E (110)
  HIGHEST GUST SPEED    16   HIGHEST GUST DIRECTION    SE (130)
  AVERAGE WIND SPEED     5.0


SKY COVER
  POSSIBLE SUNSHINE  MM
  AVERAGE SKY COVER 1.0


WEATHER CONDITIONS
 THE FOLLOWING WEATHER WAS RECORDED YESTERDAY.
  HEAVY RAIN
  RAIN
  LIGHT RAIN
  FOG


RELATIVE HUMIDITY (PERCENT)
 HIGHEST   100           700 AM
 LOWEST     86           100 AM
 AVERAGE    93

..........................................................


THE SALISBURY MD CLIMATE NORMALS FOR TODAY
                         NORMAL    RECORD    YEAR
 MAXIMUM TEMPERATURE (F)   70        90      1926
 MINIMUM TEMPERATURE (F)   48        32      1943


SUNRISE AND SUNSET
MAY  2 2016...........SUNRISE   604 AM EDT   SUNSET   755 PM EDT
MAY  3 2016...........SUNRISE   602 AM EDT   SUNSET   756 PM EDT


-  INDICATES NEGATIVE NUMBERS.
R  INDICATES RECORD WAS SET OR TIED.
MM INDICATES DATA IS MISSING.
T  INDICATES TRACE AMOUNT.




$$
