000
CDUS41 KAKQ 090627
CLISBY


CLIMATE REPORT
NATIONAL WEATHER SERVICE WAKEFIELD, VA
126 AM EST TUE FEB 9 2016


...................................

...THE SALISBURY MD CLIMATE SUMMARY FOR FEBRUARY 8 2016...

CLIMATE NORMAL PERIOD 1981 TO 2010
CLIMATE RECORD PERIOD 1900 TO 2016


WEATHER ITEM   OBSERVED TIME   RECORD YEAR NORMAL DEPARTURE LAST
                VALUE   (LST)  VALUE       VALUE  FROM      YEAR
                                                  NORMAL
..................................................................
TEMPERATURE (F)
 YESTERDAY
  MAXIMUM         43    119 PM  72    1925  46     -3       67
  MINIMUM         34   1043 PM   6    2007  28      6       32
                                      1936
  AVERAGE         39                        37      2       50

PRECIPITATION (IN)
  YESTERDAY        0.01          2.00 1961   0.12  -0.11     0.00
  MONTH TO DATE    1.37                      0.95   0.42     0.61
  SINCE DEC 1      9.07                      8.27   0.80     9.20
  SINCE JAN 1      4.58                      4.56   0.02     5.17

SNOWFALL (IN)
  YESTERDAY        0.0           2.4  1974   0.2   -0.2
  MONTH TO DATE    1.3                       1.2    0.1
  SINCE NOV 1      8.0                       6.2    1.8
  SINCE JUL 1      8.0                       6.2    1.8
  SNOW DEPTH       0

DEGREE DAYS
 HEATING
  YESTERDAY       26                        28     -2       15
  MONTH TO DATE  168                       231    -63      231
  SINCE DEC 1   1479                      1954   -475     1763
  SINCE JUL 1   2126                      2772   -646     2435

 COOLING
  YESTERDAY        0                         0      0        0
  MONTH TO DATE    0                         0      0        0
  SINCE DEC 1      9                         0      9        0
  SINCE JAN 1      0                         0      0        0
..................................................................


WIND (MPH)
  HIGHEST WIND SPEED    20   HIGHEST WIND DIRECTION     N (350)
  HIGHEST GUST SPEED    26   HIGHEST GUST DIRECTION     N (360)
  AVERAGE WIND SPEED     8.5


SKY COVER
  POSSIBLE SUNSHINE  MM
  AVERAGE SKY COVER 0.9


WEATHER CONDITIONS
 THE FOLLOWING WEATHER WAS RECORDED YESTERDAY.
  LIGHT RAIN


RELATIVE HUMIDITY (PERCENT)
 HIGHEST    92           900 PM
 LOWEST     62          1100 AM
 AVERAGE    77

..........................................................


THE SALISBURY MD CLIMATE NORMALS FOR TODAY
                         NORMAL    RECORD    YEAR
 MAXIMUM TEMPERATURE (F)   46        72      1925
 MINIMUM TEMPERATURE (F)   28        -6      1934


SUNRISE AND SUNSET
FEBRUARY  9 2016......SUNRISE   700 AM EST   SUNSET   533 PM EST
FEBRUARY 10 2016......SUNRISE   659 AM EST   SUNSET   534 PM EST


-  INDICATES NEGATIVE NUMBERS.
R  INDICATES RECORD WAS SET OR TIED.
MM INDICATES DATA IS MISSING.
T  INDICATES TRACE AMOUNT.




$$
