000
CDUS41 KAKQ 240544
CLISBY


CLIMATE REPORT
NATIONAL WEATHER SERVICE WAKEFIELD, VA
143 AM EDT WED AUG 24 2016


...................................

...THE SALISBURY MD CLIMATE SUMMARY FOR AUGUST 23 2016...

CLIMATE NORMAL PERIOD 1981 TO 2010
CLIMATE RECORD PERIOD 1900 TO 2016


WEATHER ITEM   OBSERVED TIME   RECORD YEAR NORMAL DEPARTURE LAST
                VALUE   (LST)  VALUE       VALUE  FROM      YEAR
                                                  NORMAL
..................................................................
TEMPERATURE (F)
 YESTERDAY
  MAXIMUM         82    416 PM  98    1968  84     -2       83
  MINIMUM         58    548 AM  50    1952  65     -7       58
  AVERAGE         70                        74     -4       71

PRECIPITATION (IN)
  YESTERDAY        0.00          5.30 1933   0.14  -0.14     0.00
  MONTH TO DATE    2.70                      3.45  -0.75     5.66
  SINCE JUN 1     15.33                     11.54   3.79    20.18
  SINCE JAN 1     34.06                     30.09   3.97    37.39

SNOWFALL (IN)
  YESTERDAY        0.0           0.0  2002   0.0    0.0
                                      2001
  MONTH TO DATE    0.0                       0.0    0.0
  SINCE NOV 1     19.8                       9.3   10.5
  SINCE JUL 1      0.0                       0.0    0.0
  SNOW DEPTH       0

DEGREE DAYS
 HEATING
  YESTERDAY        0                         0      0        0
  MONTH TO DATE    0                         0      0        0
  SINCE JUN 1      1                        20    -19       15
  SINCE JUL 1      0                         1     -1        0

 COOLING
  YESTERDAY        5                         9     -4        6
  MONTH TO DATE  336                       239     97      238
  SINCE JUN 1   1005                       830    175      883
  SINCE JAN 1   1090                       914    176     1039
..................................................................


WIND (MPH)
  HIGHEST WIND SPEED    12   HIGHEST WIND DIRECTION    NE (50)
  HIGHEST GUST SPEED    15   HIGHEST GUST DIRECTION    NE (50)
  AVERAGE WIND SPEED     3.2


SKY COVER
  POSSIBLE SUNSHINE  MM
  AVERAGE SKY COVER 0.0


WEATHER CONDITIONS
 THE FOLLOWING WEATHER WAS RECORDED YESTERDAY.
  NO SIGNIFICANT WEATHER WAS OBSERVED.


RELATIVE HUMIDITY (PERCENT)
 HIGHEST    93          1200 AM
 LOWEST     39           100 PM
 AVERAGE    66

..........................................................


THE SALISBURY MD CLIMATE NORMALS FOR TODAY
                         NORMAL    RECORD    YEAR
 MAXIMUM TEMPERATURE (F)   84       101      1914
 MINIMUM TEMPERATURE (F)   65        45      1952


SUNRISE AND SUNSET
AUGUST 24 2016........SUNRISE   625 AM EDT   SUNSET   743 PM EDT
AUGUST 25 2016........SUNRISE   626 AM EDT   SUNSET   741 PM EDT


-  INDICATES NEGATIVE NUMBERS.
R  INDICATES RECORD WAS SET OR TIED.
MM INDICATES DATA IS MISSING.
T  INDICATES TRACE AMOUNT.




$$
