000
CDUS41 KAKQ 210530
CLISBY


CLIMATE REPORT
NATIONAL WEATHER SERVICE WAKEFIELD, VA
128 AM EDT THU SEP 21 2017


...................................

...THE SALISBURY MD CLIMATE SUMMARY FOR SEPTEMBER 20 2017...

CLIMATE NORMAL PERIOD 1981 TO 2010
CLIMATE RECORD PERIOD 1900 TO 2017


WEATHER ITEM   OBSERVED TIME   RECORD YEAR NORMAL DEPARTURE LAST
                VALUE   (LST)  VALUE       VALUE  FROM      YEAR
                                                  NORMAL
..................................................................
TEMPERATURE (F)
 YESTERDAY
  MAXIMUM         85    325 PM  90    1983  77      8       75
  MINIMUM         67   1159 PM  38    1916  56     11       71
  AVERAGE         76                        67      9       73

PRECIPITATION (IN)
  YESTERDAY        0.00          4.00 1938   0.14  -0.14     0.34
  MONTH TO DATE    1.94                      2.64  -0.70     3.37
  SINCE SEP 1      1.94                      2.64  -0.70     3.37
  SINCE JAN 1     44.00                     33.71  10.29    37.43

SNOWFALL (IN)
  YESTERDAY        0.0           0.0  2002   0.0    0.0
                                      2001
  MONTH TO DATE    0.0                       0.0    0.0
  SINCE NOV 1      9.6                       9.3    0.3
  SINCE JUL 1      0.0                       0.0    0.0
  SNOW DEPTH       0

DEGREE DAYS
 HEATING
  YESTERDAY        0                         2     -2        0
  MONTH TO DATE    5                        15    -10        0
  SINCE SEP 1      5                        15    -10        0
  SINCE JUL 1      5                        17    -12        0

 COOLING
  YESTERDAY       11                         4      7        8
  MONTH TO DATE  100                       117    -17      181
  SINCE SEP 1    100                       117    -17      181
  SINCE JAN 1   1267                      1100    167     1370
..................................................................


WIND (MPH)
  HIGHEST WIND SPEED    16   HIGHEST WIND DIRECTION    NW (330)
  HIGHEST GUST SPEED    22   HIGHEST GUST DIRECTION     N (340)
  AVERAGE WIND SPEED     7.4


SKY COVER
  POSSIBLE SUNSHINE  MM
  AVERAGE SKY COVER 0.4


WEATHER CONDITIONS
 THE FOLLOWING WEATHER WAS RECORDED YESTERDAY.
  NO SIGNIFICANT WEATHER WAS OBSERVED.


RELATIVE HUMIDITY (PERCENT)
 HIGHEST    97           100 AM
 LOWEST     59           400 PM
 AVERAGE    78

..........................................................


THE SALISBURY MD CLIMATE NORMALS FOR TODAY
                         NORMAL    RECORD    YEAR
 MAXIMUM TEMPERATURE (F)   77        95      1931
 MINIMUM TEMPERATURE (F)   56        34      1956


SUNRISE AND SUNSET
SEPTEMBER 21 2017.....SUNRISE   649 AM EDT   SUNSET   700 PM EDT
SEPTEMBER 22 2017.....SUNRISE   650 AM EDT   SUNSET   659 PM EDT


-  INDICATES NEGATIVE NUMBERS.
R  INDICATES RECORD WAS SET OR TIED.
MM INDICATES DATA IS MISSING.
T  INDICATES TRACE AMOUNT.




$$
