000
CDUS41 KAKQ 290527
CLISBY


CLIMATE REPORT
NATIONAL WEATHER SERVICE WAKEFIELD, VA
126 AM EDT SUN MAY 29 2016


...................................

...THE SALISBURY MD CLIMATE SUMMARY FOR MAY 28 2016...

CLIMATE NORMAL PERIOD 1981 TO 2010
CLIMATE RECORD PERIOD 1900 TO 2016


WEATHER ITEM   OBSERVED TIME   RECORD YEAR NORMAL DEPARTURE LAST
                VALUE   (LST)  VALUE       VALUE  FROM      YEAR
                                                  NORMAL
..................................................................
TEMPERATURE (F)
 YESTERDAY
  MAXIMUM         87    153 PM  96    1941  77     10       84
  MINIMUM         59   1159 PM  39    1994  55      4       66
  AVERAGE         73                        66      7       75

PRECIPITATION (IN)
  YESTERDAY        0.00          1.40 1966   0.12  -0.12     0.00
  MONTH TO DATE    4.50                      3.23   1.27     1.75
  SINCE MAR 1      9.95                     11.20  -1.25     9.49
  SINCE JAN 1     16.80                     18.16  -1.36    17.21

SNOWFALL (IN)
  YESTERDAY        0.0           0.0  2002   0.0    0.0
                                      2001
  MONTH TO DATE    0.0                       0.0    0.0
  SINCE NOV 1     19.8                       9.3   10.5
  SINCE JUL 1     19.8                       9.3   10.5
  SNOW DEPTH       0

DEGREE DAYS
 HEATING
  YESTERDAY        0                         3     -3        0
  MONTH TO DATE  159                       136     23       75
  SINCE MAR 1    965                      1111   -146     1059
  SINCE JUL 1   3636                      4416   -780     4272

 COOLING
  YESTERDAY        8                         4      4       10
  MONTH TO DATE   40                        55    -15      119
  SINCE MAR 1     64                        72     -8      126
  SINCE JAN 1     64                        72     -8      126
..................................................................


WIND (MPH)
  HIGHEST WIND SPEED    17   HIGHEST WIND DIRECTION     S (170)
  HIGHEST GUST SPEED    22   HIGHEST GUST DIRECTION     S (160)
  AVERAGE WIND SPEED     6.0


SKY COVER
  POSSIBLE SUNSHINE  MM
  AVERAGE SKY COVER 0.0


WEATHER CONDITIONS
 THE FOLLOWING WEATHER WAS RECORDED YESTERDAY.
  NO SIGNIFICANT WEATHER WAS OBSERVED.


RELATIVE HUMIDITY (PERCENT)
 HIGHEST    97          1100 PM
 LOWEST     34           500 PM
 AVERAGE    66

..........................................................


THE SALISBURY MD CLIMATE NORMALS FOR TODAY
                         NORMAL    RECORD    YEAR
 MAXIMUM TEMPERATURE (F)   77        96      1941
 MINIMUM TEMPERATURE (F)   56        35      1935


SUNRISE AND SUNSET
MAY 29 2016...........SUNRISE   541 AM EDT   SUNSET   818 PM EDT
MAY 30 2016...........SUNRISE   541 AM EDT   SUNSET   819 PM EDT


-  INDICATES NEGATIVE NUMBERS.
R  INDICATES RECORD WAS SET OR TIED.
MM INDICATES DATA IS MISSING.
T  INDICATES TRACE AMOUNT.




$$
