000
CDUS41 KAKQ 180827
CLISBY


CLIMATE REPORT
NATIONAL WEATHER SERVICE WAKEFIELD, VA
426 AM EDT FRI APR 18 2014


...................................

...THE SALISBURY MD CLIMATE SUMMARY FOR APRIL 17 2014...

CLIMATE NORMAL PERIOD 1981 TO 2010
CLIMATE RECORD PERIOD 1900 TO 2014


WEATHER ITEM   OBSERVED TIME   RECORD YEAR NORMAL DEPARTURE LAST
                VALUE   (LST)  VALUE       VALUE  FROM      YEAR
                                                  NORMAL
..................................................................
TEMPERATURE (F)
 YESTERDAY
  MAXIMUM         53    211 PM  92    2002  66    -13       82
  MINIMUM         34    533 AM  26    2008  44    -10       59
  AVERAGE         44                        54    -10       71

PRECIPITATION (IN)
  YESTERDAY        0.00          2.57 1910   0.11  -0.11     0.00
  MONTH TO DATE    1.93                      2.17  -0.24     1.54
  SINCE MAR 1      4.50                      6.59  -2.09     6.39
  SINCE JAN 1      8.48                     13.55  -5.07    13.09

SNOWFALL (IN)
  YESTERDAY        0.0           T    1935   0.0    0.0
  MONTH TO DATE    0.0                       0.2   -0.2
  SINCE NOV 1     22.5                       9.3   13.2
  SINCE JUL 1     22.5                       9.3   13.2
  SNOW DEPTH       0

DEGREE DAYS
 HEATING
  YESTERDAY       21                        11     10        0
  MONTH TO DATE  165                       225    -60      155
  SINCE MAR 1    854                       855     -1      852
  SINCE JUL 1   3994                      4160   -166     3630

 COOLING
  YESTERDAY        0                         1     -1        6
  MONTH TO DATE   14                         4     10       35
  SINCE MAR 1     14                         6      8       35
  SINCE JAN 1     14                         6      8       35
..................................................................


WIND (MPH)
  HIGHEST WIND SPEED    20   HIGHEST WIND DIRECTION    NE (30)
  HIGHEST GUST SPEED    25   HIGHEST GUST DIRECTION    NE (60)
  AVERAGE WIND SPEED     9.1


SKY COVER
  POSSIBLE SUNSHINE  MM
  AVERAGE SKY COVER 0.6


WEATHER CONDITIONS
 THE FOLLOWING WEATHER WAS RECORDED YESTERDAY.
  NO SIGNIFICANT WEATHER WAS OBSERVED.


RELATIVE HUMIDITY (PERCENT)
 HIGHEST    89           200 AM
 LOWEST     46          1100 AM
 AVERAGE    68

..........................................................


THE SALISBURY MD CLIMATE NORMALS FOR TODAY
                         NORMAL    RECORD    YEAR
 MAXIMUM TEMPERATURE (F)   66        90      1976
 MINIMUM TEMPERATURE (F)   44        26      1928


SUNRISE AND SUNSET
APRIL 18 2014.........SUNRISE   622 AM EDT   SUNSET   741 PM EDT
APRIL 19 2014.........SUNRISE   621 AM EDT   SUNSET   742 PM EDT


-  INDICATES NEGATIVE NUMBERS.
R  INDICATES RECORD WAS SET OR TIED.
MM INDICATES DATA IS MISSING.
T  INDICATES TRACE AMOUNT.




$$
