000
CDUS41 KAKQ 010550
CLISBY


CLIMATE REPORT
NATIONAL WEATHER SERVICE WAKEFIELD, VA
150 AM EDT TUE SEP 1 2015


...................................

...THE SALISBURY MD CLIMATE SUMMARY FOR AUGUST 31 2015...

CLIMATE NORMAL PERIOD 1981 TO 2010
CLIMATE RECORD PERIOD 1900 TO 2015


WEATHER ITEM   OBSERVED TIME   RECORD YEAR NORMAL DEPARTURE LAST
                VALUE   (LST)  VALUE       VALUE  FROM      YEAR
                                                  NORMAL
..................................................................
TEMPERATURE (F)
 YESTERDAY
  MAXIMUM         85    414 PM  98    1932  83      2       93
  MINIMUM         69   1117 PM  46    1976  63      6       75
  AVERAGE         77                        73      4       84

PRECIPITATION (IN)
  YESTERDAY        T             2.08 1949   0.11  -0.11     0.00
  MONTH TO DATE    5.66                      4.43   1.23     5.53
  SINCE JUN 1     20.18                     12.52   7.66    11.89
  SINCE JAN 1     37.39                     31.07   6.32    31.60

SNOWFALL (IN)
  YESTERDAY        0.0           0.0  2002   0.0    0.0
                                      2001
  MONTH TO DATE    0.0                       0.0    0.0
  SINCE NOV 1     15.7                       9.3    6.4
  SINCE JUL 1      0.0                       0.0    0.0
  SNOW DEPTH       0

DEGREE DAYS
 HEATING
  YESTERDAY        0                         0      0        0
  MONTH TO DATE    0                         0      0        0
  SINCE JUN 1     15                        21     -6        5
  SINCE JUL 1      0                         2     -2        0

 COOLING
  YESTERDAY       12                         8      4       19
  MONTH TO DATE  305                       308     -3      304
  SINCE JUN 1    950                       899     51      987
  SINCE JAN 1   1106                       983    123     1122
..................................................................


WIND (MPH)
  HIGHEST WIND SPEED    14   HIGHEST WIND DIRECTION    SW (230)
  HIGHEST GUST SPEED    18   HIGHEST GUST DIRECTION    SW (220)
  AVERAGE WIND SPEED     6.4


SKY COVER
  POSSIBLE SUNSHINE  MM
  AVERAGE SKY COVER 0.3


WEATHER CONDITIONS
 THE FOLLOWING WEATHER WAS RECORDED YESTERDAY.
  NO SIGNIFICANT WEATHER WAS OBSERVED.


RELATIVE HUMIDITY (PERCENT)
 HIGHEST    97          1100 PM
 LOWEST     55          1100 AM
 AVERAGE    76

..........................................................


THE SALISBURY MD CLIMATE NORMALS FOR TODAY
                         NORMAL    RECORD    YEAR
 MAXIMUM TEMPERATURE (F)   82       100      1932
 MINIMUM TEMPERATURE (F)   63        48      1946


SUNRISE AND SUNSET
SEPTEMBER  1 2015.....SUNRISE   631 AM EDT   SUNSET   732 PM EDT
SEPTEMBER  2 2015.....SUNRISE   632 AM EDT   SUNSET   731 PM EDT


-  INDICATES NEGATIVE NUMBERS.
R  INDICATES RECORD WAS SET OR TIED.
MM INDICATES DATA IS MISSING.
T  INDICATES TRACE AMOUNT.




$$
