000
CDUS41 KAKQ 292129
CLISBY


CLIMATE REPORT
NATIONAL WEATHER SERVICE WAKEFIELD, VA
529 PM EDT WED JUL 29 2015


...................................

...THE SALISBURY MD CLIMATE SUMMARY FOR JULY 29 2015...
VALID TODAY AS OF 0500 PM LOCAL TIME.

CLIMATE NORMAL PERIOD 1981 TO 2010
CLIMATE RECORD PERIOD 1900 TO 2015


WEATHER ITEM   OBSERVED TIME   RECORD YEAR NORMAL DEPARTURE LAST
                VALUE   (LST)  VALUE       VALUE  FROM      YEAR
                                                  NORMAL
..................................................................
TEMPERATURE (F)
 TODAY
  MAXIMUM         88    234 PM 100    1913  86      2       79
  MINIMUM         69    526 AM  53    1924  67      2       56
  AVERAGE         79

PRECIPITATION (IN)
  TODAY            0.00          3.86 2007   0.17  -0.17     0.00
  MONTH TO DATE    6.15                      4.02   2.13     4.78
  SINCE JUN 1     14.41                      7.73   6.68     6.36
  SINCE JAN 1     31.62                     26.28   5.34    26.07

SNOWFALL (IN)
  TODAY            0.0
  MONTH TO DATE    0.0
  SINCE NOV 1     15.7
  SINCE JUL 1      0.0
  SNOW DEPTH       0

DEGREE DAYS
 HEATING
  TODAY            0
  MONTH TO DATE    0
  SINCE JUN 1     15
  SINCE JUL 1      0

 COOLING
  TODAY           14
  MONTH TO DATE  330
  SINCE JUN 1    615
  SINCE JAN 1    771
..................................................................


WIND (MPH)
  RESULTANT WIND SPEED   4   RESULTANT WIND DIRECTION  SW (220)
  HIGHEST WIND SPEED    13   HIGHEST WIND DIRECTION    SW (240)
  HIGHEST GUST SPEED    16   HIGHEST GUST DIRECTION     W (250)


SKY COVER
  POSSIBLE SUNSHINE  MM
  AVERAGE SKY COVER 0.2


WEATHER CONDITIONS
 THE FOLLOWING WEATHER WAS RECORDED TODAY.
  NO SIGNIFICANT WEATHER WAS OBSERVED.


RELATIVE HUMIDITY (PERCENT)
 HIGHEST   100
 LOWEST     63
 AVERAGE    82

..........................................................


THE SALISBURY MD CLIMATE NORMALS FOR TOMORROW
                         NORMAL    RECORD    YEAR
 MAXIMUM TEMPERATURE (F)   86        98      1949
 MINIMUM TEMPERATURE (F)   67        54      1928


SUNRISE AND SUNSET
JULY 29 2015..........SUNRISE   601 AM EDT   SUNSET   815 PM EDT
JULY 30 2015..........SUNRISE   602 AM EDT   SUNSET   814 PM EDT


-  INDICATES NEGATIVE NUMBERS.
R  INDICATES RECORD WAS SET OR TIED.
MM INDICATES DATA IS MISSING.
T  INDICATES TRACE AMOUNT.




$$
