000
CDUS41 KAKQ 280645
CLISBY


CLIMATE REPORT
NATIONAL WEATHER SERVICE WAKEFIELD, VA
145 AM EST TUE FEB 28 2017


...................................

...THE SALISBURY MD CLIMATE SUMMARY FOR FEBRUARY 27 2017...

CLIMATE NORMAL PERIOD 1981 TO 2010
CLIMATE RECORD PERIOD 1900 TO 2017


WEATHER ITEM   OBSERVED TIME   RECORD YEAR NORMAL DEPARTURE LAST
                VALUE   (LST)  VALUE       VALUE  FROM      YEAR
                                                  NORMAL
..................................................................
TEMPERATURE (F)
 YESTERDAY
  MAXIMUM         58    340 PM  79    1997  50      8       43
  MINIMUM         26    649 AM   9    1934  30     -4       23
  AVERAGE         42                        40      2       33

PRECIPITATION (IN)
  YESTERDAY        0.00          1.41 1958   0.13  -0.13     0.00
  MONTH TO DATE    1.02                      3.23  -2.21     3.64
  SINCE DEC 1      7.30                     10.55  -3.25    11.34
  SINCE JAN 1      4.37                      6.84  -2.47     6.85

SNOWFALL (IN)
  YESTERDAY        0.0           2.6  1952   0.1   -0.1
  MONTH TO DATE    T                         3.2   -3.2
  SINCE NOV 1      9.6                       8.2    1.4
  SINCE JUL 1      9.6                       8.2    1.4
  SNOW DEPTH       0

DEGREE DAYS
 HEATING
  YESTERDAY       23                        25     -2       32
  MONTH TO DATE  541                       740   -199      682
  SINCE DEC 1   2083                      2463   -380     1993
  SINCE JUL 1   2743                      3281   -538     2640

 COOLING
  YESTERDAY        0                         0      0        0
  MONTH TO DATE    0                         0      0        0
  SINCE DEC 1      0                         0      0        9
  SINCE JAN 1      0                         0      0        0
..................................................................


WIND (MPH)
  HIGHEST WIND SPEED    15   HIGHEST WIND DIRECTION    SW (210)
  HIGHEST GUST SPEED    21   HIGHEST GUST DIRECTION     S (200)
  AVERAGE WIND SPEED     5.3


SKY COVER
  POSSIBLE SUNSHINE  MM
  AVERAGE SKY COVER 0.4


WEATHER CONDITIONS
 THE FOLLOWING WEATHER WAS RECORDED YESTERDAY.
  NO SIGNIFICANT WEATHER WAS OBSERVED.


RELATIVE HUMIDITY (PERCENT)
 HIGHEST    92           200 AM
 LOWEST     32           200 PM
 AVERAGE    62

..........................................................


THE SALISBURY MD CLIMATE NORMALS FOR TODAY
                         NORMAL    RECORD    YEAR
 MAXIMUM TEMPERATURE (F)   50        76      1948
 MINIMUM TEMPERATURE (F)   30        13      1950


SUNRISE AND SUNSET
FEBRUARY 28 2017......SUNRISE   635 AM EST   SUNSET   554 PM EST
MARCH  1 2017.........SUNRISE   634 AM EST   SUNSET   555 PM EST


-  INDICATES NEGATIVE NUMBERS.
R  INDICATES RECORD WAS SET OR TIED.
MM INDICATES DATA IS MISSING.
T  INDICATES TRACE AMOUNT.




$$
