000
CDUS41 KAKQ 291032
CLISBY


CLIMATE REPORT
NATIONAL WEATHER SERVICE WAKEFIELD, VA
631 AM EDT THU SEP 29 2016


...................................

...THE SALISBURY MD CLIMATE SUMMARY FOR SEPTEMBER 28 2016...

CLIMATE NORMAL PERIOD 1981 TO 2010
CLIMATE RECORD PERIOD 1900 TO 2016


WEATHER ITEM   OBSERVED TIME   RECORD YEAR NORMAL DEPARTURE LAST
                VALUE   (LST)  VALUE       VALUE  FROM      YEAR
                                                  NORMAL
..................................................................
TEMPERATURE (F)
 YESTERDAY
  MAXIMUM         73   1144 AM  90    1921  74     -1       85
  MINIMUM         65    600 AM  38    1957  53     12       67
  AVERAGE         69                        64      5       76

PRECIPITATION (IN)
  YESTERDAY        0.86          1.70 1935   0.13   0.73     0.00
  MONTH TO DATE    5.45                      3.71   1.74     1.38
  SINCE SEP 1      5.45                      3.71   1.74     1.38
  SINCE JAN 1     39.51                     34.78   4.73    38.77

SNOWFALL (IN)
  YESTERDAY        0.0           0.0  2002   0.0    0.0
                                      2001
  MONTH TO DATE    0.0                       0.0    0.0
  SINCE NOV 1     19.8                       9.3   10.5
  SINCE JUL 1      0.0                       0.0    0.0
  SNOW DEPTH       0

DEGREE DAYS
 HEATING
  YESTERDAY        0                         4     -4        0
  MONTH TO DATE    4                        37    -33        3
  SINCE SEP 1      4                        37    -33        3
  SINCE JUL 1      4                        39    -35        3

 COOLING
  YESTERDAY        4                         2      2       11
  MONTH TO DATE  219                       138     81      202
  SINCE SEP 1    219                       138     81      202
  SINCE JAN 1   1408                      1121    287     1308
..................................................................


WIND (MPH)
  HIGHEST WIND SPEED    31   HIGHEST WIND DIRECTION    NE (50)
  HIGHEST GUST SPEED    37   HIGHEST GUST DIRECTION    NE (40)
  AVERAGE WIND SPEED    10.2


SKY COVER
  POSSIBLE SUNSHINE  MM
  AVERAGE SKY COVER 0.9


WEATHER CONDITIONS
 THE FOLLOWING WEATHER WAS RECORDED YESTERDAY.
  HEAVY RAIN
  RAIN
  LIGHT RAIN
  FOG


RELATIVE HUMIDITY (PERCENT)
 HIGHEST   100           400 AM
 LOWEST     84           900 AM
 AVERAGE    92

..........................................................


THE SALISBURY MD CLIMATE NORMALS FOR TODAY
                         NORMAL    RECORD    YEAR
 MAXIMUM TEMPERATURE (F)   74        94      1921
 MINIMUM TEMPERATURE (F)   53        35      1914


SUNRISE AND SUNSET
SEPTEMBER 29 2016.....SUNRISE   656 AM EDT   SUNSET   647 PM EDT
SEPTEMBER 30 2016.....SUNRISE   657 AM EDT   SUNSET   646 PM EDT


-  INDICATES NEGATIVE NUMBERS.
R  INDICATES RECORD WAS SET OR TIED.
MM INDICATES DATA IS MISSING.
T  INDICATES TRACE AMOUNT.




$$
