000
CDUS41 KAKQ 252148
CLISBY


CLIMATE REPORT
NATIONAL WEATHER SERVICE WAKEFIELD, VA
548 PM EDT SAT OCT 25 2014


...................................

...THE SALISBURY MD CLIMATE SUMMARY FOR OCTOBER 25 2014...
VALID TODAY AS OF 0500 PM LOCAL TIME.

CLIMATE NORMAL PERIOD 1981 TO 2010
CLIMATE RECORD PERIOD 1900 TO 2014


WEATHER ITEM   OBSERVED TIME   RECORD YEAR NORMAL DEPARTURE LAST
                VALUE   (LST)  VALUE       VALUE  FROM      YEAR
                                                  NORMAL
..................................................................
TEMPERATURE (F)
 TODAY
  MAXIMUM         71    208 PM  81    2001  66      5       58
  MINIMUM         42    656 AM  27    1978  43     -1       33
  AVERAGE         57

PRECIPITATION (IN)
  TODAY            0.00          4.93 1980   0.11  -0.11     0.00
  MONTH TO DATE    1.72                      2.81  -1.09     3.68
  SINCE SEP 1      6.10                      6.79  -0.69     4.45
  SINCE JAN 1     26.38                     37.86 -11.48    44.13

SNOWFALL (IN)
  TODAY            0.0
  MONTH TO DATE    0.0
  SINCE NOV 1     22.5
  SINCE JUL 1      0.0
  SNOW DEPTH       0

DEGREE DAYS
 HEATING
  TODAY            8
  MONTH TO DATE   86
  SINCE SEP 1     92
  SINCE JUL 1     92

 COOLING
  TODAY            0
  MONTH TO DATE   31
  SINCE SEP 1    251
  SINCE JAN 1   1373
..................................................................


WIND (MPH)
  RESULTANT WIND SPEED   4   RESULTANT WIND DIRECTION   W (270)
  HIGHEST WIND SPEED    15   HIGHEST WIND DIRECTION    SW (240)
  HIGHEST GUST SPEED    18   HIGHEST GUST DIRECTION    SW (230)


SKY COVER
  POSSIBLE SUNSHINE  MM
  AVERAGE SKY COVER 0.0


WEATHER CONDITIONS
 THE FOLLOWING WEATHER WAS RECORDED TODAY.
  NO SIGNIFICANT WEATHER WAS OBSERVED.


RELATIVE HUMIDITY (PERCENT)
 HIGHEST    89
 LOWEST     38
 AVERAGE    64

..........................................................


THE SALISBURY MD CLIMATE NORMALS FOR TOMORROW
                         NORMAL    RECORD    YEAR
 MAXIMUM TEMPERATURE (F)   65        81      1939
 MINIMUM TEMPERATURE (F)   43        26      1937


SUNRISE AND SUNSET
OCTOBER 25 2014.......SUNRISE   721 AM EDT   SUNSET   611 PM EDT
OCTOBER 26 2014.......SUNRISE   722 AM EDT   SUNSET   609 PM EDT


-  INDICATES NEGATIVE NUMBERS.
R  INDICATES RECORD WAS SET OR TIED.
MM INDICATES DATA IS MISSING.
T  INDICATES TRACE AMOUNT.




$$
