000
CDUS46 KSTO 300037
CLISCK


CLIMATE REPORT
NATIONAL WEATHER SERVICE SACRAMENTO, CA
537 PM PDT FRI MAY 29 2015


...................................

...THE STOCKTON AIRPORT CA CLIMATE SUMMARY FOR MAY 29 2015...
VALID TODAY AS OF 0500 PM LOCAL TIME.

CLIMATE NORMAL PERIOD 1981 TO 2010
CLIMATE RECORD PERIOD 1948 TO 2015


WEATHER ITEM   OBSERVED TIME   RECORD YEAR NORMAL DEPARTURE LAST
                VALUE   (LST)  VALUE       VALUE  FROM      YEAR
                                                  NORMAL
..................................................................
TEMPERATURE (F)
 TODAY
  MAXIMUM         89    341 PM 103    1973  84      5       87
  MINIMUM         50    510 AM  44    1985  54     -4       57
  AVERAGE         70

PRECIPITATION (IN)
  TODAY            0.00          0.02 1998   0.01  -0.01     0.00
  MONTH TO DATE    0.02                      0.51  -0.49      T
  SINCE OCT 1     10.62                     13.66  -3.04     7.22
  SINCE JAN 1      2.78                      8.93  -6.15     5.79

SNOWFALL (IN)
  TODAY            0.0          MM      MM
  MONTH TO DATE    0.0
  SINCE MAR 1      0.0
  SINCE JUL 1      0.0

DEGREE DAYS
 HEATING
  TODAY            0                         1     -1        0
  MONTH TO DATE   42                        57    -15       13
  SINCE MAR 1    274                       571   -297      327
  SINCE JUL 1   1713                      2633   -920     2160

 COOLING
  TODAY            5                         5      0        7
  MONTH TO DATE   37                        92    -55      146
  SINCE MAR 1     86                       109    -23      175
  SINCE JAN 1     86                       109    -23      175
..................................................................


WIND (MPH)
  RESULTANT WIND SPEED   4   RESULTANT WIND DIRECTION  NW (300)
  HIGHEST WIND SPEED    13   HIGHEST WIND DIRECTION     W (280)
  HIGHEST GUST SPEED    35   HIGHEST GUST DIRECTION    NW (330)


SKY COVER
  POSSIBLE SUNSHINE  MM
  AVERAGE SKY COVER 0.0


WEATHER CONDITIONS
 THE FOLLOWING WEATHER WAS RECORDED TODAY.
  NO SIGNIFICANT WEATHER WAS OBSERVED.


RELATIVE HUMIDITY (PERCENT)
 HIGHEST    89           400 AM
 LOWEST     28           300 PM
 AVERAGE    59

..........................................................


THE STOCKTON AIRPORT CA CLIMATE NORMALS FOR TOMORROW
                         NORMAL    RECORD    YEAR
 MAXIMUM TEMPERATURE (F)   84       101      2001
 MINIMUM TEMPERATURE (F)   54        44      2011


SUNRISE AND SUNSET
MAY 29 2015...........SUNRISE   546 AM PDT   SUNSET   819 PM PDT
MAY 30 2015...........SUNRISE   545 AM PDT   SUNSET   820 PM PDT


-  INDICATES NEGATIVE NUMBERS.
R  INDICATES RECORD WAS SET OR TIED.
MM INDICATES DATA IS MISSING.
T  INDICATES TRACE AMOUNT.




$$
