000
CDUS46 KSTO 310837
CLISCK


CLIMATE REPORT
NATIONAL WEATHER SERVICE SACRAMENTO, CA
137 AM PDT FRI OCT 31 2014


...................................

...THE STOCKTON AIRPORT CA CLIMATE SUMMARY FOR OCTOBER 30 2014...

CLIMATE NORMAL PERIOD 1981 TO 2010
CLIMATE RECORD PERIOD 1948 TO 2014


WEATHER ITEM   OBSERVED TIME   RECORD YEAR NORMAL DEPARTURE LAST
                VALUE   (LST)  VALUE       VALUE  FROM      YEAR
                                                  NORMAL
..................................................................
TEMPERATURE (F)
 YESTERDAY
  MAXIMUM         82    151 PM  85    1993  72     10       68
  MINIMUM         52    403 AM  34    1971  46      6       41
  AVERAGE         67

PRECIPITATION (IN)
  YESTERDAY        0.00          0.49 1975   0.05  -0.05     0.00
  MONTH TO DATE    0.05                      0.77  -0.72     0.00
  SINCE JUL 1      0.65                      1.07  -0.42     0.28
  SINCE JAN 1      6.45                     10.10  -3.65     3.16

SNOWFALL (IN)
  YESTERDAY        0.0           0.0  2002
                                      2001
  MONTH TO DATE    0.0
  SINCE SEP 1      0.0
  SINCE JUL 1      0.0
  SNOW DEPTH       0

DEGREE DAYS
 HEATING
  YESTERDAY        0                         6     -6       10
  MONTH TO DATE   18                        85    -67       75
  SINCE SEP 1     18                        91    -73       81
  SINCE JUL 1     18                        91    -73       81

 COOLING
  YESTERDAY        2                         0      2        0
  MONTH TO DATE  123                        52     71        2
  SINCE SEP 1    412                       274    138      206
  SINCE JAN 1   1658                      1318    340     1375
..................................................................


WIND (MPH)
  RESULTANT WIND SPEED   1   RESULTANT WIND DIRECTION   E (110)
  HIGHEST WIND SPEED    14   HIGHEST WIND DIRECTION    NW (300)
  HIGHEST GUST SPEED    15   HIGHEST GUST DIRECTION    NW (300)


SKY COVER
  POSSIBLE SUNSHINE  MM
  AVERAGE SKY COVER 0.0


WEATHER CONDITIONS
 THE FOLLOWING WEATHER WAS RECORDED YESTERDAY.
  HAZE


RELATIVE HUMIDITY (PERCENT)
 HIGHEST    72           100 AM
 LOWEST     26           200 PM
 AVERAGE    49

..........................................................


THE STOCKTON AIRPORT CA CLIMATE NORMALS FOR TODAY
                         NORMAL    RECORD    YEAR
 MAXIMUM TEMPERATURE (F)   71        83      1966
 MINIMUM TEMPERATURE (F)   46        33      1972


SUNRISE AND SUNSET
OCTOBER 31 2014.......SUNRISE   730 AM PDT   SUNSET   607 PM PDT
NOVEMBER  1 2014......SUNRISE   731 AM PDT   SUNSET   606 PM PDT


-  INDICATES NEGATIVE NUMBERS.
R  INDICATES RECORD WAS SET OR TIED.
MM INDICATES DATA IS MISSING.
T  INDICATES TRACE AMOUNT.




$$
