000
CDUS46 KLOX 220204
CLISDB


CLIMATE REPORT
NATIONAL WEATHER SERVICE LOS ANGELES/OXNARD CA
604 PM PST SUN JAN 21 2018


...................................

...THE SANDBERG CA CLIMATE SUMMARY FOR JANUARY 21 2018...
VALID TODAY AS OF 0600 PM LOCAL TIME.

CLIMATE NORMAL PERIOD 1981 TO 2010
CLIMATE RECORD PERIOD 1934 TO 2018


WEATHER ITEM   OBSERVED TIME   RECORD YEAR NORMAL DEPARTURE LAST
                VALUE   (LST)  VALUE       VALUE  FROM      YEAR
                                                  NORMAL
..................................................................
TEMPERATURE (F)
 TODAY
  MAXIMUM         50    216 PM  63    2014  49      1       45
                                      2005
                                      1975
  MINIMUM         31    217 AM   3    1937  37     -6       33
  AVERAGE         41                        43     -2       39

PRECIPITATION (IN)
  TODAY            0.00          1.98 1939   0.07  -0.07     0.01
  MONTH TO DATE    3.07                      1.87   1.20     2.02
  SINCE OCT 1      3.12                      5.50  -2.38     5.86
  SINCE JAN 1      3.07                      1.87   1.20     2.02

DEGREE DAYS
 HEATING
  TODAY           24                        22      2       26
  MONTH TO DATE  239                       465   -226      462
  SINCE DEC 1    584                      1167   -583     1077
  SINCE JUL 1    942                      1946  -1004     1526

 COOLING
  TODAY            0                         0      0        0
  MONTH TO DATE    0                         0      0        0
  SINCE DEC 1      0                         0      0        0
  SINCE JAN 1      0                         0      0        0
..................................................................


WIND (MPH)
  HIGHEST WIND SPEED    29   HIGHEST WIND DIRECTION     N (340)
  HIGHEST GUST SPEED    34   HIGHEST GUST DIRECTION     N (340)
  AVERAGE WIND SPEED    10.4


SKY COVER
  POSSIBLE SUNSHINE  MM
  AVERAGE SKY COVER 0.0


WEATHER CONDITIONS
 THE FOLLOWING WEATHER WAS RECORDED TODAY.
  NO SIGNIFICANT WEATHER WAS OBSERVED.


RELATIVE HUMIDITY (PERCENT)
 HIGHEST    78           200 AM
 LOWEST     29           100 PM
 AVERAGE    54

..........................................................


THE SANDBERG CA CLIMATE NORMALS FOR TOMORROW
                         NORMAL    RECORD    YEAR
 MAXIMUM TEMPERATURE (F)   49        70      2014
 MINIMUM TEMPERATURE (F)   37        12      1937


SUNRISE AND SUNSET
JANUARY 21 2018.......SUNRISE   700 AM PST   SUNSET   513 PM PST
JANUARY 22 2018.......SUNRISE   659 AM PST   SUNSET   514 PM PST


-  INDICATES NEGATIVE NUMBERS.
R  INDICATES RECORD WAS SET OR TIED.
MM INDICATES DATA IS MISSING.
T  INDICATES TRACE AMOUNT.




$$
