000
CDUS46 KLOX 300116
CLISDB


CLIMATE REPORT
NATIONAL WEATHER SERVICE LOS ANGELES/OXNARD CA
616 PM PDT TUE JUL 29 2014


...................................

...THE SANDBERG CA CLIMATE SUMMARY FOR JULY 29 2014...
VALID TODAY AS OF 0600 PM LOCAL TIME.

CLIMATE NORMAL PERIOD 1981 TO 2010
CLIMATE RECORD PERIOD 1948 TO 2014


WEATHER ITEM   OBSERVED TIME   RECORD YEAR NORMAL DEPARTURE LAST
                VALUE   (LST)  VALUE       VALUE  FROM      YEAR
                                                  NORMAL
..................................................................
TEMPERATURE (F)
 TODAY
  MAXIMUM         94    110 PM 100    1995  86      8       86
  MINIMUM         73    525 AM  55    1950  65      8       65
  AVERAGE         84                        75      9       76

PRECIPITATION (IN)
  TODAY            0.00          0.01 1968   0.00   0.00     0.00
  MONTH TO DATE    0.01                      0.02  -0.01     0.06
  SINCE JUL 1      0.01                      0.02  -0.01     0.06
  SINCE JAN 1      3.59                      8.50  -4.91     2.97

DEGREE DAYS
 HEATING
  TODAY            0                         0      0        0
  MONTH TO DATE    0                         4     -4        0
  SINCE JUN 1      7                        88    -81       16
  SINCE JUL 1      0                         4     -4        0

 COOLING
  TODAY           19                        10      9       11
  MONTH TO DATE  392                       265    127      438
  SINCE JUN 1    632                       396    236      687
  SINCE JAN 1    782                       441    341      817
..................................................................


WIND (MPH)
  HIGHEST WIND SPEED    24   HIGHEST WIND DIRECTION     N (340)
  HIGHEST GUST SPEED    30   HIGHEST GUST DIRECTION     N (350)
  AVERAGE WIND SPEED    12.6


SKY COVER
  POSSIBLE SUNSHINE  MM
  AVERAGE SKY COVER 0.1


WEATHER CONDITIONS
 THE FOLLOWING WEATHER WAS RECORDED TODAY.
  NO SIGNIFICANT WEATHER WAS OBSERVED.


RELATIVE HUMIDITY (PERCENT)
 HIGHEST    29          1200 AM
 LOWEST     17          1100 AM
 AVERAGE    23

..........................................................


THE SANDBERG CA CLIMATE NORMALS FOR TOMORROW
                         NORMAL    RECORD    YEAR
 MAXIMUM TEMPERATURE (F)   86        96      1995
 MINIMUM TEMPERATURE (F)   65        52      1975


SUNRISE AND SUNSET
JULY 29 2014..........SUNRISE   603 AM PDT   SUNSET   800 PM PDT
JULY 30 2014..........SUNRISE   603 AM PDT   SUNSET   759 PM PDT


-  INDICATES NEGATIVE NUMBERS.
R  INDICATES RECORD WAS SET OR TIED.
MM INDICATES DATA IS MISSING.
T  INDICATES TRACE AMOUNT.




$$
