000
CDUS46 KLOX 230902
CLISDB


CLIMATE REPORT
NATIONAL WEATHER SERVICE LOS ANGELES/OXNARD CA
102 AM PST MON JAN 23 2017


...................................

...THE SANDBERG CA CLIMATE SUMMARY FOR JANUARY 22 2017...

CLIMATE NORMAL PERIOD 1981 TO 2010
CLIMATE RECORD PERIOD 1934 TO 2017


WEATHER ITEM   OBSERVED TIME   RECORD YEAR NORMAL DEPARTURE LAST
                VALUE   (LST)  VALUE       VALUE  FROM      YEAR
                                                  NORMAL
..................................................................
TEMPERATURE (F)
 YESTERDAY
  MAXIMUM         43    647 PM  70    2014  49     -6       59
  MINIMUM         35    400 AM  12    1937  37     -2       42
  AVERAGE         39                        43     -4       51

PRECIPITATION (IN)
  YESTERDAY        1.03          3.77 1943   0.07   0.96     0.00
  MONTH TO DATE    3.05                      1.94   1.11     2.06
  SINCE OCT 1      6.89                      5.57   1.32     3.76
  SINCE JAN 1      3.05                      1.94   1.11     2.06

DEGREE DAYS
 HEATING
  YESTERDAY       26                        22      4       14
  MONTH TO DATE  488                       487      1      467
  SINCE DEC 1   1103                      1189    -86     1152
  SINCE JUL 1   1552                      1968   -416     1768

 COOLING
  YESTERDAY        0                         0      0        0
  MONTH TO DATE    0                         0      0        0
  SINCE DEC 1      0                         0      0        0
  SINCE JAN 1      0                         0      0        0
..................................................................


WIND (MPH)
  HIGHEST WIND SPEED    41   HIGHEST WIND DIRECTION     S (180)
  HIGHEST GUST SPEED    59   HIGHEST GUST DIRECTION     S (180)
  AVERAGE WIND SPEED    25.0


SKY COVER
  POSSIBLE SUNSHINE  MM
  AVERAGE SKY COVER 1.0


WEATHER CONDITIONS
 THE FOLLOWING WEATHER WAS RECORDED YESTERDAY.
  RAIN
  LIGHT RAIN
  LIGHT SNOW
  FOG
  FOG W/VISIBILITY <= 1/4 MILE


RELATIVE HUMIDITY (PERCENT)
 HIGHEST   100           100 AM
 LOWEST     92          1200 AM
 AVERAGE    96

..........................................................


THE SANDBERG CA CLIMATE NORMALS FOR TODAY
                         NORMAL    RECORD    YEAR
 MAXIMUM TEMPERATURE (F)   49        67      1948
 MINIMUM TEMPERATURE (F)   37         9      1937


SUNRISE AND SUNSET
JANUARY 23 2017.......SUNRISE   659 AM PST   SUNSET   515 PM PST
JANUARY 24 2017.......SUNRISE   658 AM PST   SUNSET   516 PM PST


-  INDICATES NEGATIVE NUMBERS.
R  INDICATES RECORD WAS SET OR TIED.
MM INDICATES DATA IS MISSING.
T  INDICATES TRACE AMOUNT.




$$
