000
CDUS46 KLOX 281111
CLISDB


CLIMATE REPORT
NATIONAL WEATHER SERVICE LOS ANGELES/OXNARD CA
410 AM PDT SUN MAY 28 2017


...................................

...THE SANDBERG CA CLIMATE SUMMARY FOR MAY 27 2017...

CLIMATE NORMAL PERIOD 1981 TO 2010
CLIMATE RECORD PERIOD 1934 TO 2017


WEATHER ITEM   OBSERVED TIME   RECORD YEAR NORMAL DEPARTURE LAST
                VALUE   (LST)  VALUE       VALUE  FROM      YEAR
                                                  NORMAL
..................................................................
TEMPERATURE (F)
 YESTERDAY
  MAXIMUM         81   1246 PM  88    2014  71     10       78
                                      2003
  MINIMUM         47    237 AM  33    1971  51     -4       54
  AVERAGE         64                        61      3       66

PRECIPITATION (IN)
  YESTERDAY        0.00          0.11 1953   0.01  -0.01     0.00
  MONTH TO DATE    0.03                      0.38  -0.35     0.29
  SINCE OCT 1     12.79                     12.02   0.77     6.93
  SINCE JAN 1      8.95                      8.39   0.56     5.23

DEGREE DAYS
 HEATING
  YESTERDAY        1                         6     -5        0
  MONTH TO DATE  182                       230    -48      175
  SINCE MAR 1    786                      1246   -460      784
  SINCE JUL 1   3043                      4005   -962     3044

 COOLING
  YESTERDAY        0                         2     -2        1
  MONTH TO DATE   96                        30     66       31
  SINCE MAR 1    117                        38     79       50
  SINCE JAN 1    117                        38     79       50
..................................................................


WIND (MPH)
  HIGHEST WIND SPEED    24   HIGHEST WIND DIRECTION    NW (320)
  HIGHEST GUST SPEED    29   HIGHEST GUST DIRECTION     E (100)
  AVERAGE WIND SPEED    10.3


SKY COVER
  POSSIBLE SUNSHINE  MM
  AVERAGE SKY COVER 0.0


WEATHER CONDITIONS
 THE FOLLOWING WEATHER WAS RECORDED YESTERDAY.
  FOG


RELATIVE HUMIDITY (PERCENT)
 HIGHEST    93          1200 AM
 LOWEST     16           100 PM
 AVERAGE    55

..........................................................


THE SANDBERG CA CLIMATE NORMALS FOR TODAY
                         NORMAL    RECORD    YEAR
 MAXIMUM TEMPERATURE (F)   71        91      2003
 MINIMUM TEMPERATURE (F)   51        33      1971


SUNRISE AND SUNSET
MAY 28 2017...........SUNRISE   544 AM PDT   SUNSET   801 PM PDT
MAY 29 2017...........SUNRISE   544 AM PDT   SUNSET   801 PM PDT


-  INDICATES NEGATIVE NUMBERS.
R  INDICATES RECORD WAS SET OR TIED.
MM INDICATES DATA IS MISSING.
T  INDICATES TRACE AMOUNT.




$$
