000
CDUS43 KLMK 270626
CLISDF


CLIMATE REPORT
NATIONAL WEATHER SERVICE LOUISVILLE KY
226 AM EDT SAT MAY 27 2017


...................................

...THE LOUISVILLE KY CLIMATE SUMMARY FOR MAY 26 2017...

CLIMATE NORMAL PERIOD 1981 TO 2010
CLIMATE RECORD PERIOD 1871 TO 2017


WEATHER ITEM   OBSERVED TIME   RECORD YEAR NORMAL DEPARTURE LAST
                VALUE   (LST)  VALUE       VALUE  FROM      YEAR
                                                  NORMAL
..................................................................
TEMPERATURE (F)
 YESTERDAY
  MAXIMUM         83    551 PM  96    1911  80      3       82
  MINIMUM         56    602 AM  40    1979  60     -4       67
                                      1925
  AVERAGE         70                        70      0       75

PRECIPITATION (IN)
  YESTERDAY        0.00          4.00 1996   0.16  -0.16     0.48
  MONTH TO DATE    4.74                      4.46   0.28     4.56
  SINCE MAR 1     12.89                     12.64   0.25    13.24
  SINCE JAN 1     19.16                     19.06   0.10    19.06

SNOWFALL (IN)
  YESTERDAY        0.0          MM      MM   0.0    0.0      0.0
  MONTH TO DATE    0.0                       0.0    0.0      0.0
  SINCE MAR 1      T                         1.5   -1.5      0.5
  SINCE JUL 1      2.7                      12.5   -9.8     14.9
  SNOW DEPTH       0

DEGREE DAYS
 HEATING
  YESTERDAY        0                         1     -1        0
  MONTH TO DATE   74                        63     11       91
  SINCE MAR 1    622                       847   -225      630
  SINCE JUL 1   3087                      4088  -1001     3252

 COOLING
  YESTERDAY        5                         6     -1       10
  MONTH TO DATE  122                        97     25       68
  SINCE MAR 1    240                       140    100      131
  SINCE JAN 1    245                       140    105      131
..................................................................


WIND (MPH)
  HIGHEST WIND SPEED    18   HIGHEST WIND DIRECTION     S (180)
  HIGHEST GUST SPEED    22   HIGHEST GUST DIRECTION     S (160)
  AVERAGE WIND SPEED     8.1


SKY COVER
  POSSIBLE SUNSHINE  MM
  AVERAGE SKY COVER 0.5


WEATHER CONDITIONS
 THE FOLLOWING WEATHER WAS RECORDED YESTERDAY.
  FOG


RELATIVE HUMIDITY (PERCENT)
 HIGHEST    93           600 AM
 LOWEST     47           600 PM
 AVERAGE    70

..........................................................


THE LOUISVILLE KY CLIMATE NORMALS FOR TODAY
                         NORMAL    RECORD    YEAR
 MAXIMUM TEMPERATURE (F)   80        96      1911
 MINIMUM TEMPERATURE (F)   60        36      1961


SUNRISE AND SUNSET
MAY 27 2017...........SUNRISE   624 AM EDT   SUNSET   857 PM EDT
MAY 28 2017...........SUNRISE   623 AM EDT   SUNSET   858 PM EDT


-  INDICATES NEGATIVE NUMBERS.
R  INDICATES RECORD WAS SET OR TIED.
MM INDICATES DATA IS MISSING.
T  INDICATES TRACE AMOUNT.




$$
