163
CDUS43 KLMK 242032
CLISDF


CLIMATE REPORT
NATIONAL WEATHER SERVICE LOUISVILLE KY
430 PM EDT SUN SEP 24 2017


...................................

...THE LOUISVILLE KY CLIMATE SUMMARY FOR SEPTEMBER 24 2017...
VALID TODAY AS OF 0400 PM LOCAL TIME.

CLIMATE NORMAL PERIOD 1981 TO 2010
CLIMATE RECORD PERIOD 1871 TO 2017


WEATHER ITEM   OBSERVED TIME   RECORD YEAR NORMAL DEPARTURE LAST
                VALUE   (LST)  VALUE       VALUE  FROM      YEAR
                                                  NORMAL
..................................................................
TEMPERATURE (F)
 TODAY
  MAXIMUM         91    259 PM  96    2010  78     13       92
  MINIMUM         68    703 AM  39    1989  57     11       69
                                      1983
                                      1949
  AVERAGE         80                        68     12       81

PRECIPITATION (IN)
  TODAY            0.00          1.75 1926   0.10  -0.10     0.00
  MONTH TO DATE    5.47                      2.39   3.08     0.68
  SINCE SEP 1      5.47                      2.39   3.08     0.68
  SINCE JAN 1     34.88                     33.61   1.27    34.35

SNOWFALL (IN)
  TODAY            0.0          MM      MM   0.0    0.0      0.0
  MONTH TO DATE    0.0                       0.0    0.0      0.0
  SINCE SEP 1      0.0                       0.0    0.0      0.0
  SINCE JUL 1      0.0                       0.0    0.0      0.0
  SNOW DEPTH       0

DEGREE DAYS
 HEATING
  TODAY            0                         2     -2        0
  MONTH TO DATE   12                        13     -1        0
  SINCE SEP 1     12                        13     -1        0
  SINCE JUL 1     12                        13     -1        0

 COOLING
  TODAY           15                         4     11       16
  MONTH TO DATE  159                       188    -29      316
  SINCE SEP 1    159                       188    -29      316
  SINCE JAN 1   1653                      1545    108     1924
..................................................................


WIND (MPH)
  HIGHEST WIND SPEED    13   HIGHEST WIND DIRECTION     E (100)
  HIGHEST GUST SPEED    16   HIGHEST GUST DIRECTION    SE (130)
  AVERAGE WIND SPEED     3.7


SKY COVER
  POSSIBLE SUNSHINE  MM
  AVERAGE SKY COVER 0.1


WEATHER CONDITIONS
 THE FOLLOWING WEATHER WAS RECORDED TODAY.
  FOG
  HAZE


RELATIVE HUMIDITY (PERCENT)
 HIGHEST    90           400 AM
 LOWEST     28           300 PM
 AVERAGE    59

..........................................................


THE LOUISVILLE KY CLIMATE NORMALS FOR TOMORROW
                         NORMAL    RECORD    YEAR
 MAXIMUM TEMPERATURE (F)   78        95      2007
 MINIMUM TEMPERATURE (F)   57        36      1950


SUNRISE AND SUNSET
SEPTEMBER 24 2017.....SUNRISE   733 AM EDT   SUNSET   736 PM EDT
SEPTEMBER 25 2017.....SUNRISE   733 AM EDT   SUNSET   735 PM EDT


-  INDICATES NEGATIVE NUMBERS.
R  INDICATES RECORD WAS SET OR TIED.
MM INDICATES DATA IS MISSING.
T  INDICATES TRACE AMOUNT.




$$
