000
CDUS43 KLMK 280629
CLISDF


CLIMATE REPORT
NATIONAL WEATHER SERVICE LOUISVILLE KY
228 AM EDT THU AUG 28 2014


...................................

...THE LOUISVILLE KY CLIMATE SUMMARY FOR AUGUST 27 2014...

CLIMATE NORMAL PERIOD 1981 TO 2010
CLIMATE RECORD PERIOD 1871 TO 2014


WEATHER ITEM   OBSERVED TIME   RECORD YEAR NORMAL DEPARTURE LAST
                VALUE   (LST)  VALUE       VALUE  FROM      YEAR
                                                  NORMAL
..................................................................
TEMPERATURE (F)
 YESTERDAY
  MAXIMUM         94    104 PM  99    1948  88      6       92
  MINIMUM         74    458 PM  51    1946  67      7       74
  AVERAGE         84                        77      7       83

PRECIPITATION (IN)
  YESTERDAY        0.54          1.33 1914   0.09   0.45     0.00
  MONTH TO DATE    6.32                      2.97   3.35     2.39
  SINCE JUN 1     11.58                     10.99   0.59    11.95
  SINCE JAN 1     31.09                     30.86   0.23    31.00

SNOWFALL (IN)
  YESTERDAY        0.0          MM      MM   0.0    0.0      0.0
  MONTH TO DATE    0.0                       0.0    0.0      0.0
  SINCE JUN 1      0.0                       0.0    0.0      0.0
  SINCE JUL 1      0.0                       0.0    0.0      0.0
  SNOW DEPTH       0

DEGREE DAYS
 HEATING
  YESTERDAY        0                         0      0        0
  MONTH TO DATE    0                         0      0        0
  SINCE JUN 1      0                         5     -5        0
  SINCE JUL 1      0                         0      0        0

 COOLING
  YESTERDAY       19                        12      7       18
  MONTH TO DATE  363                       368     -5      325
  SINCE JUN 1   1097                      1135    -38     1034
  SINCE JAN 1   1331                      1309     22     1262
..................................................................


WIND (MPH)
  HIGHEST WIND SPEED    40   HIGHEST WIND DIRECTION     N (10)
  HIGHEST GUST SPEED    58   HIGHEST GUST DIRECTION     N (360)
  AVERAGE WIND SPEED     4.9


SKY COVER
  POSSIBLE SUNSHINE  MM
  AVERAGE SKY COVER 0.4


WEATHER CONDITIONS
 THE FOLLOWING WEATHER WAS RECORDED YESTERDAY.
  THUNDERSTORM
  HEAVY RAIN
  RAIN
  LIGHT RAIN
  FOG
  HAZE


RELATIVE HUMIDITY (PERCENT)
 HIGHEST    87           400 AM
 LOWEST     52           100 PM
 AVERAGE    70

..........................................................


THE LOUISVILLE KY CLIMATE NORMALS FOR TODAY
                         NORMAL    RECORD    YEAR
 MAXIMUM TEMPERATURE (F)   87       100      1953
                                             1936
 MINIMUM TEMPERATURE (F)   67        51      1986


SUNRISE AND SUNSET
AUGUST 28 2014........SUNRISE   709 AM EDT   SUNSET   818 PM EDT
AUGUST 29 2014........SUNRISE   710 AM EDT   SUNSET   817 PM EDT


-  INDICATES NEGATIVE NUMBERS.
R  INDICATES RECORD WAS SET OR TIED.
MM INDICATES DATA IS MISSING.
T  INDICATES TRACE AMOUNT.




$$
