000
CDUS46 KMTR 130845
CLISFD


CLIMATE REPORT
NATIONAL WEATHER SERVICE SAN FRANCISCO BAY AREA
1245 AM PST SAT FEB 13 2016


...................................

...THE SAN FRANCISCO DWTN CA CLIMATE SUMMARY FOR FEBRUARY 12 2016...

CLIMATE NORMAL PERIOD 1981 TO 2010
CLIMATE RECORD PERIOD 1850 TO 2016


WEATHER ITEM   OBSERVED TIME   RECORD YEAR NORMAL DEPARTURE LAST
                VALUE   (LST)  VALUE       VALUE  FROM      YEAR
                                                  NORMAL
..................................................................
TEMPERATURE (F)
 YESTERDAY
  MAXIMUM         69   1243 PM  80    1996  60      9       71
  MINIMUM         51    643 AM  36    1884  47      4       54
  AVERAGE         60                        54      6       63

PRECIPITATION (IN)
  YESTERDAY        0.00          2.28 1904   0.16  -0.16     0.00
  MONTH TO DATE    0.15                      1.96  -1.81     1.47
  SINCE OCT 1     13.70                     15.30  -1.60    15.92
  SINCE JAN 1      7.09                      6.46   0.63     1.47

DEGREE DAYS
 HEATING
  YESTERDAY        5                        MM     MM        2
  MONTH TO DATE   88                        MM     MM       59
  SINCE DEC 1    839                        MM     MM      614
  SINCE JUL 1   1230                        MM     MM      983

 COOLING
  YESTERDAY        0                        MM     MM        0
  MONTH TO DATE    0                         0      0        0
  SINCE DEC 1      0                         0      0        0
  SINCE JAN 1      0                         0      0        0
..................................................................







THE SAN FRANCISCO DWTN CA CLIMATE NORMALS FOR TODAY
                         NORMAL    RECORD    YEAR
 MAXIMUM TEMPERATURE (F)   60        77      1996
 MINIMUM TEMPERATURE (F)   48        36      1884


SUNRISE AND SUNSET
FEBRUARY 13 2016......SUNRISE   702 AM PST   SUNSET   546 PM PST
FEBRUARY 14 2016......SUNRISE   701 AM PST   SUNSET   547 PM PST


-  INDICATES NEGATIVE NUMBERS.
R  INDICATES RECORD WAS SET OR TIED.
MM INDICATES DATA IS MISSING.
T  INDICATES TRACE AMOUNT.




$$
