000
CDUS46 KMTR 230832
CLISFD


CLIMATE REPORT
NATIONAL WEATHER SERVICE SAN FRANCISCO BAY AREA
132 AM PDT SAT AUG 23 2014


...................................

...THE SAN FRANCISCO DWTN CA CLIMATE SUMMARY FOR AUGUST 22 2014...

CLIMATE NORMAL PERIOD 1981 TO 2010
CLIMATE RECORD PERIOD 1850 TO 2014


WEATHER ITEM   OBSERVED TIME   RECORD YEAR NORMAL DEPARTURE LAST
                VALUE   (LST)  VALUE       VALUE  FROM      YEAR
                                                  NORMAL
..................................................................
TEMPERATURE (F)
 YESTERDAY
  MAXIMUM         68   1143 AM  92    1891  69     -1       66
  MINIMUM         59    843 PM  50    1898  55      4       58
  AVERAGE         64                        62      2       62

PRECIPITATION (IN)
  YESTERDAY        0.00          0.11 1864   0.00   0.00     0.00
  MONTH TO DATE    0.01                      0.04  -0.03     0.04
  SINCE JUL 1      0.09                      0.04   0.05     0.04
  SINCE JAN 1     10.55                     14.58  -4.03     3.55

DEGREE DAYS
 HEATING
  YESTERDAY        1                        MM     MM        3
  MONTH TO DATE   52                        MM     MM       89
  SINCE JUN 1    277                        MM     MM      388
  SINCE JUL 1    126                        MM     MM      249

 COOLING
  YESTERDAY        0                        MM     MM        0
  MONTH TO DATE    0                         0      0        0
  SINCE JUN 1     17                         0     17       12
  SINCE JAN 1     66                         0     66       25
..................................................................







THE SAN FRANCISCO DWTN CA CLIMATE NORMALS FOR TODAY
                         NORMAL    RECORD    YEAR
 MAXIMUM TEMPERATURE (F)   69        89      1931
 MINIMUM TEMPERATURE (F)   55        50      1894


SUNRISE AND SUNSET
AUGUST 23 2014........SUNRISE   632 AM PDT   SUNSET   752 PM PDT
AUGUST 24 2014........SUNRISE   633 AM PDT   SUNSET   750 PM PDT


-  INDICATES NEGATIVE NUMBERS.
R  INDICATES RECORD WAS SET OR TIED.
MM INDICATES DATA IS MISSING.
T  INDICATES TRACE AMOUNT.




$$
