655
CDUS46 KMTR 250829
CLISFD


CLIMATE REPORT
NATIONAL WEATHER SERVICE SAN FRANCISCO BAY AREA
1229 AM PST SUN FEB 25 2018


...................................

...THE SAN FRANCISCO DWTN CA CLIMATE SUMMARY FOR FEBRUARY 24 2018...

CLIMATE NORMAL PERIOD 1981 TO 2010
CLIMATE RECORD PERIOD 1850 TO 2018


WEATHER ITEM   OBSERVED TIME   RECORD YEAR NORMAL DEPARTURE LAST
                VALUE   (LST)  VALUE       VALUE  FROM      YEAR
                                                  NORMAL
..................................................................
TEMPERATURE (F)
 YESTERDAY
  MAXIMUM         54    143 PM  78    1991  61     -7       54
  MINIMUM         41    743 AM  40    1891  48     -7       41
  AVERAGE         48                        55     -7       48

PRECIPITATION (IN)
  YESTERDAY        0.00          1.28 1872   0.15  -0.15     0.01
  MONTH TO DATE    0.01                      3.86  -3.85     7.36
  SINCE OCT 1      8.51                     17.20  -8.69    25.81
  SINCE JAN 1      5.22                      8.36  -3.14    16.78

DEGREE DAYS
 HEATING
  YESTERDAY       17                        MM     MM       17
  MONTH TO DATE  205                        MM     MM      232
  SINCE DEC 1    849                        MM     MM     1071
  SINCE JUL 1   1394                        MM     MM     1787

 COOLING
  YESTERDAY        0                        MM     MM        0
  MONTH TO DATE    2                         0      2        0
  SINCE DEC 1      2                         0      2        0
  SINCE JAN 1      2                         0      2        0
..................................................................







THE SAN FRANCISCO DWTN CA CLIMATE NORMALS FOR TODAY
                         NORMAL    RECORD    YEAR
 MAXIMUM TEMPERATURE (F)   61        80      1992
 MINIMUM TEMPERATURE (F)   48        38      1887


SUNRISE AND SUNSET
FEBRUARY 25 2018......SUNRISE   647 AM PST   SUNSET   559 PM PST
FEBRUARY 26 2018......SUNRISE   645 AM PST   SUNSET   600 PM PST


-  INDICATES NEGATIVE NUMBERS.
R  INDICATES RECORD WAS SET OR TIED.
MM INDICATES DATA IS MISSING.
T  INDICATES TRACE AMOUNT.




$$
