000
CDUS46 KMTR 190828
CLISFD


CLIMATE REPORT
NATIONAL WEATHER SERVICE SAN FRANCISCO BAY AREA
127 AM PDT FRI SEP 19 2014


...................................

...THE SAN FRANCISCO DWTN CA CLIMATE SUMMARY FOR SEPTEMBER 18 2014...

CLIMATE NORMAL PERIOD 1981 TO 2010
CLIMATE RECORD PERIOD 1850 TO 2014


WEATHER ITEM   OBSERVED TIME   RECORD YEAR NORMAL DEPARTURE LAST
                VALUE   (LST)  VALUE       VALUE  FROM      YEAR
                                                  NORMAL
..................................................................
TEMPERATURE (F)
 YESTERDAY
  MAXIMUM         74    243 PM  94    1912  70      4       75
  MINIMUM         62   1143 PM  49    1899  55      7       56
  AVERAGE         68                        63      5       66

PRECIPITATION (IN)
  YESTERDAY        0.04          2.01 1959   0.01   0.03     0.00
  MONTH TO DATE    0.09                      0.09   0.00     0.00
  SINCE JUL 1      0.18                      0.15   0.03     0.04
  SINCE JAN 1     10.64                     14.69  -4.05     3.55

DEGREE DAYS
 HEATING
  YESTERDAY        0                        MM     MM        0
  MONTH TO DATE   24                        MM     MM       30
  SINCE SEP 1     24                        MM     MM       30
  SINCE JUL 1    154                        MM     MM      300

 COOLING
  YESTERDAY        3                        MM     MM        1
  MONTH TO DATE   19                         0     19       14
  SINCE SEP 1     19                         0     19       14
  SINCE JAN 1     86                         0     86       42
..................................................................







THE SAN FRANCISCO DWTN CA CLIMATE NORMALS FOR TODAY
                         NORMAL    RECORD    YEAR
 MAXIMUM TEMPERATURE (F)   70        93      1919
 MINIMUM TEMPERATURE (F)   55        49      1911


SUNRISE AND SUNSET
SEPTEMBER 19 2014.....SUNRISE   655 AM PDT   SUNSET   711 PM PDT
SEPTEMBER 20 2014.....SUNRISE   656 AM PDT   SUNSET   710 PM PDT


-  INDICATES NEGATIVE NUMBERS.
R  INDICATES RECORD WAS SET OR TIED.
MM INDICATES DATA IS MISSING.
T  INDICATES TRACE AMOUNT.




$$
