000
CDUS46 KMTR 010826
CLISFD


CLIMATE REPORT
NATIONAL WEATHER SERVICE SAN FRANCISCO BAY AREA
126 AM PDT SUN MAY 1 2016


...................................

...THE SAN FRANCISCO DWTN CA CLIMATE SUMMARY FOR APRIL 30 2016...

CLIMATE NORMAL PERIOD 1981 TO 2010
CLIMATE RECORD PERIOD 1850 TO 2016


WEATHER ITEM   OBSERVED TIME   RECORD YEAR NORMAL DEPARTURE LAST
                VALUE   (LST)  VALUE       VALUE  FROM      YEAR
                                                  NORMAL
..................................................................
TEMPERATURE (F)
 YESTERDAY
  MAXIMUM         74   1243 PM  93    1996  64     10       84
  MINIMUM         53   1243 AM  45    1887  50      3       53
  AVERAGE         64                        57      7       69

PRECIPITATION (IN)
  YESTERDAY        0.00          0.71 1953   0.03  -0.03     0.00
  MONTH TO DATE    1.46                      1.46   0.00     1.30
  SINCE OCT 1     22.91                     22.52   0.39    17.34
  SINCE JAN 1     16.30                     13.68   2.62     2.89

DEGREE DAYS
 HEATING
  YESTERDAY        1                        MM     MM        0
  MONTH TO DATE  177                        MM     MM      239
  SINCE MAR 1    424                       580   -156      397
  SINCE JUL 1   1749                      2498   -749     1471

 COOLING
  YESTERDAY        0                        MM     MM        4
  MONTH TO DATE   19                         7     12        6
  SINCE MAR 1     19                         9     10       14
  SINCE JAN 1     22                         9     13       14
..................................................................







THE SAN FRANCISCO DWTN CA CLIMATE NORMALS FOR TODAY
                         NORMAL    RECORD    YEAR
 MAXIMUM TEMPERATURE (F)   64        88      1996
 MINIMUM TEMPERATURE (F)   50        43      1899


SUNRISE AND SUNSET
MAY  1 2016...........SUNRISE   613 AM PDT   SUNSET   801 PM PDT
MAY  2 2016...........SUNRISE   612 AM PDT   SUNSET   802 PM PDT


-  INDICATES NEGATIVE NUMBERS.
R  INDICATES RECORD WAS SET OR TIED.
MM INDICATES DATA IS MISSING.
T  INDICATES TRACE AMOUNT.




$$
