000
CDUS46 KMTR 010826
CLISFD


CLIMATE REPORT
NATIONAL WEATHER SERVICE SAN FRANCISCO BAY AREA
126 AM PDT FRI AUG 1 2014


...................................

...THE SAN FRANCISCO DWTN CA CLIMATE SUMMARY FOR JULY 31 2014...

CLIMATE NORMAL PERIOD 1981 TO 2010
CLIMATE RECORD PERIOD 1850 TO 2014


WEATHER ITEM   OBSERVED TIME   RECORD YEAR NORMAL DEPARTURE LAST
                VALUE   (LST)  VALUE       VALUE  FROM      YEAR
                                                  NORMAL
..................................................................
TEMPERATURE (F)
 YESTERDAY
  MAXIMUM         66    243 PM  99    1993  67     -1       63
  MINIMUM         56    143 AM  47    1893  55      1       53
  AVERAGE         61                        61      0       58

PRECIPITATION (IN)
  YESTERDAY        0.00          0.03 1949   0.00   0.00     0.00
  MONTH TO DATE    0.08                      0.00   0.08     0.00
  SINCE JUL 1      0.08                      0.00   0.08     0.00
  SINCE JAN 1     10.54                     14.54  -4.00     3.51

DEGREE DAYS
 HEATING
  YESTERDAY        4                        MM     MM        7
  MONTH TO DATE   74                        MM     MM      160
  SINCE JUN 1    225                       329   -104      299
  SINCE JUL 1     74                       155    -81      160

 COOLING
  YESTERDAY        0                        MM     MM        0
  MONTH TO DATE   16                        10      6        5
  SINCE JUN 1     17                        22     -5       12
  SINCE JAN 1     66                        39     27       25
..................................................................







THE SAN FRANCISCO DWTN CA CLIMATE NORMALS FOR TODAY
                         NORMAL    RECORD    YEAR
 MAXIMUM TEMPERATURE (F)   67        98      1993
 MINIMUM TEMPERATURE (F)   55        48      1893


SUNRISE AND SUNSET
AUGUST  1 2014........SUNRISE   613 AM PDT   SUNSET   818 PM PDT
AUGUST  2 2014........SUNRISE   614 AM PDT   SUNSET   817 PM PDT


-  INDICATES NEGATIVE NUMBERS.
R  INDICATES RECORD WAS SET OR TIED.
MM INDICATES DATA IS MISSING.
T  INDICATES TRACE AMOUNT.




$$
