000
CDUS46 KMTR 230828
CLISFD


CLIMATE REPORT
NATIONAL WEATHER SERVICE SAN FRANCISCO BAY AREA
127 AM PDT WED AUG 23 2017


...................................

...THE SAN FRANCISCO DWTN CA CLIMATE SUMMARY FOR AUGUST 22 2017...

CLIMATE NORMAL PERIOD 1981 TO 2010
CLIMATE RECORD PERIOD 1850 TO 2017


WEATHER ITEM   OBSERVED TIME   RECORD YEAR NORMAL DEPARTURE LAST
                VALUE   (LST)  VALUE       VALUE  FROM      YEAR
                                                  NORMAL
..................................................................
TEMPERATURE (F)
 YESTERDAY
  MAXIMUM         67    143 PM  92    1891  69     -2       62
  MINIMUM         59   1143 PM  50    1898  55      4       55
  AVERAGE         63                        62      1       59

PRECIPITATION (IN)
  YESTERDAY        0.00          0.11 1864   0.00   0.00     0.00
  MONTH TO DATE    0.01                      0.04  -0.03     0.02
  SINCE OCT 1     32.34                     23.42   8.92    23.10
  SINCE JAN 1     23.31                     14.58   8.73    16.49

DEGREE DAYS
 HEATING
  YESTERDAY        2                        MM     MM        6
  MONTH TO DATE   62                        MM     MM      111
  SINCE JUN 1    335                        MM     MM      419
  SINCE JUL 1    195                        MM     MM      279

 COOLING
  YESTERDAY        0                        MM     MM        0
  MONTH TO DATE    6                         0      6        0
  SINCE JUN 1     25                         0     25        5
  SINCE JAN 1     33                         0     33       31
..................................................................







THE SAN FRANCISCO DWTN CA CLIMATE NORMALS FOR TODAY
                         NORMAL    RECORD    YEAR
 MAXIMUM TEMPERATURE (F)   69        89      1931
 MINIMUM TEMPERATURE (F)   55        50      1894


SUNRISE AND SUNSET
AUGUST 23 2017........SUNRISE   632 AM PDT   SUNSET   751 PM PDT
AUGUST 24 2017........SUNRISE   633 AM PDT   SUNSET   750 PM PDT


-  INDICATES NEGATIVE NUMBERS.
R  INDICATES RECORD WAS SET OR TIED.
MM INDICATES DATA IS MISSING.
T  INDICATES TRACE AMOUNT.




$$
