000
CDUS46 KMTR 230826
CLISFD


CLIMATE REPORT
NATIONAL WEATHER SERVICE SAN FRANCISCO BAY AREA
125 AM PDT SAT MAY 23 2015


...................................

...THE SAN FRANCISCO DWTN CA CLIMATE SUMMARY FOR MAY 22 2015...

CLIMATE NORMAL PERIOD 1981 TO 2010
CLIMATE RECORD PERIOD 1850 TO 2015


WEATHER ITEM   OBSERVED TIME   RECORD YEAR NORMAL DEPARTURE LAST
                VALUE   (LST)  VALUE       VALUE  FROM      YEAR
                                                  NORMAL
..................................................................
TEMPERATURE (F)
 YESTERDAY
  MAXIMUM         61    143 PM  85    1943  65     -4       65
  MINIMUM         54    343 AM  44    1909  51      3       51
  AVERAGE         58                        58      0       58

PRECIPITATION (IN)
  YESTERDAY        0.00          0.74 1958   0.01  -0.01     0.00
  MONTH TO DATE    0.06                      0.55  -0.49     0.03
  SINCE OCT 1     17.40                     23.07  -5.67    12.10
  SINCE JAN 1      2.95                     14.23 -11.28    10.45

DEGREE DAYS
 HEATING
  YESTERDAY        7                        MM     MM        7
  MONTH TO DATE  190                        MM     MM      111
  SINCE MAR 1    587                        MM     MM      532
  SINCE JUL 1   1661                        MM     MM     2195

 COOLING
  YESTERDAY        0                        MM     MM        0
  MONTH TO DATE    0                         0      0       32
  SINCE MAR 1     14                         0     14       49
  SINCE JAN 1     14                         0     14       49
..................................................................







THE SAN FRANCISCO DWTN CA CLIMATE NORMALS FOR TODAY
                         NORMAL    RECORD    YEAR
 MAXIMUM TEMPERATURE (F)   65        91      1943
 MINIMUM TEMPERATURE (F)   52        47      1903


SUNRISE AND SUNSET
MAY 23 2015...........SUNRISE   554 AM PDT   SUNSET   819 PM PDT
MAY 24 2015...........SUNRISE   553 AM PDT   SUNSET   820 PM PDT


-  INDICATES NEGATIVE NUMBERS.
R  INDICATES RECORD WAS SET OR TIED.
MM INDICATES DATA IS MISSING.
T  INDICATES TRACE AMOUNT.




$$
