000
CDUS46 KOTX 220821
CLISFF


CLIMATE REPORT
NATIONAL WEATHER SERVICE SPOKANE, WA
121 AM PDT MON SEP 22 2014


...................................

...THE SPOKANE WA FELTS AIRPORT CLIMATE SUMMARY FOR SEPTEMBER 21 2014...

CLIMATE NORMAL PERIOD 1981 TO 2010
CLIMATE RECORD PERIOD 9999 TO 9999


WEATHER ITEM   OBSERVED TIME   RECORD YEAR NORMAL DEPARTURE LAST
                VALUE   (LST)  VALUE       VALUE  FROM      YEAR
                                                  NORMAL
..................................................................
TEMPERATURE (F)
 YESTERDAY
  MAXIMUM         89    333 PM  MM      MM  73     16       68
  MINIMUM         50    553 AM  MM      MM  45      5       48
  AVERAGE         70                        59     11       58

PRECIPITATION (IN)
  YESTERDAY        0.00         MM      MM   0.03  -0.03      T
  MONTH TO DATE    0.18                      0.55  -0.37     1.04
  SINCE OCT 1     13.58                     17.49  -3.91    17.36
  SINCE JAN 1     11.30                     11.29   0.01    10.72

SNOWFALL (IN)
  YESTERDAY       MM            MM      MM  MM     MM       MM
  MONTH TO DATE   MM                        MM     MM       MM
  SINCE SEP 1     MM                        MM     MM       MM
  SINCE JUL 1     MM                        MM     MM       MM
  SNOW DEPTH      MM

DEGREE DAYS
 HEATING
  YESTERDAY        0                         7     -7        7
  MONTH TO DATE   60                        87    -27       26
  SINCE SEP 1     60                        87    -27       26
  SINCE JUL 1     66                       133    -67       31

 COOLING
  YESTERDAY        5                         0      5        0
  MONTH TO DATE   24                        29     -5      101
  SINCE SEP 1     24                        29     -5      101
  SINCE JAN 1    629                       405    224      704
..................................................................


WIND (MPH)
  HIGHEST WIND SPEED     8   HIGHEST WIND DIRECTION     W (260)
  HIGHEST GUST SPEED    11   HIGHEST GUST DIRECTION     W (290)
  AVERAGE WIND SPEED     1.7


SKY COVER
  POSSIBLE SUNSHINE  MM
  AVERAGE SKY COVER 0.0


WEATHER CONDITIONS
 THE FOLLOWING WEATHER WAS RECORDED YESTERDAY.
  NO SIGNIFICANT WEATHER WAS OBSERVED.


RELATIVE HUMIDITY (PERCENT)
 HIGHEST    86           600 AM
 LOWEST     17           300 PM
 AVERAGE    52

..........................................................


THE SPOKANE WA FELTS AIRPORT CLIMATE NORMALS FOR TODAY
                         NORMAL    RECORD    YEAR
 MAXIMUM TEMPERATURE (F)   72        MM        MM
 MINIMUM TEMPERATURE (F)   44        MM        MM


SUNRISE AND SUNSET
SEPTEMBER 22 2014.....SUNRISE   636 AM PDT   SUNSET   647 PM PDT
SEPTEMBER 23 2014.....SUNRISE   637 AM PDT   SUNSET   645 PM PDT


-  INDICATES NEGATIVE NUMBERS.
R  INDICATES RECORD WAS SET OR TIED.
MM INDICATES DATA IS MISSING.
T  INDICATES TRACE AMOUNT.




$$
