000
CDUS46 KOTX 160824
CLISFF


CLIMATE REPORT
NATIONAL WEATHER SERVICE SPOKANE, WA
124 AM PDT WED AUG 16 2017


...................................

...THE SPOKANE WA FELTS AIRPORT CLIMATE SUMMARY FOR AUGUST 15 2017...

CLIMATE NORMAL PERIOD 1981 TO 2010
CLIMATE RECORD PERIOD 9999 TO 9999


WEATHER ITEM   OBSERVED TIME   RECORD YEAR NORMAL DEPARTURE LAST
                VALUE   (LST)  VALUE       VALUE  FROM      YEAR
                                                  NORMAL
..................................................................
TEMPERATURE (F)
 YESTERDAY
  MAXIMUM         84    332 PM  MM      MM  85     -1       95
  MINIMUM         48    415 AM  MM      MM  55     -7       56
  AVERAGE         66                        70     -4       76

PRECIPITATION (IN)
  YESTERDAY        0.00         MM      MM   0.03  -0.03     0.00
  MONTH TO DATE    0.03                      0.29  -0.26     0.07
  SINCE OCT 1     22.03                     16.53   5.50    16.35
  SINCE JAN 1     12.94                     10.33   2.61    10.81

SNOWFALL (IN)
  YESTERDAY       MM

DEGREE DAYS
 HEATING
  YESTERDAY        0                         1     -1        0
  MONTH TO DATE    0                         1     -1        5
  SINCE JUN 1     70                       140    -70      101
  SINCE JUL 1      0                        22    -22       16

 COOLING
  YESTERDAY        1                         5     -4       11
  MONTH TO DATE  153                        94     59       86
  SINCE JUN 1    538                       305    233      350
  SINCE JAN 1    566                       312    254      365
..................................................................


WIND (MPH)
  HIGHEST WIND SPEED     9   HIGHEST WIND DIRECTION     W (290)
  HIGHEST GUST SPEED    13   HIGHEST GUST DIRECTION     W (290)
  AVERAGE WIND SPEED     2.3


SKY COVER
  POSSIBLE SUNSHINE  MM
  AVERAGE SKY COVER 0.0


WEATHER CONDITIONS
 THE FOLLOWING WEATHER WAS RECORDED YESTERDAY.
  NO SIGNIFICANT WEATHER WAS OBSERVED.


RELATIVE HUMIDITY (PERCENT)
 HIGHEST    74           500 AM
 LOWEST     18           400 PM
 AVERAGE    46

..........................................................


THE SPOKANE WA FELTS AIRPORT CLIMATE NORMALS FOR TODAY
                         NORMAL    RECORD    YEAR
 MAXIMUM TEMPERATURE (F)   84        MM        MM
 MINIMUM TEMPERATURE (F)   55        MM        MM


SUNRISE AND SUNSET
AUGUST 16 2017........SUNRISE   547 AM PDT   SUNSET   759 PM PDT
AUGUST 17 2017........SUNRISE   548 AM PDT   SUNSET   758 PM PDT


-  INDICATES NEGATIVE NUMBERS.
R  INDICATES RECORD WAS SET OR TIED.
MM INDICATES DATA IS MISSING.
T  INDICATES TRACE AMOUNT.




$$
