000
CDUS46 KMTR 250025
CLISFO


CLIMATE REPORT
NATIONAL WEATHER SERVICE SAN FRANCISCO BAY AREA
525 PM PDT SUN MAY 24 2015


...................................

...THE SAN FRANCISCO AIRPORT CLIMATE SUMMARY FOR MAY 24 2015...
VALID TODAY AS OF 0500 PM LOCAL TIME.

CLIMATE NORMAL PERIOD 1981 TO 2010
CLIMATE RECORD PERIOD 1927 TO 2015


WEATHER ITEM   OBSERVED TIME   RECORD YEAR NORMAL DEPARTURE LAST
                VALUE   (LST)  VALUE       VALUE  FROM      YEAR
                                                  NORMAL
..................................................................
TEMPERATURE (F)
 TODAY
  MAXIMUM         61    145 PM  91    1982  68     -7       67
  MINIMUM         51    452 AM  45    1953  52     -1       55
  AVERAGE         56                        60     -4       61

PRECIPITATION (IN)
  TODAY            0.00          0.14 1960   0.01  -0.01     0.00
  MONTH TO DATE    0.02                      0.40  -0.38      T
  SINCE OCT 1     16.33                     20.26  -3.93     8.57
  SINCE JAN 1      3.37                     12.90  -9.53     7.31

SNOWFALL (IN)
  TODAY            0.0           0.0
  MONTH TO DATE    0.0
  SINCE MAR 1      0.0
  SINCE JUL 1      0.0
  SNOW DEPTH      MM

DEGREE DAYS
 HEATING
  TODAY            9                         5      4        4
  MONTH TO DATE  149                       146      3       61
  SINCE MAR 1    480                       708   -228      396
  SINCE JUL 1   1427                      2514  -1087     1941

 COOLING
  TODAY            0                         0      0        0
  MONTH TO DATE    0                         0      0       41
  SINCE MAR 1     13                         6      7       62
  SINCE JAN 1     13                         6      7       62
..................................................................


WIND (MPH)
  RESULTANT WIND SPEED   9   RESULTANT WIND DIRECTION   W (250)
  HIGHEST WIND SPEED    22   HIGHEST WIND DIRECTION     W (250)
  HIGHEST GUST SPEED    30   HIGHEST GUST DIRECTION     W (270)
  AVERAGE WIND SPEED     9.9


SKY COVER
  POSSIBLE SUNSHINE  MM
  AVERAGE SKY COVER 0.6


WEATHER CONDITIONS
 THE FOLLOWING WEATHER WAS RECORDED TODAY.
  NO SIGNIFICANT WEATHER WAS OBSERVED.


RELATIVE HUMIDITY (PERCENT)
 HIGHEST    89           400 AM
 LOWEST     64           200 PM
 AVERAGE    77

..........................................................


THE SAN FRANCISCO AIRPORT CLIMATE NORMALS FOR TOMORROW
                         NORMAL    RECORD    YEAR
 MAXIMUM TEMPERATURE (F)   68        87      1951
                                             1896
 MINIMUM TEMPERATURE (F)   52        45      1967
                                             1965
                                             1955


SUNRISE AND SUNSET
MAY 24 2015...........SUNRISE   554 AM PDT   SUNSET   819 PM PDT
MAY 25 2015...........SUNRISE   553 AM PDT   SUNSET   820 PM PDT


-  INDICATES NEGATIVE NUMBERS.
R  INDICATES RECORD WAS SET OR TIED.
MM INDICATES DATA IS MISSING.
T  INDICATES TRACE AMOUNT.




$$
