000
CDUS46 KMTR 300037
CLISFO


CLIMATE REPORT
NATIONAL WEATHER SERVICE SAN FRANCISCO BAY AREA
537 PM PDT SUN MAR 29 2015


...................................

...THE SAN FRANCISCO AIRPORT CLIMATE SUMMARY FOR MARCH 29 2015...
VALID TODAY AS OF 0500 PM LOCAL TIME.

CLIMATE NORMAL PERIOD 1981 TO 2010
CLIMATE RECORD PERIOD 1927 TO 2015


WEATHER ITEM   OBSERVED TIME   RECORD YEAR NORMAL DEPARTURE LAST
                VALUE   (LST)  VALUE       VALUE  FROM      YEAR
                                                  NORMAL
..................................................................
TEMPERATURE (F)
 TODAY
  MAXIMUM         71    313 PM  76    1968  63      8       60
  MINIMUM         50    601 AM  38    1975  48      2       53
  AVERAGE         61                        56      5       57

PRECIPITATION (IN)
  TODAY            0.00          1.05 1958   0.07  -0.07     0.57
  MONTH TO DATE    0.06                      2.82  -2.76     1.43
  SINCE OCT 1     15.03                     18.43  -3.40     6.46
  SINCE JAN 1      2.07                     11.07  -9.00     5.20

SNOWFALL (IN)
  TODAY            0.0           0.0
  MONTH TO DATE    0.0
  SINCE MAR 1      0.0
  SINCE JUL 1      0.0
  SNOW DEPTH      MM

DEGREE DAYS
 HEATING
  TODAY            4                        10     -6        8
  MONTH TO DATE  131                       297   -166      155
  SINCE MAR 1    131                       297   -166      155
  SINCE JUL 1   1078                      2103  -1025     1700

 COOLING
  TODAY            0                         0      0        0
  MONTH TO DATE    6                         0      6        0
  SINCE MAR 1      6                         0      6        0
  SINCE JAN 1      6                         0      6        0
..................................................................


WIND (MPH)
  RESULTANT WIND SPEED   7   RESULTANT WIND DIRECTION   W (290)
  HIGHEST WIND SPEED    24   HIGHEST WIND DIRECTION     W (290)
  HIGHEST GUST SPEED    28   HIGHEST GUST DIRECTION     W (280)
  AVERAGE WIND SPEED     8.0


SKY COVER
  POSSIBLE SUNSHINE  MM
  AVERAGE SKY COVER 0.1


WEATHER CONDITIONS
 THE FOLLOWING WEATHER WAS RECORDED TODAY.
  NO SIGNIFICANT WEATHER WAS OBSERVED.


RELATIVE HUMIDITY (PERCENT)
 HIGHEST    96           500 AM
 LOWEST     47           200 PM
 AVERAGE    72

..........................................................


THE SAN FRANCISCO AIRPORT CLIMATE NORMALS FOR TOMORROW
                         NORMAL    RECORD    YEAR
 MAXIMUM TEMPERATURE (F)   63        78      1950
 MINIMUM TEMPERATURE (F)   48        38      1955


SUNRISE AND SUNSET
MARCH 29 2015.........SUNRISE   700 AM PDT   SUNSET   730 PM PDT
MARCH 30 2015.........SUNRISE   658 AM PDT   SUNSET   730 PM PDT


-  INDICATES NEGATIVE NUMBERS.
R  INDICATES RECORD WAS SET OR TIED.
MM INDICATES DATA IS MISSING.
T  INDICATES TRACE AMOUNT.




$$
