000
CDUS46 KMTR 200825
CLISFO


CLIMATE REPORT
NATIONAL WEATHER SERVICE SAN FRANCISCO BAY AREA
125 AM PDT MON OCT 20 2014


...................................

...THE SAN FRANCISCO AIRPORT CLIMATE SUMMARY FOR OCTOBER 19 2014...

CLIMATE NORMAL PERIOD 1981 TO 2010
CLIMATE RECORD PERIOD 1927 TO 2014


WEATHER ITEM   OBSERVED TIME   RECORD YEAR NORMAL DEPARTURE LAST
                VALUE   (LST)  VALUE       VALUE  FROM      YEAR
                                                  NORMAL
..................................................................
TEMPERATURE (F)
 YESTERDAY
  MAXIMUM         74    146 PM  85    1964  70      4       74
  MINIMUM         61    645 AM  43    1949  53      8       49
  AVERAGE         68                        62      6       62

PRECIPITATION (IN)
  YESTERDAY        0.00          1.65 2004   0.03  -0.03     0.00
  MONTH TO DATE    T                         0.42  -0.42     0.00
  SINCE JUL 1      0.42                      0.63  -0.21     0.23
  SINCE JAN 1      7.73                     13.71  -5.98     2.12

SNOWFALL (IN)
  YESTERDAY        0.0           0.0
  MONTH TO DATE    0.0
  SINCE SEP 1      0.0
  SINCE JUL 1      0.0

DEGREE DAYS
 HEATING
  YESTERDAY        0                         4     -4        3
  MONTH TO DATE    2                        61    -59       48
  SINCE SEP 1      5                       114   -109       66
  SINCE JUL 1     25                       227   -202      181

 COOLING
  YESTERDAY        3                         1      2        0
  MONTH TO DATE  112                        19     93       23
  SINCE SEP 1    224                        63    161       64
  SINCE JAN 1    477                       160    317      164
..................................................................


WIND (MPH)
  RESULTANT WIND SPEED   6   RESULTANT WIND DIRECTION   W (290)
  HIGHEST WIND SPEED    20   HIGHEST WIND DIRECTION     W (280)
  HIGHEST GUST SPEED    23   HIGHEST GUST DIRECTION     W (280)
  AVERAGE WIND SPEED     7.6


SKY COVER
  POSSIBLE SUNSHINE  MM
  AVERAGE SKY COVER 0.3


WEATHER CONDITIONS
 THE FOLLOWING WEATHER WAS RECORDED YESTERDAY.
  NO SIGNIFICANT WEATHER WAS OBSERVED.


RELATIVE HUMIDITY (PERCENT)
 HIGHEST    90           600 AM
 LOWEST     64           200 PM
 AVERAGE    77

..........................................................


THE SAN FRANCISCO AIRPORT CLIMATE NORMALS FOR TODAY
                         NORMAL    RECORD    YEAR
 MAXIMUM TEMPERATURE (F)   70        89      1991
 MINIMUM TEMPERATURE (F)   53        37      1949


SUNRISE AND SUNSET
OCTOBER 20 2014.......SUNRISE   723 AM PDT   SUNSET   625 PM PDT
OCTOBER 21 2014.......SUNRISE   724 AM PDT   SUNSET   624 PM PDT


-  INDICATES NEGATIVE NUMBERS.
R  INDICATES RECORD WAS SET OR TIED.
MM INDICATES DATA IS MISSING.
T  INDICATES TRACE AMOUNT.




$$
