000
CDUS43 KSGF 250645
CLISGF


CLIMATE REPORT
NATIONAL WEATHER SERVICE SPRINGFIELD MO
145 AM CDT MON SEP 25 2017


...................................

...THE SPRINGFIELD MO CLIMATE SUMMARY FOR SEPTEMBER 24 2017...

CLIMATE NORMAL PERIOD 1981 TO 2010
CLIMATE RECORD PERIOD 1888 TO 2017


WEATHER ITEM   OBSERVED TIME   RECORD YEAR NORMAL DEPARTURE LAST
                VALUE   (LST)  VALUE       VALUE  FROM      YEAR
                                                  NORMAL
..................................................................
TEMPERATURE (F)
 YESTERDAY
  MAXIMUM         90    121 PM  92    1939  77     13       91
  MINIMUM         67    641 AM  32    1989  54     13       69
  AVERAGE         79                        65     14       80

PRECIPITATION (IN)
  YESTERDAY        0.04          5.03 1993   0.15  -0.11     0.00
  MONTH TO DATE    0.47                      3.71  -3.24     3.70
  SINCE SEP 1      0.47                      3.71  -3.24     3.70
  SINCE JAN 1     43.05                     33.82   9.23    29.32

SNOWFALL (IN)
  YESTERDAY        0.0
  MONTH TO DATE    0.0
  SINCE SEP 1      0.0
  SINCE JUL 1      0.0
  SNOW DEPTH       0

DEGREE DAYS
 HEATING
  YESTERDAY        0                         3     -3        0
  MONTH TO DATE    6                        29    -23        0
  SINCE SEP 1      6                        29    -23        0
  SINCE JUL 1      6                        31    -25        0

 COOLING
  YESTERDAY       14                         3     11       15
  MONTH TO DATE  189                       155     34      258
  SINCE SEP 1    189                       155     34      258
  SINCE JAN 1   1347                      1341      6     1690
..................................................................


WIND (MPH)
  HIGHEST WIND SPEED    23   HIGHEST WIND DIRECTION    SW (240)
  HIGHEST GUST SPEED    29   HIGHEST GUST DIRECTION    SW (240)
  AVERAGE WIND SPEED     7.7


SKY COVER
  AVERAGE SKY COVER 0.1


WEATHER CONDITIONS
 THE FOLLOWING WEATHER WAS RECORDED YESTERDAY.
  THUNDERSTORM
  LIGHT RAIN


RELATIVE HUMIDITY (PERCENT)
 HIGHEST    93           500 AM
 LOWEST     46           200 PM
 AVERAGE    70

..........................................................


THE SPRINGFIELD MO CLIMATE NORMALS FOR TODAY
                         NORMAL    RECORD    YEAR
 MAXIMUM TEMPERATURE (F)   76        95      1939
 MINIMUM TEMPERATURE (F)   54        36      1989


SUNRISE AND SUNSET
SEPTEMBER 25 2017.....SUNRISE   704 AM CDT   SUNSET   705 PM CDT
SEPTEMBER 26 2017.....SUNRISE   705 AM CDT   SUNSET   704 PM CDT


-  INDICATES NEGATIVE NUMBERS.
R  INDICATES RECORD WAS SET OR TIED.
MM INDICATES DATA IS MISSING.
T  INDICATES TRACE AMOUNT.




$$
