359
CDUS43 KSGF 230627
CLISGF


CLIMATE REPORT
NATIONAL WEATHER SERVICE SPRINGFIELD MO
1226 AM CST THU NOV 23 2017


...................................

...THE SPRINGFIELD MO CLIMATE SUMMARY FOR NOVEMBER 22 2017...

CLIMATE NORMAL PERIOD 1981 TO 2010
CLIMATE RECORD PERIOD 1888 TO 2017


WEATHER ITEM   OBSERVED TIME   RECORD YEAR NORMAL DEPARTURE LAST
                VALUE   (LST)  VALUE       VALUE  FROM      YEAR
                                                  NORMAL
..................................................................
TEMPERATURE (F)
 YESTERDAY
  MAXIMUM         46    410 PM  76    1900  54     -8       58
  MINIMUM         20    535 AM   6    1898  33    -13       47
  AVERAGE         33                        43    -10       53

PRECIPITATION (IN)
  YESTERDAY        0.00          0.95 1899   0.14  -0.14     0.05
  MONTH TO DATE    0.37                      3.12  -2.75     2.26
  SINCE SEP 1      3.45                     11.32  -7.87     9.95
  SINCE JAN 1     46.03                     41.43   4.60    35.57

SNOWFALL (IN)
  YESTERDAY        0.0
  MONTH TO DATE    0.0
  SINCE SEP 1      0.0
  SINCE JUL 1      0.0
  SNOW DEPTH       0

DEGREE DAYS
 HEATING
  YESTERDAY       32                        22     10       12
  MONTH TO DATE  345                       379    -34      241
  SINCE SEP 1    584                       685   -101      343
  SINCE JUL 1    584                       687   -103      343

 COOLING
  YESTERDAY        0                         0      0        0
  MONTH TO DATE    4                         0      4       17
  SINCE SEP 1    309                       201    108      376
  SINCE JAN 1   1467                      1387     80     1808
..................................................................


WIND (MPH)
  HIGHEST WIND SPEED    14   HIGHEST WIND DIRECTION     N (360)
  HIGHEST GUST SPEED    17   HIGHEST GUST DIRECTION     N (360)
  AVERAGE WIND SPEED     4.5


SKY COVER
  AVERAGE SKY COVER 0.0


WEATHER CONDITIONS
 THE FOLLOWING WEATHER WAS RECORDED YESTERDAY.
  NO SIGNIFICANT WEATHER WAS OBSERVED.


RELATIVE HUMIDITY (PERCENT)
 HIGHEST    84           600 AM
 LOWEST     27           400 PM
 AVERAGE    56

..........................................................


THE SPRINGFIELD MO CLIMATE NORMALS FOR TODAY
                         NORMAL    RECORD    YEAR
 MAXIMUM TEMPERATURE (F)   53        74      1974
 MINIMUM TEMPERATURE (F)   32         8      1950


SUNRISE AND SUNSET
NOVEMBER 23 2017......SUNRISE   701 AM CST   SUNSET   459 PM CST
NOVEMBER 24 2017......SUNRISE   702 AM CST   SUNSET   458 PM CST


-  INDICATES NEGATIVE NUMBERS.
R  INDICATES RECORD WAS SET OR TIED.
MM INDICATES DATA IS MISSING.
T  INDICATES TRACE AMOUNT.




$$
