000
CDUS45 KBYZ 270938
CLISHR


CLIMATE REPORT
NATIONAL WEATHER SERVICE BILLINGS MT
336 AM MDT MON MAR 27 2017


...................................

...THE SHERIDAN WY CLIMATE SUMMARY FOR MARCH 26 2017...

CLIMATE NORMAL PERIOD 1981 TO 2010
CLIMATE RECORD PERIOD 1907 TO 2017


WEATHER ITEM   OBSERVED TIME   RECORD YEAR NORMAL DEPARTURE LAST
                VALUE   (LST)  VALUE       VALUE  FROM      YEAR
                                                  NORMAL
..................................................................
TEMPERATURE (F)
 YESTERDAY
  MAXIMUM         58    318 PM  76    2012  52      6       47
                                      2004
  MINIMUM         31    622 AM -16    1913  25      6       27
  AVERAGE         45                        38      7       37

PRECIPITATION (IN)
  YESTERDAY        0.02          0.28 1935   0.04  -0.02     0.00
  MONTH TO DATE    1.86                      0.78   1.08     0.85
  SINCE OCT 1      7.29                      4.56   2.73     4.45
  SINCE JAN 1      3.56                      1.88   1.68     2.30

DEGREE DAYS
 HEATING
  YESTERDAY       20                        27     -7       28
  MONTH TO DATE  629                       795   -166      640
  SINCE MAR 1    629                       795   -166      640
  SINCE JUL 1   6151                      6330   -179     5386

 COOLING
  YESTERDAY        0                         0      0        0
  MONTH TO DATE    0                         0      0        0
  SINCE MAR 1      0                         0      0        0
  SINCE JAN 1      0                         0      0        0
..................................................................


WIND (MPH)
  HIGHEST WIND SPEED    12   HIGHEST WIND DIRECTION    SE (140)
  HIGHEST GUST SPEED    15   HIGHEST GUST DIRECTION    SE (130)
  AVERAGE WIND SPEED     3.7


SKY COVER
  POSSIBLE SUNSHINE  MM
  AVERAGE SKY COVER 0.3


WEATHER CONDITIONS
 THE FOLLOWING WEATHER WAS RECORDED YESTERDAY.
  LIGHT RAIN


RELATIVE HUMIDITY (PERCENT)
 HIGHEST   100          1200 AM
 LOWEST     26           500 PM
 AVERAGE    63

..........................................................


THE SHERIDAN WY CLIMATE NORMALS FOR TODAY
                         NORMAL    RECORD    YEAR
 MAXIMUM TEMPERATURE (F)   52        75      1986
 MINIMUM TEMPERATURE (F)   25        -3      1937
                                             1931


SUNRISE AND SUNSET
MARCH 27 2017.........SUNRISE   657 AM MDT   SUNSET   730 PM MDT
MARCH 28 2017.........SUNRISE   655 AM MDT   SUNSET   731 PM MDT


-  INDICATES NEGATIVE NUMBERS.
R  INDICATES RECORD WAS SET OR TIED.
MM INDICATES DATA IS MISSING.
T  INDICATES TRACE AMOUNT.




$$
