000
CDUS45 KBYZ 252222
CLISHR


CLIMATE REPORT
NATIONAL WEATHER SERVICE BILLINGS MT
421 PM MDT THU AUG 25 2016


...................................

...THE SHERIDAN WY CLIMATE SUMMARY FOR AUGUST 25 2016...
VALID TODAY AS OF 0400 PM LOCAL TIME.

CLIMATE NORMAL PERIOD 1981 TO 2010
CLIMATE RECORD PERIOD 1907 TO 2016


WEATHER ITEM   OBSERVED TIME   RECORD YEAR NORMAL DEPARTURE LAST
                VALUE   (LST)  VALUE       VALUE  FROM      YEAR
                                                  NORMAL
..................................................................
TEMPERATURE (F)
 TODAY
  MAXIMUM         70    230 PM 102    1991  84    -14       94
  MINIMUM         43    602 AM  26    1910  50     -7       47
  AVERAGE         57                        67    -10       71

PRECIPITATION (IN)
  TODAY            0.00          0.43 1950   0.03  -0.03     0.00
  MONTH TO DATE    1.44                      0.56   0.88     0.56
  SINCE OCT 1     11.66                     12.57  -0.91    15.82
  SINCE JAN 1      9.51                      9.89  -0.38    13.43

DEGREE DAYS
 HEATING
  TODAY            8                         2      6        0
  MONTH TO DATE   31                        21     10       44
  SINCE JUN 1     53                       196   -143      108
  SINCE JUL 1     37                        47    -10       64

 COOLING
  TODAY            0                         4     -4        6
  MONTH TO DATE  129                       141    -12      135
  SINCE JUN 1    490                       369    121      361
  SINCE JAN 1    492                       373    119      361
..................................................................


WIND (MPH)
  HIGHEST WIND SPEED    15   HIGHEST WIND DIRECTION    SE (130)
  HIGHEST GUST SPEED    18   HIGHEST GUST DIRECTION    SE (130)
  AVERAGE WIND SPEED     4.6


SKY COVER
  POSSIBLE SUNSHINE  MM
  AVERAGE SKY COVER 0.5


WEATHER CONDITIONS
 THE FOLLOWING WEATHER WAS RECORDED TODAY.
  NO SIGNIFICANT WEATHER WAS OBSERVED.


RELATIVE HUMIDITY (PERCENT)
 HIGHEST    83           500 AM
 LOWEST     33           200 PM
 AVERAGE    58

..........................................................


THE SHERIDAN WY CLIMATE NORMALS FOR TOMORROW
                         NORMAL    RECORD    YEAR
 MAXIMUM TEMPERATURE (F)   84       102      1926
 MINIMUM TEMPERATURE (F)   49        30      1910


SUNRISE AND SUNSET
AUGUST 25 2016........SUNRISE   623 AM MDT   SUNSET   756 PM MDT
AUGUST 26 2016........SUNRISE   624 AM MDT   SUNSET   754 PM MDT


-  INDICATES NEGATIVE NUMBERS.
R  INDICATES RECORD WAS SET OR TIED.
MM INDICATES DATA IS MISSING.
T  INDICATES TRACE AMOUNT.




$$
