994
CDUS45 KBYZ 270933
CLISHR


CLIMATE REPORT
NATIONAL WEATHER SERVICE BILLINGS MT
332 AM MDT WED JUL 27 2016


...................................

...THE SHERIDAN WY CLIMATE SUMMARY FOR JULY 26 2016...

CLIMATE NORMAL PERIOD 1981 TO 2010
CLIMATE RECORD PERIOD 1907 TO 2016


WEATHER ITEM   OBSERVED TIME   RECORD YEAR NORMAL DEPARTURE LAST
                VALUE   (LST)  VALUE       VALUE  FROM      YEAR
                                                  NORMAL
..................................................................
TEMPERATURE (F)
 YESTERDAY
  MAXIMUM         91   1252 PM 103    1929  89      2       96
  MINIMUM         65   1153 PM  41    1971  54     11       53
  AVERAGE         78                        72      6       75

PRECIPITATION (IN)
  YESTERDAY        0.00          0.98 1981   0.03  -0.03     0.00
  MONTH TO DATE    0.16                      1.01  -0.85     0.69
  SINCE OCT 1     10.16                     11.84  -1.68    15.11
  SINCE JAN 1      8.01                      9.16  -1.15    12.72

DEGREE DAYS
 HEATING
  YESTERDAY        0                         0      0        0
  MONTH TO DATE    6                        24    -18       15
  SINCE JUN 1     22                       173   -151       59
  SINCE JUL 1      6                        24    -18       15

 COOLING
  YESTERDAY       13                         7      6       10
  MONTH TO DATE  189                       149     40      132
  SINCE JUN 1    312                       195    117      211
  SINCE JAN 1    314                       199    115      211
..................................................................


WIND (MPH)
  HIGHEST WIND SPEED    33   HIGHEST WIND DIRECTION    NW (300)
  HIGHEST GUST SPEED    41   HIGHEST GUST DIRECTION    NW (310)
  AVERAGE WIND SPEED     8.0


SKY COVER
  POSSIBLE SUNSHINE  MM
  AVERAGE SKY COVER 0.0


WEATHER CONDITIONS
 THE FOLLOWING WEATHER WAS RECORDED YESTERDAY.
  NO SIGNIFICANT WEATHER WAS OBSERVED.


RELATIVE HUMIDITY (PERCENT)
 HIGHEST    58          1100 PM
 LOWEST     21           100 PM
 AVERAGE    40

..........................................................


THE SHERIDAN WY CLIMATE NORMALS FOR TODAY
                         NORMAL    RECORD    YEAR
 MAXIMUM TEMPERATURE (F)   89       103      1931
 MINIMUM TEMPERATURE (F)   54        45      2014
                                             1911


SUNRISE AND SUNSET
JULY 27 2016..........SUNRISE   549 AM MDT   SUNSET   839 PM MDT
JULY 28 2016..........SUNRISE   550 AM MDT   SUNSET   838 PM MDT


-  INDICATES NEGATIVE NUMBERS.
R  INDICATES RECORD WAS SET OR TIED.
MM INDICATES DATA IS MISSING.
T  INDICATES TRACE AMOUNT.




$$
