000
CDUS45 KBYZ 242336
CLISHR


CLIMATE REPORT
NATIONAL WEATHER SERVICE BILLINGS MT
431 PM MST FRI FEB 24 2017


...................................

...THE SHERIDAN WY CLIMATE SUMMARY FOR FEBRUARY 24 2017...
VALID TODAY AS OF 0400 PM LOCAL TIME.

CLIMATE NORMAL PERIOD 1981 TO 2010
CLIMATE RECORD PERIOD 1907 TO 2017


WEATHER ITEM   OBSERVED TIME   RECORD YEAR NORMAL DEPARTURE LAST
                VALUE   (LST)  VALUE       VALUE  FROM      YEAR
                                                  NORMAL
..................................................................
TEMPERATURE (F)
 TODAY
  MAXIMUM         28    332 PM  72    1995  41    -13       42
  MINIMUM         18    451 AM -20    2003  16      2       17
  AVERAGE         23                        29     -6       30

PRECIPITATION (IN)
  TODAY            0.00          0.22 2002   0.02  -0.02     0.00
  MONTH TO DATE    0.62                      0.46   0.16     0.88
  SINCE OCT 1      5.39                      3.70   1.69     3.59
  SINCE JAN 1      1.66                      1.02   0.64     1.44

DEGREE DAYS
 HEATING
  TODAY           42                        36      6       35
  MONTH TO DATE  839                       931    -92      695
  SINCE DEC 1   3883                      3513    370     3078
  SINCE JUL 1   5360                      5391    -31     4630

 COOLING
  TODAY            0                         0      0        0
  MONTH TO DATE    0                         0      0        0
  SINCE DEC 1      0                         0      0        0
  SINCE JAN 1      0                         0      0        0
..................................................................


WIND (MPH)
  HIGHEST WIND SPEED    23   HIGHEST WIND DIRECTION    SE (140)
  HIGHEST GUST SPEED    30   HIGHEST GUST DIRECTION    SE (130)
  AVERAGE WIND SPEED    11.5


SKY COVER
  POSSIBLE SUNSHINE  MM
  AVERAGE SKY COVER 0.8


WEATHER CONDITIONS
 THE FOLLOWING WEATHER WAS RECORDED TODAY.
  NO SIGNIFICANT WEATHER WAS OBSERVED.


RELATIVE HUMIDITY (PERCENT)
 HIGHEST    84           200 AM
 LOWEST     69           300 PM
 AVERAGE    77

..........................................................


THE SHERIDAN WY CLIMATE NORMALS FOR TOMORROW
                         NORMAL    RECORD    YEAR
 MAXIMUM TEMPERATURE (F)   42        69      1983
 MINIMUM TEMPERATURE (F)   16       -19      1934


SUNRISE AND SUNSET
FEBRUARY 24 2017......SUNRISE   653 AM MST   SUNSET   549 PM MST
FEBRUARY 25 2017......SUNRISE   652 AM MST   SUNSET   551 PM MST


-  INDICATES NEGATIVE NUMBERS.
R  INDICATES RECORD WAS SET OR TIED.
MM INDICATES DATA IS MISSING.
T  INDICATES TRACE AMOUNT.




$$
