000
CDUS45 KBYZ 230723
CLISHR


CLIMATE REPORT
NATIONAL WEATHER SERVICE BILLINGS MT
123 AM MDT WED AUG 23 2017


...................................

...THE SHERIDAN WY CLIMATE SUMMARY FOR AUGUST 22 2017...

CLIMATE NORMAL PERIOD 1981 TO 2010
CLIMATE RECORD PERIOD 1907 TO 2017


WEATHER ITEM   OBSERVED TIME   RECORD YEAR NORMAL DEPARTURE LAST
                VALUE   (LST)  VALUE       VALUE  FROM      YEAR
                                                  NORMAL
..................................................................
TEMPERATURE (F)
 YESTERDAY
  MAXIMUM         89    412 PM 100    2006  85      4       95
  MINIMUM         43    533 AM  35    1966  51     -8       53
  AVERAGE         66                        68     -2       74

PRECIPITATION (IN)
  YESTERDAY        0.00          0.46 2004   0.02  -0.02     0.00
  MONTH TO DATE    0.42                      0.49  -0.07     1.44
  SINCE OCT 1     17.61                     12.50   5.11    11.66
  SINCE JAN 1     13.88                      9.82   4.06     9.51

DEGREE DAYS
 HEATING
  YESTERDAY        0                         1     -1        0
  MONTH TO DATE   24                        16      8       16
  SINCE JUN 1    102                       191    -89       38
  SINCE JUL 1     24                        42    -18       22

 COOLING
  YESTERDAY        1                         4     -3        9
  MONTH TO DATE   41                       129    -88      129
  SINCE JUN 1    366                       357      9      490
  SINCE JAN 1    366                       361      5      492
..................................................................


WIND (MPH)
  HIGHEST WIND SPEED    10   HIGHEST WIND DIRECTION    NE (30)
  HIGHEST GUST SPEED    16   HIGHEST GUST DIRECTION    NE (30)
  AVERAGE WIND SPEED     2.6


SKY COVER
  POSSIBLE SUNSHINE  MM
  AVERAGE SKY COVER 0.0


WEATHER CONDITIONS
 THE FOLLOWING WEATHER WAS RECORDED YESTERDAY.
  NO SIGNIFICANT WEATHER WAS OBSERVED.


RELATIVE HUMIDITY (PERCENT)
 HIGHEST    76           400 AM
 LOWEST     14           300 PM
 AVERAGE    45

..........................................................


THE SHERIDAN WY CLIMATE NORMALS FOR TODAY
                         NORMAL    RECORD    YEAR
 MAXIMUM TEMPERATURE (F)   85       100      1937
 MINIMUM TEMPERATURE (F)   50        30      2015


SUNRISE AND SUNSET
AUGUST 23 2017........SUNRISE   620 AM MDT   SUNSET   800 PM MDT
AUGUST 24 2017........SUNRISE   621 AM MDT   SUNSET   758 PM MDT


-  INDICATES NEGATIVE NUMBERS.
R  INDICATES RECORD WAS SET OR TIED.
MM INDICATES DATA IS MISSING.
T  INDICATES TRACE AMOUNT.




$$
