000
CDUS45 KBYZ 230937
CLISHR


CLIMATE REPORT
NATIONAL WEATHER SERVICE BILLINGS MT
336 AM MDT WED APR 23 2014


...................................

...THE SHERIDAN WY CLIMATE SUMMARY FOR APRIL 22 2014...

CLIMATE NORMAL PERIOD 1981 TO 2010
CLIMATE RECORD PERIOD 1907 TO 2014


WEATHER ITEM   OBSERVED TIME   RECORD YEAR NORMAL DEPARTURE LAST
                VALUE   (LST)  VALUE       VALUE  FROM      YEAR
                                                  NORMAL
..................................................................
TEMPERATURE (F)
 YESTERDAY
  MAXIMUM         73    317 PM  83    1994  59     14       27
                                      1989
                                      1986
  MINIMUM         42    324 AM   4    2013  31     11        4
  AVERAGE         58                        45     13       16

PRECIPITATION (IN)
  YESTERDAY        0.00          1.61 1958   0.06  -0.06     0.20
  MONTH TO DATE    1.21                      1.04   0.17     1.93
  SINCE OCT 1      8.51                      5.80   2.71     6.49
  SINCE JAN 1      4.75                      3.12   1.63     3.95

SNOWFALL (IN)
  YESTERDAY       MM            14.5  1958   0.3   MM       MM
  MONTH TO DATE   MM                         7.5   MM       MM
  SINCE MAR 1     MM                        18.9   MM       MM
  SINCE JUL 1     MM                        68.0   MM       MM
  SNOW DEPTH      MM

DEGREE DAYS
 HEATING
  YESTERDAY        7                        20    -13       49
  MONTH TO DATE  478                       495    -17      645
  SINCE MAR 1   1467                      1419     48     1601
  SINCE JUL 1   7217                      6954    263     6924

 COOLING
  YESTERDAY        0                         0      0        0
  MONTH TO DATE    0                         0      0        0
  SINCE MAR 1      0                         0      0        0
  SINCE JAN 1      0                         0      0        0
..................................................................


WIND (MPH)
  HIGHEST WIND SPEED    29   HIGHEST WIND DIRECTION    SE (130)
  HIGHEST GUST SPEED    38   HIGHEST GUST DIRECTION    SE (130)
  AVERAGE WIND SPEED     5.7


SKY COVER
  POSSIBLE SUNSHINE  MM
  AVERAGE SKY COVER 0.1


WEATHER CONDITIONS
 THE FOLLOWING WEATHER WAS RECORDED YESTERDAY.
  NO SIGNIFICANT WEATHER WAS OBSERVED.


RELATIVE HUMIDITY (PERCENT)
 HIGHEST    83           600 AM
 LOWEST     19           200 PM
 AVERAGE    51

..........................................................


THE SHERIDAN WY CLIMATE NORMALS FOR TODAY
                         NORMAL    RECORD    YEAR
 MAXIMUM TEMPERATURE (F)   60        85      2012
 MINIMUM TEMPERATURE (F)   32        -2      2013


SUNRISE AND SUNSET
APRIL 23 2014.........SUNRISE   610 AM MDT   SUNSET   803 PM MDT
APRIL 24 2014.........SUNRISE   608 AM MDT   SUNSET   804 PM MDT


-  INDICATES NEGATIVE NUMBERS.
R  INDICATES RECORD WAS SET OR TIED.
MM INDICATES DATA IS MISSING.
T  INDICATES TRACE AMOUNT.




$$
