000
CDUS45 KBYZ 300934
CLISHR


CLIMATE REPORT
NATIONAL WEATHER SERVICE BILLINGS MT
332 AM MDT FRI SEP 30 2016


...................................

...THE SHERIDAN WY CLIMATE SUMMARY FOR SEPTEMBER 29 2016...

CLIMATE NORMAL PERIOD 1981 TO 2010
CLIMATE RECORD PERIOD 1907 TO 2016


WEATHER ITEM   OBSERVED TIME   RECORD YEAR NORMAL DEPARTURE LAST
                VALUE   (LST)  VALUE       VALUE  FROM      YEAR
                                                  NORMAL
..................................................................
TEMPERATURE (F)
 YESTERDAY
  MAXIMUM         75    423 PM  91    1989  67      8       80
  MINIMUM         41    618 AM  20    1985  37      4       36
                                      1984
  AVERAGE         58                        52      6       58

PRECIPITATION (IN)
  YESTERDAY        0.00          0.96 1923   0.06  -0.06     0.00
  MONTH TO DATE    3.71                      1.38   2.33     0.27
  SINCE OCT 1     15.37                     14.11   1.26    16.13
  SINCE JAN 1     13.22                     11.43   1.79    13.74

DEGREE DAYS
 HEATING
  YESTERDAY        7                        13     -6        7
  MONTH TO DATE  183                       227    -44       88
  SINCE SEP 1    183                       227    -44       88
  SINCE JUL 1    226                       289    -63      152

 COOLING
  YESTERDAY        0                         0      0        0
  MONTH TO DATE   30                        26      4       65
  SINCE SEP 1     30                        26      4       65
  SINCE JAN 1    549                       416    133      474
..................................................................


WIND (MPH)
  HIGHEST WIND SPEED    16   HIGHEST WIND DIRECTION     S (170)
  HIGHEST GUST SPEED    21   HIGHEST GUST DIRECTION     S (160)
  AVERAGE WIND SPEED     2.6


SKY COVER
  POSSIBLE SUNSHINE  MM
  AVERAGE SKY COVER 0.0


WEATHER CONDITIONS
 THE FOLLOWING WEATHER WAS RECORDED YESTERDAY.
  NO SIGNIFICANT WEATHER WAS OBSERVED.


RELATIVE HUMIDITY (PERCENT)
 HIGHEST    83           500 AM
 LOWEST     40          1200 AM
 AVERAGE    62

..........................................................


THE SHERIDAN WY CLIMATE NORMALS FOR TODAY
                         NORMAL    RECORD    YEAR
 MAXIMUM TEMPERATURE (F)   67        91      1989
                                             1963
 MINIMUM TEMPERATURE (F)   36        18      1985


SUNRISE AND SUNSET
SEPTEMBER 30 2016.....SUNRISE   705 AM MDT   SUNSET   649 PM MDT
OCTOBER  1 2016.......SUNRISE   706 AM MDT   SUNSET   647 PM MDT


-  INDICATES NEGATIVE NUMBERS.
R  INDICATES RECORD WAS SET OR TIED.
MM INDICATES DATA IS MISSING.
T  INDICATES TRACE AMOUNT.




$$
