000
CDUS44 KSHV 190850
CLISHV


CLIMATE REPORT
NATIONAL WEATHER SERVICE SHREVEPORT, LA
249 AM CST SUN NOV 19 2017


...................................

...THE SHREVEPORT CLIMATE SUMMARY FOR NOVEMBER 18 2017...

CLIMATE NORMAL PERIOD 1981 TO 2010
CLIMATE RECORD PERIOD 1874 TO 2017


WEATHER ITEM   OBSERVED TIME   RECORD YEAR NORMAL DEPARTURE LAST
                VALUE   (LST)  VALUE       VALUE  FROM      YEAR
                                                  NORMAL
..................................................................
TEMPERATURE (F)
 YESTERDAY
  MAXIMUM         83R   124 PM  83    1985  67     16       82
                                      1942
                                      1921
  MINIMUM         49   1159 PM  18    1880  44      5       50
  AVERAGE         66                        56     10       66

PRECIPITATION (IN)
  YESTERDAY        0.00          3.10 1971   0.14  -0.14     0.49
  MONTH TO DATE    1.43                      2.76  -1.33     0.85
  SINCE DEC 1     35.80                     49.64 -13.84    55.25
  SINCE JAN 1     32.66                     44.87 -12.21    52.36

SNOWFALL (IN)
  YESTERDAY        0.0
  MONTH TO DATE    0.0
  SINCE SEP 1      0.0
  SINCE JUL 1      0.0
  SNOW DEPTH       0

DEGREE DAYS
 HEATING
  YESTERDAY        0                        10    -10        0
  MONTH TO DATE   51                       139    -88       29
  SINCE SEP 1    130                       225    -95       40
  SINCE JUL 1    130                       225    -95       40

 COOLING
  YESTERDAY        1                         1      0        1
  MONTH TO DATE   82                        22     60       48
  SINCE SEP 1    645                       509    136      768
  SINCE JAN 1   2752                      2471    281     3009
..................................................................


WIND (MPH)
  HIGHEST WIND SPEED    32   HIGHEST WIND DIRECTION    NW (310)
  HIGHEST GUST SPEED    41   HIGHEST GUST DIRECTION    NW (300)
  AVERAGE WIND SPEED    17.3


SKY COVER
  POSSIBLE SUNSHINE  MM
  AVERAGE SKY COVER 0.7


WEATHER CONDITIONS
 THE FOLLOWING WEATHER WAS RECORDED YESTERDAY.
  NO SIGNIFICANT WEATHER WAS OBSERVED.


RELATIVE HUMIDITY (PERCENT)
 HIGHEST    90           100 AM
 LOWEST     35           200 PM
 AVERAGE    63

..........................................................


THE SHREVEPORT CLIMATE NORMALS FOR TODAY
                         NORMAL    RECORD    YEAR
 MAXIMUM TEMPERATURE (F)   66        83      1985
                                             1950
 MINIMUM TEMPERATURE (F)   44        20      1903


SUNRISE AND SUNSET
NOVEMBER 19 2017......SUNRISE   649 AM CST   SUNSET   513 PM CST
NOVEMBER 20 2017......SUNRISE   650 AM CST   SUNSET   512 PM CST


-  INDICATES NEGATIVE NUMBERS.
R  INDICATES RECORD WAS SET OR TIED.
MM INDICATES DATA IS MISSING.
T  INDICATES TRACE AMOUNT.




$$
