000
CDUS44 KSHV 290747
CLISHV


CLIMATE REPORT
NATIONAL WEATHER SERVICE SHREVEPORT, LA
246 AM CDT MON MAY 29 2017


...................................

...THE SHREVEPORT CLIMATE SUMMARY FOR MAY 28 2017...

CLIMATE NORMAL PERIOD 1981 TO 2010
CLIMATE RECORD PERIOD 1874 TO 2017


WEATHER ITEM   OBSERVED TIME   RECORD YEAR NORMAL DEPARTURE LAST
                VALUE   (LST)  VALUE       VALUE  FROM      YEAR
                                                  NORMAL
..................................................................
TEMPERATURE (F)
 YESTERDAY
  MAXIMUM         88    303 PM  97    1886  87      1       89
  MINIMUM         63    955 PM  46    1961  66     -3       63
  AVERAGE         76                        76      0       76

PRECIPITATION (IN)
  YESTERDAY        3.12R         2.42 1952   0.15   2.97     0.00
  MONTH TO DATE    7.39                      4.47   2.92     3.08
  SINCE DEC 1     20.38                     26.52  -6.14    37.12
  SINCE JAN 1     17.24                     21.75  -4.51    34.23

SNOWFALL (IN)
  YESTERDAY        0.0
  MONTH TO DATE    0.0
  SINCE MAR 1      0.0
  SINCE JUL 1      0.0
  SNOW DEPTH       0

DEGREE DAYS
 HEATING
  YESTERDAY        0                         0      0        0
  MONTH TO DATE    6                         5      1        2
  SINCE MAR 1    170                       342   -172      148
  SINCE JUL 1   1201                      2224  -1023     1451

 COOLING
  YESTERDAY       11                        11      0       11
  MONTH TO DATE  182                       228    -46      218
  SINCE MAR 1    438                       353     85      399
  SINCE JAN 1    508                       363    145      417
..................................................................


WIND (MPH)
  HIGHEST WIND SPEED    33   HIGHEST WIND DIRECTION     N (340)
  HIGHEST GUST SPEED    45   HIGHEST GUST DIRECTION     N (340)
  AVERAGE WIND SPEED    10.6


SKY COVER
  POSSIBLE SUNSHINE  MM
  AVERAGE SKY COVER 0.9


WEATHER CONDITIONS
 THE FOLLOWING WEATHER WAS RECORDED YESTERDAY.
  THUNDERSTORM
  HEAVY RAIN
  RAIN
  LIGHT RAIN
  FOG
  HAZE


RELATIVE HUMIDITY (PERCENT)
 HIGHEST   100           700 PM
 LOWEST     55           300 PM
 AVERAGE    78

..........................................................


THE SHREVEPORT CLIMATE NORMALS FOR TODAY
                         NORMAL    RECORD    YEAR
 MAXIMUM TEMPERATURE (F)   87       100      1886
 MINIMUM TEMPERATURE (F)   66        53      1976


SUNRISE AND SUNSET
MAY 29 2017...........SUNRISE   610 AM CDT   SUNSET   816 PM CDT
MAY 30 2017...........SUNRISE   609 AM CDT   SUNSET   817 PM CDT


-  INDICATES NEGATIVE NUMBERS.
R  INDICATES RECORD WAS SET OR TIED.
MM INDICATES DATA IS MISSING.
T  INDICATES TRACE AMOUNT.




$$
