000
CDUS44 KSHV 142133
CLISHV


CLIMATE REPORT
NATIONAL WEATHER SERVICE SHREVEPORT, LA
431 PM CDT SUN SEP 14 2014


...................................

...THE SHREVEPORT CLIMATE SUMMARY FOR SEPTEMBER 14 2014...
VALID TODAY AS OF 0400 PM LOCAL TIME.

CLIMATE NORMAL PERIOD 1981 TO 2010
CLIMATE RECORD PERIOD 1874 TO 2014


WEATHER ITEM   OBSERVED TIME   RECORD YEAR NORMAL DEPARTURE LAST
                VALUE   (LST)  VALUE       VALUE  FROM      YEAR
                                                  NORMAL
..................................................................
TEMPERATURE (F)
 TODAY
  MAXIMUM         85    254 PM 102    2011  89     -4       91
  MINIMUM         63    653 AM  50    1902  66     -3       69
  AVERAGE         74                        78     -4       80

PRECIPITATION (IN)
  TODAY            0.00          4.06 1881   0.11  -0.11     0.00
  MONTH TO DATE    1.21                      1.43  -0.22     0.06
  SINCE DEC 1     32.18                     40.19  -8.01    32.68
  SINCE JAN 1     27.20                     35.42  -8.22    27.02

DEGREE DAYS
 HEATING
  TODAY            0                         0      0        0
  MONTH TO DATE    0                         0      0        0
  SINCE SEP 1      0                         0      0        0
  SINCE JUL 1      0                         0      0        0

 COOLING
  TODAY            9                        13     -4       15
  MONTH TO DATE  230                       205     25      292
  SINCE SEP 1    230                       205     25      292
  SINCE JAN 1   2122                      2167    -45     2337
..................................................................


WIND (MPH)
  HIGHEST WIND SPEED    10   HIGHEST WIND DIRECTION    NE (40)
  HIGHEST GUST SPEED    15   HIGHEST GUST DIRECTION    NE (30)
  AVERAGE WIND SPEED     6.4


SKY COVER
  POSSIBLE SUNSHINE  MM
  AVERAGE SKY COVER 0.7


WEATHER CONDITIONS
 THE FOLLOWING WEATHER WAS RECORDED TODAY.
  NO SIGNIFICANT WEATHER WAS OBSERVED.


RELATIVE HUMIDITY (PERCENT)
 HIGHEST    84           300 AM
 LOWEST     51           100 PM
 AVERAGE    68

..........................................................


THE SHREVEPORT CLIMATE NORMALS FOR TOMORROW
                         NORMAL    RECORD    YEAR
 MAXIMUM TEMPERATURE (F)   89       103      1980
 MINIMUM TEMPERATURE (F)   66        52      1902


SUNRISE AND SUNSET
SEPTEMBER 14 2014.....SUNRISE   658 AM CDT   SUNSET   723 PM CDT
SEPTEMBER 15 2014.....SUNRISE   659 AM CDT   SUNSET   721 PM CDT


-  INDICATES NEGATIVE NUMBERS.
R  INDICATES RECORD WAS SET OR TIED.
MM INDICATES DATA IS MISSING.
T  INDICATES TRACE AMOUNT.




$$
