000
CDUS44 KSHV 010858
CLISHV


CLIMATE REPORT
NATIONAL WEATHER SERVICE SHREVEPORT, LA
248 AM CST WED MAR 1 2017


...................................

...THE SHREVEPORT CLIMATE SUMMARY FOR FEBRUARY 28 2017...

CLIMATE NORMAL PERIOD 1981 TO 2010
CLIMATE RECORD PERIOD 1874 TO 2017


WEATHER ITEM   OBSERVED TIME   RECORD YEAR NORMAL DEPARTURE LAST
                VALUE   (LST)  VALUE       VALUE  FROM      YEAR
                                                  NORMAL
..................................................................
TEMPERATURE (F)
 YESTERDAY
  MAXIMUM         85R   154 PM  85    1932  65     20       75
                                      1918
  MINIMUM         64    158 AM  20    2002  43     21       45
  AVERAGE         75                        54     21       60

PRECIPITATION (IN)
  YESTERDAY        T             1.66 2001   0.16  -0.16     0.00
  MONTH TO DATE    1.58                      4.75  -3.17     2.15
  SINCE DEC 1      7.28                     13.72  -6.44     7.91
  SINCE JAN 1      4.14                      8.95  -4.81     5.02

SNOWFALL (IN)
  YESTERDAY        0.0
  MONTH TO DATE    0.0
  SINCE DEC 1      0.0
  SINCE JUL 1      0.0
  SNOW DEPTH       0

DEGREE DAYS
 HEATING
  YESTERDAY        0                        12    -12        5
  MONTH TO DATE  159                       410   -251      298
  SINCE DEC 1    877                      1511   -634     1125
  SINCE JUL 1   1031                      1882   -851     1302

 COOLING
  YESTERDAY       10                         0     10        0
  MONTH TO DATE   48                         6     42       12
  SINCE DEC 1     95                        17     78       54
  SINCE JAN 1     70                        10     60       18
..................................................................


WIND (MPH)
  HIGHEST WIND SPEED    23   HIGHEST WIND DIRECTION     S (180)
  HIGHEST GUST SPEED    31   HIGHEST GUST DIRECTION     S (180)
  AVERAGE WIND SPEED    11.5


SKY COVER
  POSSIBLE SUNSHINE  MM
  AVERAGE SKY COVER 0.9


WEATHER CONDITIONS
 THE FOLLOWING WEATHER WAS RECORDED YESTERDAY.
  LIGHT RAIN
  FOG
  HAZE


RELATIVE HUMIDITY (PERCENT)
 HIGHEST   100           500 AM
 LOWEST     51           200 PM
 AVERAGE    76

..........................................................


THE SHREVEPORT CLIMATE NORMALS FOR TODAY
                         NORMAL    RECORD    YEAR
 MAXIMUM TEMPERATURE (F)   65        85      2012
                                             1972
 MINIMUM TEMPERATURE (F)   43        22      1890


SUNRISE AND SUNSET
MARCH  1 2017.........SUNRISE   642 AM CST   SUNSET   613 PM CST
MARCH  2 2017.........SUNRISE   641 AM CST   SUNSET   614 PM CST


-  INDICATES NEGATIVE NUMBERS.
R  INDICATES RECORD WAS SET OR TIED.
MM INDICATES DATA IS MISSING.
T  INDICATES TRACE AMOUNT.




$$
