000
CDUS46 KMFR 280836
CLISIY


CLIMATE REPORT
NATIONAL WEATHER SERVICE MEDFORD, OR
1235 AM PST WED JAN 28 2015


...................................

...THE MONTAGUE CA CLIMATE SUMMARY FOR JANUARY 27 2015...

CLIMATE NORMAL PERIOD 1981 TO 2010
CLIMATE RECORD PERIOD 1948 TO 2015


WEATHER ITEM   OBSERVED TIME   RECORD YEAR NORMAL DEPARTURE LAST
                VALUE   (LST)  VALUE       VALUE  FROM      YEAR
                                                  NORMAL
..................................................................
TEMPERATURE (F)
 YESTERDAY
  MAXIMUM         56    324 PM  59    1987  45     11       46
  MINIMUM         31    325 AM  -3    1957  26      5       22
  AVERAGE         44                        36      8       34

PRECIPITATION (IN)
  YESTERDAY        0.00          1.86 1970   0.04  -0.04      T
  MONTH TO DATE    0.71                      2.04  -1.33     0.11
  SINCE OCT 1      6.62                      8.87  -2.25     0.75
  SINCE JAN 1      0.71                      2.04  -1.33     0.11

SNOWFALL (IN)
  YESTERDAY       MM                        MM     MM       MM
  MONTH TO DATE   MM                        MM     MM       MM
  SINCE JUL 1     MM                        MM     MM        0.0
  SNOW DEPTH      MM

DEGREE DAYS
 HEATING
  YESTERDAY       21                        29     -8       31
  MONTH TO DATE  712                       807    -95      824
  SINCE DEC 1   1445                      1734   -289     1982
  SINCE JUL 1   2450                      3040   -590     3302

 COOLING
  YESTERDAY        0                         0      0        0
  MONTH TO DATE    0                         0      0        0
  SINCE DEC 1      0                         0      0        0
  SINCE JAN 1      0                         0      0        0
..................................................................


WIND (MPH)
  HIGHEST WIND SPEED     9   HIGHEST WIND DIRECTION     S (170)
  HIGHEST GUST SPEED    11   HIGHEST GUST DIRECTION     S (180)
  AVERAGE WIND SPEED     2.6


SKY COVER
  POSSIBLE SUNSHINE  MM
  AVERAGE SKY COVER 0.4


WEATHER CONDITIONS
 THE FOLLOWING WEATHER WAS RECORDED YESTERDAY.
  FOG


RELATIVE HUMIDITY (PERCENT)
 HIGHEST   100           300 AM
 LOWEST     55           300 PM

..........................................................


THE MONTAGUE CA CLIMATE NORMALS FOR TODAY
                         NORMAL    RECORD    YEAR
 MAXIMUM TEMPERATURE (F)   46        59      2011
 MINIMUM TEMPERATURE (F)   26        -1      1957


SUNRISE AND SUNSET
JANUARY 28 2015.......SUNRISE   726 AM PST   SUNSET   520 PM PST
JANUARY 29 2015.......SUNRISE   725 AM PST   SUNSET   521 PM PST


-  INDICATES NEGATIVE NUMBERS.
R  INDICATES RECORD WAS SET OR TIED.
MM INDICATES DATA IS MISSING.
T  INDICATES TRACE AMOUNT.




$$
