000
CDUS46 KMFR 280835
CLISIY


CLIMATE REPORT
NATIONAL WEATHER SERVICE MEDFORD, OR
135 AM PDT THU JUL 28 2016


...................................

...THE MONTAGUE CA CLIMATE SUMMARY FOR JULY 27 2016...

CLIMATE NORMAL PERIOD 1981 TO 2010
CLIMATE RECORD PERIOD 1948 TO 2016


WEATHER ITEM   OBSERVED TIME   RECORD YEAR NORMAL DEPARTURE LAST
                VALUE   (LST)  VALUE       VALUE  FROM      YEAR
                                                  NORMAL
..................................................................
TEMPERATURE (F)
 YESTERDAY
  MAXIMUM        102    340 PM 106    1973  93      9       84
  MINIMUM         59    503 AM  42    1955  55      4       50
  AVERAGE         81                        74      7       67

PRECIPITATION (IN)
  YESTERDAY        0.00          0.02 1997   0.02  -0.02     0.00
  MONTH TO DATE    0.05                      0.37  -0.32     0.80
  SINCE OCT 1     15.12                     17.41  -2.29    13.12
  SINCE JAN 1     10.03                     10.58  -0.55     7.21

SNOWFALL (IN)
  YESTERDAY       MM                        MM     MM       MM
  MONTH TO DATE   MM                        MM     MM       MM
  SINCE JUL 1     MM                        MM     MM       MM
  SNOW DEPTH      MM

DEGREE DAYS
 HEATING
  YESTERDAY        0                         0      0        0
  MONTH TO DATE   12                         1     11        0
  SINCE JUN 1     85                        94     -9       17
  SINCE JUL 1     12                         1     11        0

 COOLING
  YESTERDAY       16                         9      7        2
  MONTH TO DATE  176                       206    -30      270
  SINCE JUN 1    308                       264     44      504
  SINCE JAN 1    312                       277     35      519
..................................................................


WIND (MPH)
  HIGHEST WIND SPEED    24   HIGHEST WIND DIRECTION    NW (330)
  HIGHEST GUST SPEED    29   HIGHEST GUST DIRECTION    NW (330)
  AVERAGE WIND SPEED     6.9


SKY COVER
  POSSIBLE SUNSHINE  MM
  AVERAGE SKY COVER 0.0


WEATHER CONDITIONS
 THE FOLLOWING WEATHER WAS RECORDED YESTERDAY.
  NO SIGNIFICANT WEATHER WAS OBSERVED.


RELATIVE HUMIDITY (PERCENT)
 HIGHEST    60           500 AM
 LOWEST     14           200 PM

..........................................................


THE MONTAGUE CA CLIMATE NORMALS FOR TODAY
                         NORMAL    RECORD    YEAR
 MAXIMUM TEMPERATURE (F)   93       105      2009
 MINIMUM TEMPERATURE (F)   55        42      1948


SUNRISE AND SUNSET
JULY 28 2016..........SUNRISE   601 AM PDT   SUNSET   832 PM PDT
JULY 29 2016..........SUNRISE   602 AM PDT   SUNSET   830 PM PDT


-  INDICATES NEGATIVE NUMBERS.
R  INDICATES RECORD WAS SET OR TIED.
MM INDICATES DATA IS MISSING.
T  INDICATES TRACE AMOUNT.




$$
