012
CDUS46 KMFR 180844
CLISIY


CLIMATE REPORT
NATIONAL WEATHER SERVICE MEDFORD, OR
1243 AM PST SUN FEB 18 2018


...................................

...THE MONTAGUE CA CLIMATE SUMMARY FOR FEBRUARY 17 2018...

CLIMATE NORMAL PERIOD 1981 TO 2010
CLIMATE RECORD PERIOD 1948 TO 2018


WEATHER ITEM   OBSERVED TIME   RECORD YEAR NORMAL DEPARTURE LAST
                VALUE   (LST)  VALUE       VALUE  FROM      YEAR
                                                  NORMAL
..................................................................
TEMPERATURE (F)
 YESTERDAY
  MAXIMUM         59    305 PM  65    1977  51      8       46
  MINIMUM         20    706 AM   9    1990  28     -8       34
  AVERAGE         40                        40      0       40

PRECIPITATION (IN)
  YESTERDAY        0.00          0.81 2004   0.08  -0.08     0.11
  MONTH TO DATE    0.01                      1.14  -1.13     2.08
  SINCE OCT 1      3.57                     10.17  -6.60    11.92
  SINCE JAN 1      1.30                      3.34  -2.04     3.71

SNOWFALL (IN)
  YESTERDAY       MM                        MM     MM       MM
  MONTH TO DATE   MM                        MM     MM       MM
  SINCE JUL 1     MM                        MM     MM       MM
  SNOW DEPTH      MM

DEGREE DAYS
 HEATING
  YESTERDAY       25                        25      0       25
  MONTH TO DATE  427                       460    -33      381
  SINCE DEC 1   2223                      2306    -83     2458
  SINCE JUL 1   3453                      3612   -159     3588

 COOLING
  YESTERDAY        0                         0      0        0
  MONTH TO DATE    0                         0      0        0
  SINCE DEC 1      0                         0      0        0
  SINCE JAN 1      0                         0      0        0
..................................................................


WIND (MPH)
  HIGHEST WIND SPEED    18   HIGHEST WIND DIRECTION    SW (210)
  HIGHEST GUST SPEED    23   HIGHEST GUST DIRECTION    SW (210)
  AVERAGE WIND SPEED     3.5


SKY COVER
  POSSIBLE SUNSHINE  MM
  AVERAGE SKY COVER 0.3


WEATHER CONDITIONS
 THE FOLLOWING WEATHER WAS RECORDED YESTERDAY.
  FOG
  HAZE


RELATIVE HUMIDITY (PERCENT)
 HIGHEST    92           500 AM
 LOWEST     47           300 PM

..........................................................


THE MONTAGUE CA CLIMATE NORMALS FOR TODAY
                         NORMAL    RECORD    YEAR
 MAXIMUM TEMPERATURE (F)   52        65      1995
 MINIMUM TEMPERATURE (F)   28        10      1990


SUNRISE AND SUNSET
FEBRUARY 18 2018......SUNRISE   701 AM PST   SUNSET   547 PM PST
FEBRUARY 19 2018......SUNRISE   700 AM PST   SUNSET   548 PM PST


-  INDICATES NEGATIVE NUMBERS.
R  INDICATES RECORD WAS SET OR TIED.
MM INDICATES DATA IS MISSING.
T  INDICATES TRACE AMOUNT.




$$
