000
CDUS46 KMFR 280835
CLISIY


CLIMATE REPORT
NATIONAL WEATHER SERVICE MEDFORD, OR
135 AM PDT SUN AUG 28 2016


...................................

...THE MONTAGUE CA CLIMATE SUMMARY FOR AUGUST 27 2016...

CLIMATE NORMAL PERIOD 1981 TO 2010
CLIMATE RECORD PERIOD 1948 TO 2016


WEATHER ITEM   OBSERVED TIME   RECORD YEAR NORMAL DEPARTURE LAST
                VALUE   (LST)  VALUE       VALUE  FROM      YEAR
                                                  NORMAL
..................................................................
TEMPERATURE (F)
 YESTERDAY
  MAXIMUM         94    427 PM  99    1971  87      7       93
  MINIMUM         50    449 AM  40    1960  49      1       54
  AVERAGE         72                        68      4       74

PRECIPITATION (IN)
  YESTERDAY        0.00          0.48 1954   0.00   0.00      T
  MONTH TO DATE    0.02                      0.32  -0.30     0.01
  SINCE OCT 1     15.14                     17.81  -2.67    13.13
  SINCE JAN 1     10.05                     10.98  -0.93     7.22

SNOWFALL (IN)
  YESTERDAY       MM                        MM     MM       MM
  MONTH TO DATE   MM                        MM     MM       MM
  SINCE JUL 1     MM                        MM     MM       MM
  SNOW DEPTH      MM

DEGREE DAYS
 HEATING
  YESTERDAY        0                         1     -1        0
  MONTH TO DATE    0                         5     -5        0
  SINCE JUN 1     85                       102    -17       17
  SINCE JUL 1     12                         9      3        0

 COOLING
  YESTERDAY        7                         4      3        9
  MONTH TO DATE  253                       175     78      247
  SINCE JUN 1    631                       475    156      805
  SINCE JAN 1    635                       488    147      820
..................................................................


WIND (MPH)
  HIGHEST WIND SPEED    16   HIGHEST WIND DIRECTION    NE (30)
  HIGHEST GUST SPEED    19   HIGHEST GUST DIRECTION     N (20)
  AVERAGE WIND SPEED     5.1


SKY COVER
  POSSIBLE SUNSHINE  MM
  AVERAGE SKY COVER 0.0


WEATHER CONDITIONS
 THE FOLLOWING WEATHER WAS RECORDED YESTERDAY.
  NO SIGNIFICANT WEATHER WAS OBSERVED.


RELATIVE HUMIDITY (PERCENT)
 HIGHEST    54           500 AM
 LOWEST      9           400 PM

..........................................................


THE MONTAGUE CA CLIMATE NORMALS FOR TODAY
                         NORMAL    RECORD    YEAR
 MAXIMUM TEMPERATURE (F)   87       103      1988
 MINIMUM TEMPERATURE (F)   49        41      1990


SUNRISE AND SUNSET
AUGUST 28 2016........SUNRISE   632 AM PDT   SUNSET   749 PM PDT
AUGUST 29 2016........SUNRISE   633 AM PDT   SUNSET   747 PM PDT


-  INDICATES NEGATIVE NUMBERS.
R  INDICATES RECORD WAS SET OR TIED.
MM INDICATES DATA IS MISSING.
T  INDICATES TRACE AMOUNT.




$$
