000
CDUS46 KMFR 280839
CLISIY


CLIMATE REPORT
NATIONAL WEATHER SERVICE MEDFORD, OR
139 AM PDT MON JUL 28 2014


...................................

...THE MONTAGUE CA CLIMATE SUMMARY FOR JULY 27 2014...

CLIMATE NORMAL PERIOD 1981 TO 2010
CLIMATE RECORD PERIOD 1948 TO 2014


WEATHER ITEM   OBSERVED TIME   RECORD YEAR NORMAL DEPARTURE LAST
                VALUE   (LST)  VALUE       VALUE  FROM      YEAR
                                                  NORMAL
..................................................................
TEMPERATURE (F)
 YESTERDAY
  MAXIMUM         97    521 PM 106    1973  93      4       97
  MINIMUM         62    408 AM  42    1955  55      7       54
  AVERAGE         80                        74      6       76

PRECIPITATION (IN)
  YESTERDAY        0.00          0.02 1997   0.02  -0.02     0.00
  MONTH TO DATE    0.13                      0.37  -0.24      T
  SINCE SEP 1      7.54                     18.05 -10.51     8.62
  SINCE JAN 1      6.16                     10.58  -4.42     3.80

SNOWFALL (IN)
  YESTERDAY       MM                        MM     MM       MM
  MONTH TO DATE   MM                        MM     MM       MM
  SINCE JUL 1     MM                        MM     MM       MM
  SNOW DEPTH      MM

DEGREE DAYS
 HEATING
  YESTERDAY        0                         0      0        0
  MONTH TO DATE    0                         1     -1        0
  SINCE JUN 1     46                        94    -48       70
  SINCE JUL 1      0                         1     -1        0

 COOLING
  YESTERDAY       15                         9      6       11
  MONTH TO DATE  372                       206    166      328
  SINCE JUN 1    455                       264    191      455
  SINCE JAN 1    462                       277    185      467
..................................................................


WIND (MPH)
  HIGHEST WIND SPEED    17   HIGHEST WIND DIRECTION    NW (320)
  HIGHEST GUST SPEED    22   HIGHEST GUST DIRECTION    NW (330)
  AVERAGE WIND SPEED     5.7


SKY COVER
  POSSIBLE SUNSHINE  MM
  AVERAGE SKY COVER 0.0


WEATHER CONDITIONS
 THE FOLLOWING WEATHER WAS RECORDED YESTERDAY.
  NO SIGNIFICANT WEATHER WAS OBSERVED.


RELATIVE HUMIDITY (PERCENT)
 HIGHEST    48           500 AM
 LOWEST     12           600 PM

..........................................................


THE MONTAGUE CA CLIMATE NORMALS FOR TODAY
                         NORMAL    RECORD    YEAR
 MAXIMUM TEMPERATURE (F)   93       105      2009
 MINIMUM TEMPERATURE (F)   55        42      1948


SUNRISE AND SUNSET
JULY 28 2014..........SUNRISE   600 AM PDT   SUNSET   832 PM PDT
JULY 29 2014..........SUNRISE   601 AM PDT   SUNSET   831 PM PDT


-  INDICATES NEGATIVE NUMBERS.
R  INDICATES RECORD WAS SET OR TIED.
MM INDICATES DATA IS MISSING.
T  INDICATES TRACE AMOUNT.




$$
