000
CDUS46 KMFR 290047
CLISIY


CLIMATE REPORT
NATIONAL WEATHER SERVICE MEDFORD, OR
447 PM PST SUN DEC 28 2014


...................................

...THE MONTAGUE CA CLIMATE SUMMARY FOR DECEMBER 28 2014...
VALID TODAY AS OF 0400 PM LOCAL TIME.

CLIMATE NORMAL PERIOD 1981 TO 2010
CLIMATE RECORD PERIOD 1948 TO 2014


WEATHER ITEM   OBSERVED TIME   RECORD YEAR NORMAL DEPARTURE LAST
                VALUE   (LST)  VALUE       VALUE  FROM      YEAR
                                                  NORMAL
..................................................................
TEMPERATURE (F)
 TODAY
  MAXIMUM         49   1237 PM  57    2011  44      5       45
  MINIMUM         32    834 AM  10    1982  26      6       15
  AVERAGE         41                        35      6       30

PRECIPITATION (IN)
  TODAY            0.00          1.54 2002   0.08  -0.08     0.00
  MONTH TO DATE    2.67                      2.45   0.22     0.09
  SINCE SEP 1      7.24                      7.26  -0.02     1.38
  SINCE JAN 1     13.41                     18.26  -4.85     5.71

SNOWFALL (IN)
  TODAY           MM                        MM     MM       MM
  MONTH TO DATE   MM                        MM     MM       MM
  SINCE JUL 1     MM                        MM     MM        0.0
  SNOW DEPTH      MM

DEGREE DAYS
 HEATING
  TODAY           24                        30     -6       35
  MONTH TO DATE  625                       838   -213     1061
  SINCE DEC 1    625                       838   -213     1061
  SINCE JUL 1   1630                      2144   -514     2381

 COOLING
  TODAY            0                         0      0        0
  MONTH TO DATE    0                         0      0        0
  SINCE DEC 1      0                         0      0        0
  SINCE JAN 1    913                       544    369      776
..................................................................


WIND (MPH)
  HIGHEST WIND SPEED    16   HIGHEST WIND DIRECTION     N (10)
  HIGHEST GUST SPEED    20   HIGHEST GUST DIRECTION     N (10)
  AVERAGE WIND SPEED     5.3


SKY COVER
  POSSIBLE SUNSHINE  MM
  AVERAGE SKY COVER 0.7


WEATHER CONDITIONS
 THE FOLLOWING WEATHER WAS RECORDED TODAY.
  NO SIGNIFICANT WEATHER WAS OBSERVED.


RELATIVE HUMIDITY (PERCENT)
 HIGHEST    89           100 AM
 LOWEST     60           300 PM

..........................................................


THE MONTAGUE CA CLIMATE NORMALS FOR TOMORROW
                         NORMAL    RECORD    YEAR
 MAXIMUM TEMPERATURE (F)   44        56      1962
 MINIMUM TEMPERATURE (F)   26         7      1982


SUNRISE AND SUNSET
DECEMBER 28 2014......SUNRISE   737 AM PST   SUNSET   447 PM PST
DECEMBER 29 2014......SUNRISE   737 AM PST   SUNSET   447 PM PST


-  INDICATES NEGATIVE NUMBERS.
R  INDICATES RECORD WAS SET OR TIED.
MM INDICATES DATA IS MISSING.
T  INDICATES TRACE AMOUNT.




$$
