000
CDUS46 KMFR 310839
CLISIY


CLIMATE REPORT
NATIONAL WEATHER SERVICE MEDFORD, OR
139 AM PDT SUN AUG 31 2014


...................................

...THE MONTAGUE CA CLIMATE SUMMARY FOR AUGUST 30 2014...

CLIMATE NORMAL PERIOD 1981 TO 2010
CLIMATE RECORD PERIOD 1948 TO 2014


WEATHER ITEM   OBSERVED TIME   RECORD YEAR NORMAL DEPARTURE LAST
                VALUE   (LST)  VALUE       VALUE  FROM      YEAR
                                                  NORMAL
..................................................................
TEMPERATURE (F)
 YESTERDAY
  MAXIMUM         81    159 PM 100    1950  86     -5       90
  MINIMUM         52    537 AM  39    1990  48      4       54
  AVERAGE         67                        67      0       72

PRECIPITATION (IN)
  YESTERDAY        0.00          0.72 1979   0.01  -0.01     0.00
  MONTH TO DATE    T                         0.34  -0.34     0.50
  SINCE SEP 1      7.55                     18.47 -10.92     9.15
  SINCE JAN 1      6.17                     11.00  -4.83     4.33

SNOWFALL (IN)
  YESTERDAY       MM                        MM     MM       MM
  MONTH TO DATE   MM                        MM     MM       MM
  SINCE JUL 1     MM                        MM     MM       MM
  SNOW DEPTH      MM

DEGREE DAYS
 HEATING
  YESTERDAY        0                         1     -1        0
  MONTH TO DATE    0                         8     -8        0
  SINCE JUN 1     46                       105    -59       70
  SINCE JUL 1      0                        12    -12        0

 COOLING
  YESTERDAY        2                         3     -1        7
  MONTH TO DATE  278                       185     93      182
  SINCE JUN 1    792                       485    307      669
  SINCE JAN 1    799                       498    301      681
..................................................................


WIND (MPH)
  HIGHEST WIND SPEED    17   HIGHEST WIND DIRECTION     N (10)
  HIGHEST GUST SPEED    23   HIGHEST GUST DIRECTION     N (360)
  AVERAGE WIND SPEED     7.4


SKY COVER
  POSSIBLE SUNSHINE  MM
  AVERAGE SKY COVER 0.4


WEATHER CONDITIONS
 THE FOLLOWING WEATHER WAS RECORDED YESTERDAY.
  HAZE


RELATIVE HUMIDITY (PERCENT)
 HIGHEST    66           600 AM
 LOWEST     25           200 PM

..........................................................


THE MONTAGUE CA CLIMATE NORMALS FOR TODAY
                         NORMAL    RECORD    YEAR
 MAXIMUM TEMPERATURE (F)   86       102      1950
 MINIMUM TEMPERATURE (F)   48        37      2008


SUNRISE AND SUNSET
AUGUST 31 2014........SUNRISE   635 AM PDT   SUNSET   745 PM PDT
SEPTEMBER  1 2014.....SUNRISE   636 AM PDT   SUNSET   743 PM PDT


-  INDICATES NEGATIVE NUMBERS.
R  INDICATES RECORD WAS SET OR TIED.
MM INDICATES DATA IS MISSING.
T  INDICATES TRACE AMOUNT.




$$
