000
CDUS46 KMFR 130839
CLISIY


CLIMATE REPORT
NATIONAL WEATHER SERVICE MEDFORD, OR
1238 AM PST WED DEC 13 2017


...................................

...THE MONTAGUE CA CLIMATE SUMMARY FOR DECEMBER 12 2017...

CLIMATE NORMAL PERIOD 1981 TO 2010
CLIMATE RECORD PERIOD 1948 TO 2017


WEATHER ITEM   OBSERVED TIME   RECORD YEAR NORMAL DEPARTURE LAST
                VALUE   (LST)  VALUE       VALUE  FROM      YEAR
                                                  NORMAL
..................................................................
TEMPERATURE (F)
 YESTERDAY
  MAXIMUM         41    349 PM  57    2010  44     -3       46
                                      1995
  MINIMUM         15    731 AM  -8    1972  26    -11       27
  AVERAGE         28                        35     -7       37

PRECIPITATION (IN)
  YESTERDAY        0.00          1.91 1969   0.07  -0.07     0.00
  MONTH TO DATE    0.17                      0.94  -0.77     0.44
  SINCE OCT 1      2.18                      5.11  -2.93     6.42
  SINCE JAN 1      9.95                     16.75  -6.80    16.65

SNOWFALL (IN)
  YESTERDAY       MM                        MM     MM       MM
  MONTH TO DATE   MM                        MM     MM       MM
  SINCE JUL 1     MM                        MM     MM       MM
  SNOW DEPTH      MM

DEGREE DAYS
 HEATING
  YESTERDAY       37                        30      7       28
  MONTH TO DATE  405                       358     47      357
  SINCE DEC 1    405                       358     47      357
  SINCE JUL 1   1635                      1664    -29     1487

 COOLING
  YESTERDAY        0                         0      0        0
  MONTH TO DATE    0                         0      0        0
  SINCE DEC 1      0                         0      0        0
  SINCE JAN 1    902                       544    358      689
..................................................................


WIND (MPH)
  HIGHEST WIND SPEED     7   HIGHEST WIND DIRECTION    SW (210)
  HIGHEST GUST SPEED     8   HIGHEST GUST DIRECTION     S (200)
  AVERAGE WIND SPEED     1.3


SKY COVER
  POSSIBLE SUNSHINE  MM
  AVERAGE SKY COVER 0.0


WEATHER CONDITIONS
 THE FOLLOWING WEATHER WAS RECORDED YESTERDAY.
  FOG


RELATIVE HUMIDITY (PERCENT)
 HIGHEST   100          1000 AM
 LOWEST     55           200 PM

..........................................................


THE MONTAGUE CA CLIMATE NORMALS FOR TODAY
                         NORMAL    RECORD    YEAR
 MAXIMUM TEMPERATURE (F)   44        59      1956
 MINIMUM TEMPERATURE (F)   26         1      1972


SUNRISE AND SUNSET
DECEMBER 13 2017......SUNRISE   729 AM PST   SUNSET   440 PM PST
DECEMBER 14 2017......SUNRISE   730 AM PST   SUNSET   440 PM PST


-  INDICATES NEGATIVE NUMBERS.
R  INDICATES RECORD WAS SET OR TIED.
MM INDICATES DATA IS MISSING.
T  INDICATES TRACE AMOUNT.




$$
