000
CDUS46 KMTR 300035
CLISJC


CLIMATE REPORT
NATIONAL WEATHER SERVICE SAN FRANCISCO BAY AREA
435 PM PST THU JAN 29 2015


...................................

...THE SAN JOSE CA CLIMATE SUMMARY FOR JANUARY 29 2015...
VALID TODAY AS OF 0400 PM LOCAL TIME.

CLIMATE NORMAL PERIOD 1981 TO 2010
CLIMATE RECORD PERIOD 1893 TO 2015


WEATHER ITEM   OBSERVED TIME   RECORD YEAR NORMAL DEPARTURE LAST
                VALUE   (LST)  VALUE       VALUE  FROM      YEAR
                                                  NORMAL
..................................................................
TEMPERATURE (F)
 TODAY
  MAXIMUM         65    334 PM  71    1962  61      4       68
  MINIMUM         42    618 AM  21    1895  43     -1       55
  AVERAGE         54                        52      2       62

PRECIPITATION (IN)
  TODAY            0.00          1.01 1983   0.09  -0.09     0.01
  MONTH TO DATE    0.02                      2.81  -2.79     0.02
  SINCE JUL 1     10.33                      7.82   2.51     1.58
  SINCE JAN 1      0.02                      2.81  -2.79     0.02

SNOWFALL (IN)
  TODAY            0.0           0.0  1947
  MONTH TO DATE    0.0
  SINCE DEC 1      0.0
  SINCE JUL 1      0.0

DEGREE DAYS
 HEATING
  TODAY           11                        13     -2        3
  MONTH TO DATE  396                       402     -6      318
  SINCE DEC 1    717                       814    -97      845
  SINCE JUL 1   1001                      1139   -138     1225

 COOLING
  TODAY            0                         0      0        0
  MONTH TO DATE    0                         0      0        0
  SINCE DEC 1      0                         0      0        0
  SINCE JAN 1      0                         0      0        0
..................................................................


WIND (MPH)
  RESULTANT WIND SPEED   0   RESULTANT WIND DIRECTION   S (200)
  HIGHEST WIND SPEED    10   HIGHEST WIND DIRECTION    NW (310)
  HIGHEST GUST SPEED    12   HIGHEST GUST DIRECTION    NW (310)
  AVERAGE WIND SPEED     0.9


SKY COVER
  POSSIBLE SUNSHINE  MM
  AVERAGE SKY COVER 0.4


WEATHER CONDITIONS
 THE FOLLOWING WEATHER WAS RECORDED TODAY.
  FOG
  FOG W/VISIBILITY <= 1/4 MILE
  HAZE


RELATIVE HUMIDITY (PERCENT)
 HIGHEST   100           800 AM
 LOWEST     56           200 PM
 AVERAGE    78

..........................................................


THE SAN JOSE CA CLIMATE NORMALS FOR TOMORROW
                         NORMAL    RECORD    YEAR
 MAXIMUM TEMPERATURE (F)   61        72      1962
 MINIMUM TEMPERATURE (F)   43        24      1895


SUNRISE AND SUNSET
JANUARY 29 2015.......SUNRISE   713 AM PST   SUNSET   529 PM PST
JANUARY 30 2015.......SUNRISE   713 AM PST   SUNSET   530 PM PST


-  INDICATES NEGATIVE NUMBERS.
R  INDICATES RECORD WAS SET OR TIED.
MM INDICATES DATA IS MISSING.
T  INDICATES TRACE AMOUNT.




$$
