000
CDUS46 KMTR 220040
CLISJC


CLIMATE REPORT
NATIONAL WEATHER SERVICE SAN FRANCISCO BAY AREA
440 PM PST TUE FEB 21 2017


...................................

...THE SAN JOSE CA CLIMATE SUMMARY FOR FEBRUARY 21 2017...
VALID TODAY AS OF 0400 PM LOCAL TIME.

CLIMATE NORMAL PERIOD 1981 TO 2010
CLIMATE RECORD PERIOD 1893 TO 2017


WEATHER ITEM   OBSERVED TIME   RECORD YEAR NORMAL DEPARTURE LAST
                VALUE   (LST)  VALUE       VALUE  FROM      YEAR
                                                  NORMAL
..................................................................
TEMPERATURE (F)
 TODAY
  MAXIMUM         61    205 PM  76    1989  63     -2       64
  MINIMUM         53    909 AM  25    1897  45      8       43
  AVERAGE         57                        54      3       54

PRECIPITATION (IN)
  TODAY            0.24          1.31 1914   0.12   0.12     0.00
  MONTH TO DATE    5.11                      2.34   2.77     0.31
  SINCE OCT 1     15.10                     10.50   4.60     9.10
  SINCE JAN 1     10.72                      5.41   5.31     4.40

SNOWFALL (IN)
  TODAY            0.0           0.0  1947
  MONTH TO DATE    0.0
  SINCE DEC 1      0.0
  SINCE JUL 1      0.0

DEGREE DAYS
 HEATING
  TODAY            8                        11     -3       11
  MONTH TO DATE  174                       255    -81      174
  SINCE DEC 1   1086                      1185    -99      968
  SINCE JUL 1   1309                      1592   -283     1333

 COOLING
  TODAY            0                         0      0        0
  MONTH TO DATE    0                         0      0        0
  SINCE DEC 1      0                         0      0        0
  SINCE JAN 1      0                         0      0        0
..................................................................


WIND (MPH)
  RESULTANT WIND SPEED   6   RESULTANT WIND DIRECTION   S (160)
  HIGHEST WIND SPEED    18   HIGHEST WIND DIRECTION     S (180)
  HIGHEST GUST SPEED    22   HIGHEST GUST DIRECTION     S (180)
  AVERAGE WIND SPEED     8.1


SKY COVER
  POSSIBLE SUNSHINE  MM
  AVERAGE SKY COVER 0.9


WEATHER CONDITIONS
 THE FOLLOWING WEATHER WAS RECORDED TODAY.
  LIGHT RAIN
  FOG


RELATIVE HUMIDITY (PERCENT)
 HIGHEST    89           500 AM
 LOWEST     53           300 PM
 AVERAGE    71

..........................................................


THE SAN JOSE CA CLIMATE NORMALS FOR TOMORROW
                         NORMAL    RECORD    YEAR
 MAXIMUM TEMPERATURE (F)   63        79      2002
 MINIMUM TEMPERATURE (F)   46        27      1897


SUNRISE AND SUNSET
FEBRUARY 21 2017......SUNRISE   649 AM PST   SUNSET   554 PM PST
FEBRUARY 22 2017......SUNRISE   648 AM PST   SUNSET   555 PM PST


-  INDICATES NEGATIVE NUMBERS.
R  INDICATES RECORD WAS SET OR TIED.
MM INDICATES DATA IS MISSING.
T  INDICATES TRACE AMOUNT.




$$
