000
CDUS46 KMTR 050046
CLISJC


CLIMATE REPORT
NATIONAL WEATHER SERVICE SAN FRANCISCO BAY AREA
546 PM PDT SAT JUL 4 2015


...................................

...THE SAN JOSE CA CLIMATE SUMMARY FOR JULY 4 2015...
VALID TODAY AS OF 0500 PM LOCAL TIME.

CLIMATE NORMAL PERIOD 1981 TO 2010
CLIMATE RECORD PERIOD 1893 TO 2015


WEATHER ITEM   OBSERVED TIME   RECORD YEAR NORMAL DEPARTURE LAST
                VALUE   (LST)  VALUE       VALUE  FROM      YEAR
                                                  NORMAL
..................................................................
TEMPERATURE (F)
 TODAY
  MAXIMUM         79    235 PM 102    1905  84     -5       79
  MINIMUM         62   1252 AM  41    1893  58      4       58
  AVERAGE         71                        71      0       69

PRECIPITATION (IN)
  TODAY            0.00          0.00 1947   0.00   0.00     0.00
  MONTH TO DATE    T                         0.00   0.00     0.00
  SINCE OCT 1     13.36                     14.67  -1.31     5.69
  SINCE JAN 1      3.41                      9.89  -6.48     4.79

SNOWFALL (IN)
  TODAY            0.0           0.0  1947
  MONTH TO DATE    0.0
  SINCE JUN 1      0.0
  SINCE JUL 1      0.0

DEGREE DAYS
 HEATING
  TODAY            0                         0      0        0
  MONTH TO DATE    0                         0      0        0
  SINCE JUN 1     10                        15     -5        9
  SINCE JUL 1      0                         0      0        0

 COOLING
  TODAY            6                         6      0        4
  MONTH TO DATE   31                        24      7       15
  SINCE JUN 1    131                       139     -8      101
  SINCE JAN 1    158                       209    -51      192
..................................................................


WIND (MPH)
  RESULTANT WIND SPEED   4   RESULTANT WIND DIRECTION  NW (300)
  HIGHEST WIND SPEED    15   HIGHEST WIND DIRECTION     W (290)
  HIGHEST GUST SPEED    20   HIGHEST GUST DIRECTION    NW (310)
  AVERAGE WIND SPEED     5.9


SKY COVER
  POSSIBLE SUNSHINE  MM
  AVERAGE SKY COVER 0.5


WEATHER CONDITIONS
 THE FOLLOWING WEATHER WAS RECORDED TODAY.
  NO SIGNIFICANT WEATHER WAS OBSERVED.


RELATIVE HUMIDITY (PERCENT)
 HIGHEST    90          1200 AM
 LOWEST     54          1100 AM
 AVERAGE    72

..........................................................


THE SAN JOSE CA CLIMATE NORMALS FOR TOMORROW
                         NORMAL    RECORD    YEAR
 MAXIMUM TEMPERATURE (F)   84       103      1905
 MINIMUM TEMPERATURE (F)   58        42      1893


SUNRISE AND SUNSET
JULY  4 2015..........SUNRISE   552 AM PDT   SUNSET   832 PM PDT
JULY  5 2015..........SUNRISE   553 AM PDT   SUNSET   832 PM PDT


-  INDICATES NEGATIVE NUMBERS.
R  INDICATES RECORD WAS SET OR TIED.
MM INDICATES DATA IS MISSING.
T  INDICATES TRACE AMOUNT.




$$
