000
CDUS46 KMTR 300836
CLISJC


CLIMATE REPORT
NATIONAL WEATHER SERVICE SAN FRANCISCO BAY AREA
135 AM PDT MON MAR 30 2015


...................................

...THE SAN JOSE AIRPORT CLIMATE SUMMARY FOR MARCH 29 2015...

CLIMATE NORMAL PERIOD 1981 TO 2010
CLIMATE RECORD PERIOD 1893 TO 2015


WEATHER ITEM   OBSERVED TIME   RECORD YEAR NORMAL DEPARTURE LAST
                VALUE   (LST)  VALUE       VALUE  FROM      YEAR
                                                  NORMAL
..................................................................
TEMPERATURE (F)
 YESTERDAY
  MAXIMUM         79    232 PM  81    1968  67     12       63
  MINIMUM         46    536 AM  30    1895  47     -1       50
  AVERAGE         63                        57      6       57

PRECIPITATION (IN)
  YESTERDAY        0.00          0.60 1914   0.06  -0.06     0.33
  MONTH TO DATE    0.19                      1.93  -1.74     0.92
  SINCE OCT 1     11.88                     13.02  -1.14     4.59
  SINCE JAN 1      1.93                      8.24  -6.31     3.69

SNOWFALL (IN)
  YESTERDAY        0.0                      MM     MM        0.0
  MONTH TO DATE    0.0                      MM     MM        0.0
  SINCE MAR 1      0.0                      MM     MM        0.0
  SINCE JUL 1      0.0                      MM     MM        0.0

DEGREE DAYS
 HEATING
  YESTERDAY        2                         8     -6        8
  MONTH TO DATE  126                       236   -110      145
  SINCE MAR 1    126                       236   -110      145
  SINCE JUL 1   1346                      1699   -353     1686

 COOLING
  YESTERDAY        0                         0      0        0
  MONTH TO DATE   14                         0     14        4
  SINCE MAR 1     14                         0     14        4
  SINCE JAN 1     14                         0     14        4
..................................................................


WIND (MPH)
  RESULTANT WIND SPEED   3   RESULTANT WIND DIRECTION  NW (300)
  HIGHEST WIND SPEED    15   HIGHEST WIND DIRECTION    NW (300)
  HIGHEST GUST SPEED    17   HIGHEST GUST DIRECTION    NW (300)
  AVERAGE WIND SPEED     3.7


SKY COVER
  POSSIBLE SUNSHINE  MM
  AVERAGE SKY COVER 0.2


WEATHER CONDITIONS
 THE FOLLOWING WEATHER WAS RECORDED YESTERDAY.
  NO SIGNIFICANT WEATHER WAS OBSERVED.


RELATIVE HUMIDITY (PERCENT)
 HIGHEST    80           400 AM
 LOWEST     29           500 PM
 AVERAGE    55

..........................................................


THE SAN JOSE AIRPORT CLIMATE NORMALS FOR TODAY
                         NORMAL    RECORD    YEAR
 MAXIMUM TEMPERATURE (F)   67        83      1942
 MINIMUM TEMPERATURE (F)   47        28      1897


SUNRISE AND SUNSET
MARCH 30 2015.........SUNRISE   656 AM PDT   SUNSET   728 PM PDT
MARCH 31 2015.........SUNRISE   655 AM PDT   SUNSET   729 PM PDT


-  INDICATES NEGATIVE NUMBERS.
R  INDICATES RECORD WAS SET OR TIED.
MM INDICATES DATA IS MISSING.
T  INDICATES TRACE AMOUNT.




$$
