000
CDUS46 KMTR 230027
CLISJC


CLIMATE REPORT
NATIONAL WEATHER SERVICE SAN FRANCISCO BAY AREA
427 PM PST WED NOV 22 2017


...................................

...THE SAN JOSE CA CLIMATE SUMMARY FOR NOVEMBER 22 2017...
VALID TODAY AS OF 0400 PM LOCAL TIME.

CLIMATE NORMAL PERIOD 1981 TO 2010
CLIMATE RECORD PERIOD 1893 TO 2017


WEATHER ITEM   OBSERVED TIME   RECORD YEAR NORMAL DEPARTURE LAST
                VALUE   (LST)  VALUE       VALUE  FROM      YEAR
                                                  NORMAL
..................................................................
TEMPERATURE (F)
 TODAY
  MAXIMUM         76R   153 PM  74    1959  62     14       64
  MINIMUM         51    613 AM  29    1894  45      6       44
  AVERAGE         64                        53     11       54

PRECIPITATION (IN)
  TODAY            0.00          0.67 1946   0.07  -0.07     0.00
  MONTH TO DATE    1.10                      1.14  -0.04     0.41
  SINCE OCT 1      1.32                      1.94  -0.62     1.97
  SINCE JAN 1     15.40                     12.67   2.73    12.18

SNOWFALL (IN)
  TODAY            0.0           0.0  1947
  MONTH TO DATE    0.0
  SINCE SEP 1      0.0
  SINCE JUL 1      0.0

DEGREE DAYS
 HEATING
  TODAY            1                        12    -11       11
  MONTH TO DATE  126                       195    -69       88
  SINCE SEP 1    174                       299   -125      124
  SINCE JUL 1    174                       305   -131      124

 COOLING
  TODAY            0                         0      0        0
  MONTH TO DATE    0                         0      0        7
  SINCE SEP 1    345                       153    192      185
  SINCE JAN 1    990                       636    354      706
..................................................................


WIND (MPH)
  RESULTANT WIND SPEED   0   RESULTANT WIND DIRECTION   E (70)
  HIGHEST WIND SPEED    10   HIGHEST WIND DIRECTION    NW (320)
  HIGHEST GUST SPEED    12   HIGHEST GUST DIRECTION    NW (310)
  AVERAGE WIND SPEED     2.4


SKY COVER
  POSSIBLE SUNSHINE  MM
  AVERAGE SKY COVER 0.4


WEATHER CONDITIONS
 THE FOLLOWING WEATHER WAS RECORDED TODAY.
  FOG
  HAZE


RELATIVE HUMIDITY (PERCENT)
 HIGHEST   100           300 AM
 LOWEST     50           200 PM
 AVERAGE    75

..........................................................


THE SAN JOSE CA CLIMATE NORMALS FOR TOMORROW
                         NORMAL    RECORD    YEAR
 MAXIMUM TEMPERATURE (F)   62        79      1959
 MINIMUM TEMPERATURE (F)   44        31      1947


SUNRISE AND SUNSET
NOVEMBER 22 2017......SUNRISE   655 AM PST   SUNSET   453 PM PST
NOVEMBER 23 2017......SUNRISE   656 AM PST   SUNSET   452 PM PST


-  INDICATES NEGATIVE NUMBERS.
R  INDICATES RECORD WAS SET OR TIED.
MM INDICATES DATA IS MISSING.
T  INDICATES TRACE AMOUNT.




$$
