000
CDUS44 KSJT 270825
CLISJT


CLIMATE REPORT
NATIONAL WEATHER SERVICE SAN ANGELO TX
225 AM CST FRI FEB 27 2015


...................................

...THE SAN ANGELO CLIMATE SUMMARY FOR FEBRUARY 26 2015...

CLIMATE NORMAL PERIOD 1981 TO 2010
CLIMATE RECORD PERIOD 1907 TO 2015


WEATHER ITEM   OBSERVED TIME   RECORD YEAR NORMAL DEPARTURE LAST
                VALUE   (LST)  VALUE       VALUE  FROM      YEAR
                                                  NORMAL
..................................................................
TEMPERATURE (F)
 YESTERDAY
  MAXIMUM         44    539 AM  96    2009  66    -22       45
  MINIMUM         29   1159 PM  18    1934  40    -11       27
  AVERAGE         37                        53    -16       36

PRECIPITATION (IN)
  YESTERDAY        0.00          1.36 1995   0.05  -0.05     0.00
  MONTH TO DATE    0.19                      1.24  -1.05     0.06
  SINCE DEC 1      2.58                      3.02  -0.44     1.21
  SINCE JAN 1      2.22                      2.17   0.05     0.06

SNOWFALL (IN)
  YESTERDAY        0.0           0.0  2011   0.0    0.0      0.0
  MONTH TO DATE    1.0                       0.3    0.7      0.1
  SINCE NOV 1      1.0                       2.1   -1.1      1.6
  SINCE JUL 1      1.0                       2.1   -1.1      1.6
  SNOW DEPTH       0

DEGREE DAYS
 HEATING
  YESTERDAY       28                        12     16       29
  MONTH TO DATE  380                       392    -12      409
  SINCE DEC 1   1401                      1536   -135     1621
  SINCE JUL 1   1771                      1936   -165     2097

 COOLING
  YESTERDAY        0                         0      0        0
  MONTH TO DATE    2                         0      2        3
  SINCE DEC 1      3                         2      1        6
  SINCE JAN 1      2                         1      1        3
..................................................................


WIND (MPH)
  HIGHEST WIND SPEED    28   HIGHEST WIND DIRECTION    NE (30)
  HIGHEST GUST SPEED    33   HIGHEST GUST DIRECTION    NE (30)
  AVERAGE WIND SPEED    15.9


SKY COVER
  POSSIBLE SUNSHINE  MM
  AVERAGE SKY COVER 0.8


WEATHER CONDITIONS
 THE FOLLOWING WEATHER WAS RECORDED YESTERDAY.
  NO SIGNIFICANT WEATHER WAS OBSERVED.


RELATIVE HUMIDITY (PERCENT)
 HIGHEST    82           100 AM
 LOWEST     58           900 PM
 AVERAGE    70

..........................................................


THE SAN ANGELO CLIMATE NORMALS FOR TODAY
                         NORMAL    RECORD    YEAR
 MAXIMUM TEMPERATURE (F)   66        92      1917
 MINIMUM TEMPERATURE (F)   40        10      1924


SUNRISE AND SUNSET
FEBRUARY 27 2015......SUNRISE   711 AM CST   SUNSET   639 PM CST
FEBRUARY 28 2015......SUNRISE   710 AM CST   SUNSET   639 PM CST


-  INDICATES NEGATIVE NUMBERS.
R  INDICATES RECORD WAS SET OR TIED.
MM INDICATES DATA IS MISSING.
T  INDICATES TRACE AMOUNT.




$$
