000
CDUS44 KSJT 220811
CLISJT


CLIMATE REPORT
NATIONAL WEATHER SERVICE SAN ANGELO TX
310 AM CDT THU JUN 22 2017


...................................

...THE SAN ANGELO CLIMATE SUMMARY FOR JUNE 21 2017...

CLIMATE NORMAL PERIOD 1981 TO 2010
CLIMATE RECORD PERIOD 1907 TO 2017


WEATHER ITEM   OBSERVED TIME   RECORD YEAR NORMAL DEPARTURE LAST
                VALUE   (LST)  VALUE       VALUE  FROM      YEAR
                                                  NORMAL
..................................................................
TEMPERATURE (F)
 YESTERDAY
  MAXIMUM        101    501 PM 108    1934  93      8       95
  MINIMUM         70    522 AM  56    1920  70      0       69
                                      1912
  AVERAGE         86                        81      5       82

PRECIPITATION (IN)
  YESTERDAY        0.00          1.91 2004   0.07  -0.07     0.00
  MONTH TO DATE    0.21                      2.01  -1.80     3.12
  SINCE JUN 1      0.21                      2.01  -1.80     3.12
  SINCE JAN 1      6.69                     10.03  -3.34    18.75

DEGREE DAYS
 HEATING
  YESTERDAY        0                         0      0        0
  MONTH TO DATE    0                         0      0        0
  SINCE JUN 1      0                         0      0        0
  SINCE JUL 1   1507                      2316   -809     1825

 COOLING
  YESTERDAY       21                        16      5       17
  MONTH TO DATE  392                       312     80      298
  SINCE JUN 1    392                       312     80      298
  SINCE JAN 1    968                       772    196      709
..................................................................


WIND (MPH)
  HIGHEST WIND SPEED    16   HIGHEST WIND DIRECTION    NE (40)
  HIGHEST GUST SPEED    23   HIGHEST GUST DIRECTION    NE (40)
  AVERAGE WIND SPEED     5.1


SKY COVER
  POSSIBLE SUNSHINE  MM
  AVERAGE SKY COVER 0.0


WEATHER CONDITIONS
 THE FOLLOWING WEATHER WAS RECORDED YESTERDAY.
  NO SIGNIFICANT WEATHER WAS OBSERVED.


RELATIVE HUMIDITY (PERCENT)
 HIGHEST    73           400 AM
 LOWEST     18           600 PM
 AVERAGE    46

..........................................................


THE SAN ANGELO CLIMATE NORMALS FOR TODAY
                         NORMAL    RECORD    YEAR
 MAXIMUM TEMPERATURE (F)   93       107      1969
 MINIMUM TEMPERATURE (F)   70        48      1912


SUNRISE AND SUNSET
JUNE 22 2017..........SUNRISE   638 AM CDT   SUNSET   850 PM CDT
JUNE 23 2017..........SUNRISE   639 AM CDT   SUNSET   850 PM CDT


-  INDICATES NEGATIVE NUMBERS.
R  INDICATES RECORD WAS SET OR TIED.
MM INDICATES DATA IS MISSING.
T  INDICATES TRACE AMOUNT.




$$
