000
CDUS44 KSJT 180742
CLISJT


CLIMATE REPORT
NATIONAL WEATHER SERVICE SAN ANGELO TX
242 AM CDT THU SEP 18 2014


...................................

...THE SAN ANGELO CLIMATE SUMMARY FOR SEPTEMBER 17 2014...

CLIMATE NORMAL PERIOD 1981 TO 2010
CLIMATE RECORD PERIOD 1907 TO 2014


WEATHER ITEM   OBSERVED TIME   RECORD YEAR NORMAL DEPARTURE LAST
                VALUE   (LST)  VALUE       VALUE  FROM      YEAR
                                                  NORMAL
..................................................................
TEMPERATURE (F)
 YESTERDAY
  MAXIMUM         94    337 PM 100    1997  87      7       88
  MINIMUM         70    649 AM  45    1951  63      7       73
  AVERAGE         82                        75      7       81

PRECIPITATION (IN)
  YESTERDAY        T             4.64 1936   0.07  -0.07      T
  MONTH TO DATE    0.14                      1.48  -1.34     0.26
  SINCE SEP 1      0.14                      1.48  -1.34     0.26
  SINCE JAN 1     12.12                     15.55  -3.43    12.02

DEGREE DAYS
 HEATING
  YESTERDAY        0                         0      0        0
  MONTH TO DATE    5                         0      5        0
  SINCE SEP 1      5                         0      5        0
  SINCE JUL 1      5                         0      5        0

 COOLING
  YESTERDAY       17                        10      7       16
  MONTH TO DATE  255                       218     37      280
  SINCE SEP 1    255                       218     37      280
  SINCE JAN 1   2513                      2254    259     2606
..................................................................


WIND (MPH)
  HIGHEST WIND SPEED    21   HIGHEST WIND DIRECTION    NE (50)
  HIGHEST GUST SPEED    25   HIGHEST GUST DIRECTION    NE (50)
  AVERAGE WIND SPEED     5.6


SKY COVER
  POSSIBLE SUNSHINE  MM
  AVERAGE SKY COVER 0.5


WEATHER CONDITIONS
 THE FOLLOWING WEATHER WAS RECORDED YESTERDAY.
  NO SIGNIFICANT WEATHER WAS OBSERVED.


RELATIVE HUMIDITY (PERCENT)
 HIGHEST    87          1100 PM
 LOWEST     36           400 PM
 AVERAGE    62

..........................................................


THE SAN ANGELO CLIMATE NORMALS FOR TODAY
                         NORMAL    RECORD    YEAR
 MAXIMUM TEMPERATURE (F)   87       102      1907
 MINIMUM TEMPERATURE (F)   63        49      1951


SUNRISE AND SUNSET
SEPTEMBER 18 2014.....SUNRISE   728 AM CDT   SUNSET   744 PM CDT
SEPTEMBER 19 2014.....SUNRISE   728 AM CDT   SUNSET   742 PM CDT


-  INDICATES NEGATIVE NUMBERS.
R  INDICATES RECORD WAS SET OR TIED.
MM INDICATES DATA IS MISSING.
T  INDICATES TRACE AMOUNT.




$$
