000
CDUS44 KSJT 270651
CLISJT


CLIMATE REPORT
NATIONAL WEATHER SERVICE SAN ANGELO TX
151 AM CDT FRI MAR 27 2015


...................................

...THE SAN ANGELO CLIMATE SUMMARY FOR MARCH 26 2015...

CLIMATE NORMAL PERIOD 1981 TO 2010
CLIMATE RECORD PERIOD 1907 TO 2015


WEATHER ITEM   OBSERVED TIME   RECORD YEAR NORMAL DEPARTURE LAST
                VALUE   (LST)  VALUE       VALUE  FROM      YEAR
                                                  NORMAL
..................................................................
TEMPERATURE (F)
 YESTERDAY
  MAXIMUM         67    533 PM  91    2000  74     -7       65
                                      1938
                                      1908
  MINIMUM         42   1140 PM  22    1955  47     -5       47
  AVERAGE         55                        60     -5       56

PRECIPITATION (IN)
  YESTERDAY        0.00          1.22 2007   0.05  -0.05     0.01
  MONTH TO DATE    1.67                      1.28   0.39     0.05
  SINCE MAR 1      1.67                      1.28   0.39     0.05
  SINCE JAN 1      3.93                      3.56   0.37     0.11

SNOWFALL (IN)
  YESTERDAY        0.0           0.0  2002   0.0    0.0      0.0
  MONTH TO DATE    0.2                       0.1    0.1       T
  SINCE NOV 1      1.4                       2.2   -0.8      1.6
  SINCE JUL 1      1.4                       2.2   -0.8      1.6
  SNOW DEPTH       0

DEGREE DAYS
 HEATING
  YESTERDAY       10                         6      4        9
  MONTH TO DATE  282                       230     52      277
  SINCE MAR 1    282                       230     52      277
  SINCE JUL 1   2129                      2191    -62     2397

 COOLING
  YESTERDAY        0                         2     -2        0
  MONTH TO DATE   22                        26     -4       28
  SINCE MAR 1     22                        26     -4       28
  SINCE JAN 1     24                        31     -7       31
..................................................................


WIND (MPH)
  HIGHEST WIND SPEED    31   HIGHEST WIND DIRECTION     N (10)
  HIGHEST GUST SPEED    38   HIGHEST GUST DIRECTION     N (10)
  AVERAGE WIND SPEED    13.3


SKY COVER
  POSSIBLE SUNSHINE  MM
  AVERAGE SKY COVER 0.1


WEATHER CONDITIONS
 THE FOLLOWING WEATHER WAS RECORDED YESTERDAY.
  NO SIGNIFICANT WEATHER WAS OBSERVED.


RELATIVE HUMIDITY (PERCENT)
 HIGHEST    71           600 AM
 LOWEST     19           600 PM
 AVERAGE    45

..........................................................


THE SAN ANGELO CLIMATE NORMALS FOR TODAY
                         NORMAL    RECORD    YEAR
 MAXIMUM TEMPERATURE (F)   74        96      1971
 MINIMUM TEMPERATURE (F)   47        23      1955


SUNRISE AND SUNSET
MARCH 27 2015.........SUNRISE   737 AM CDT   SUNSET   758 PM CDT
MARCH 28 2015.........SUNRISE   736 AM CDT   SUNSET   759 PM CDT


-  INDICATES NEGATIVE NUMBERS.
R  INDICATES RECORD WAS SET OR TIED.
MM INDICATES DATA IS MISSING.
T  INDICATES TRACE AMOUNT.


$$
