000
CDUS44 KSJT 182327
CLISJT


CLIMATE REPORT
NATIONAL WEATHER SERVICE SAN ANGELO TX
526 PM CST SUN FEB 18 2018


...................................

...THE SAN ANGELO CLIMATE SUMMARY FOR FEBRUARY 18 2018...
VALID TODAY AS OF 0500 PM LOCAL TIME.

CLIMATE NORMAL PERIOD 1981 TO 2010
CLIMATE RECORD PERIOD 1907 TO 2018


WEATHER ITEM   OBSERVED TIME   RECORD YEAR NORMAL DEPARTURE LAST
                VALUE   (LST)  VALUE       VALUE  FROM      YEAR
                                                  NORMAL
..................................................................
TEMPERATURE (F)
 TODAY
  MAXIMUM         76    214 PM  87    1986  64     12       82
  MINIMUM         50    444 AM  12    1936  38     12       45
  AVERAGE         63                        51     12       64

PRECIPITATION (IN)
  TODAY            0.14          1.80 1911   0.06   0.08     0.00
  MONTH TO DATE    0.19                      0.85  -0.66     1.01
  SINCE DEC 1      1.33                      2.63  -1.30     3.23
  SINCE JAN 1      0.20                      1.78  -1.58     2.49

SNOWFALL (IN)
  TODAY            0.0           0.0    MM   0.0    0.0      0.0
  MONTH TO DATE    T                         0.2   -0.2      0.0
  SINCE NOV 1      T                         2.0   -2.0       T
  SINCE JUL 1      T                         2.0   -2.0       T

DEGREE DAYS
 HEATING
  TODAY            2                        14    -12        1
  MONTH TO DATE  247                       286    -39      161
  SINCE DEC 1   1431                      1430      1     1110
  SINCE JUL 1   1731                      1830    -99     1278

 COOLING
  TODAY            0                         0      0        0
  MONTH TO DATE    9                         0      9       10
  SINCE DEC 1     12                         2     10       12
  SINCE JAN 1      9                         1      8       11
..................................................................


WIND (MPH)
  HIGHEST WIND SPEED    23   HIGHEST WIND DIRECTION     S (190)
  HIGHEST GUST SPEED    28   HIGHEST GUST DIRECTION     S (190)
  AVERAGE WIND SPEED     9.8


SKY COVER
  POSSIBLE SUNSHINE  MM
  AVERAGE SKY COVER 0.6


WEATHER CONDITIONS
 THE FOLLOWING WEATHER WAS RECORDED TODAY.
  LIGHT RAIN
  FOG


RELATIVE HUMIDITY (PERCENT)
 HIGHEST    89          1000 AM
 LOWEST     55          1200 AM
 AVERAGE    72

..........................................................


THE SAN ANGELO CLIMATE NORMALS FOR TOMORROW
                         NORMAL    RECORD    YEAR
 MAXIMUM TEMPERATURE (F)   64        90      1986
 MINIMUM TEMPERATURE (F)   38        13      1936


SUNRISE AND SUNSET
FEBRUARY 18 2018......SUNRISE   720 AM CST   SUNSET   632 PM CST
FEBRUARY 19 2018......SUNRISE   719 AM CST   SUNSET   633 PM CST


-  INDICATES NEGATIVE NUMBERS.
R  INDICATES RECORD WAS SET OR TIED.
MM INDICATES DATA IS MISSING.
T  INDICATES TRACE AMOUNT.




$$
