000
CDUS44 KSJT 240837
CLISJT


CLIMATE REPORT
NATIONAL WEATHER SERVICE SAN ANGELO TX
336 AM CDT THU AUG 24 2017


...................................

...THE SAN ANGELO CLIMATE SUMMARY FOR AUGUST 23 2017...

CLIMATE NORMAL PERIOD 1981 TO 2010
CLIMATE RECORD PERIOD 1907 TO 2017


WEATHER ITEM   OBSERVED TIME   RECORD YEAR NORMAL DEPARTURE LAST
                VALUE   (LST)  VALUE       VALUE  FROM      YEAR
                                                  NORMAL
..................................................................
TEMPERATURE (F)
 YESTERDAY
  MAXIMUM         93    425 PM 107    2010  94     -1       95
  MINIMUM         71   1159 PM  60    1961  70      1       77
  AVERAGE         82                        82      0       86

PRECIPITATION (IN)
  YESTERDAY        0.26          1.35 1942   0.08   0.18     0.00
  MONTH TO DATE    2.05                      1.51   0.54     2.87
  SINCE JUN 1      5.26                      5.30  -0.04     9.89
  SINCE JAN 1     11.74                     13.32  -1.58    25.52

DEGREE DAYS
 HEATING
  YESTERDAY        0                         0      0        0
  MONTH TO DATE    0                         0      0        0
  SINCE JUN 1      0                         0      0        0
  SINCE JUL 1      0                         0      0        0

 COOLING
  YESTERDAY       17                        17      0       21
  MONTH TO DATE  425                       421      4      469
  SINCE JUN 1   1599                      1448    151     1616
  SINCE JAN 1   2175                      1908    267     2027
..................................................................


WIND (MPH)
  HIGHEST WIND SPEED    25   HIGHEST WIND DIRECTION     N (10)
  HIGHEST GUST SPEED    32   HIGHEST GUST DIRECTION     N (10)
  AVERAGE WIND SPEED     3.9


SKY COVER
  POSSIBLE SUNSHINE  MM
  AVERAGE SKY COVER 0.4


WEATHER CONDITIONS
 THE FOLLOWING WEATHER WAS RECORDED YESTERDAY.
  HEAVY RAIN
  LIGHT RAIN


RELATIVE HUMIDITY (PERCENT)
 HIGHEST    93           500 AM
 LOWEST     38           400 PM
 AVERAGE    66

..........................................................


THE SAN ANGELO CLIMATE NORMALS FOR TODAY
                         NORMAL    RECORD    YEAR
 MAXIMUM TEMPERATURE (F)   94       105      1918
 MINIMUM TEMPERATURE (F)   70        55      1961


SUNRISE AND SUNSET
AUGUST 24 2017........SUNRISE   713 AM CDT   SUNSET   815 PM CDT
AUGUST 25 2017........SUNRISE   714 AM CDT   SUNSET   814 PM CDT


-  INDICATES NEGATIVE NUMBERS.
R  INDICATES RECORD WAS SET OR TIED.
MM INDICATES DATA IS MISSING.
T  INDICATES TRACE AMOUNT.




$$
