760
CDUS44 KSJT 030659
CLISJT


CLIMATE REPORT
NATIONAL WEATHER SERVICE SAN ANGELO TX
159 AM CDT TUE MAY 3 2016


...................................

...THE SAN ANGELO CLIMATE SUMMARY FOR MAY 2 2016...

CLIMATE NORMAL PERIOD 1981 TO 2010
CLIMATE RECORD PERIOD 1907 TO 2016


WEATHER ITEM   OBSERVED TIME   RECORD YEAR NORMAL DEPARTURE LAST
                VALUE   (LST)  VALUE       VALUE  FROM      YEAR
                                                  NORMAL
..................................................................
TEMPERATURE (F)
 YESTERDAY
  MAXIMUM         69    521 PM  99    1998  84    -15       86
                                      1996
  MINIMUM         48   1159 PM  35    1967  57     -9       54
  AVERAGE         59                        71    -12       70

PRECIPITATION (IN)
  YESTERDAY        T             1.54 1922   0.07  -0.07     0.00
  MONTH TO DATE    T                         0.14  -0.14     0.00
  SINCE MAR 1      8.43                      3.06   5.37     3.48
  SINCE JAN 1      9.23                      5.34   3.89     5.74

DEGREE DAYS
 HEATING
  YESTERDAY        6                         1      5        0
  MONTH TO DATE    9                         2      7        0
  SINCE MAR 1    219                       347   -128      330
  SINCE JUL 1   1812                      2308   -496     2177

 COOLING
  YESTERDAY        0                         7     -7        5
  MONTH TO DATE    0                        13    -13        6
  SINCE MAR 1    124                       164    -40      200
  SINCE JAN 1    134                       169    -35      202
..................................................................


WIND (MPH)
  HIGHEST WIND SPEED    23   HIGHEST WIND DIRECTION     N (10)
  HIGHEST GUST SPEED    28   HIGHEST GUST DIRECTION     N (10)
  AVERAGE WIND SPEED     8.7


SKY COVER
  POSSIBLE SUNSHINE  MM
  AVERAGE SKY COVER 0.6


WEATHER CONDITIONS
 THE FOLLOWING WEATHER WAS RECORDED YESTERDAY.
  THUNDERSTORM
  LIGHT RAIN


RELATIVE HUMIDITY (PERCENT)
 HIGHEST    83           500 AM
 LOWEST     45           500 PM
 AVERAGE    64

..........................................................


THE SAN ANGELO CLIMATE NORMALS FOR TODAY
                         NORMAL    RECORD    YEAR
 MAXIMUM TEMPERATURE (F)   85       103      1927
 MINIMUM TEMPERATURE (F)   58        35      2013


SUNRISE AND SUNSET
MAY  3 2016...........SUNRISE   655 AM CDT   SUNSET   823 PM CDT
MAY  4 2016...........SUNRISE   654 AM CDT   SUNSET   824 PM CDT


-  INDICATES NEGATIVE NUMBERS.
R  INDICATES RECORD WAS SET OR TIED.
MM INDICATES DATA IS MISSING.
T  INDICATES TRACE AMOUNT.




$$
