000
CDUS44 KSJT 210806
CLISJT


CLIMATE REPORT
NATIONAL WEATHER SERVICE SAN ANGELO TX
206 AM CST TUE FEB 21 2017


...................................

...THE SAN ANGELO CLIMATE SUMMARY FOR FEBRUARY 20 2017...

CLIMATE NORMAL PERIOD 1981 TO 2010
CLIMATE RECORD PERIOD 1907 TO 2017


WEATHER ITEM   OBSERVED TIME   RECORD YEAR NORMAL DEPARTURE LAST
                VALUE   (LST)  VALUE       VALUE  FROM      YEAR
                                                  NORMAL
..................................................................
TEMPERATURE (F)
 YESTERDAY
  MAXIMUM         74    408 PM  91    1986  65      9       78
  MINIMUM         47    804 AM  20    1936  38      9       55
  AVERAGE         61                        51     10       67

PRECIPITATION (IN)
  YESTERDAY        0.00          2.32 1997   0.05  -0.05     0.00
  MONTH TO DATE    1.23                      0.95   0.28     0.00
  SINCE DEC 1      3.45                      2.73   0.72     2.29
  SINCE JAN 1      2.71                      1.88   0.83     0.03

SNOWFALL (IN)
  YESTERDAY       MM             0.9  1984   0.0   MM        0.0
  MONTH TO DATE    0.0                       0.2   -0.2      0.0
  SINCE NOV 1      T                         2.0   -2.0      3.1
  SINCE JUL 1      T                         2.0   -2.0      3.1
  SNOW DEPTH       0

DEGREE DAYS
 HEATING
  YESTERDAY        4                        14    -10        0
  MONTH TO DATE  165                       314   -149      230
  SINCE DEC 1   1114                      1458   -344     1205
  SINCE JUL 1   1282                      1858   -576     1491

 COOLING
  YESTERDAY        0                         0      0        2
  MONTH TO DATE   11                         0     11       10
  SINCE DEC 1     13                         2     11       10
  SINCE JAN 1     12                         1     11       10
..................................................................


WIND (MPH)
  HIGHEST WIND SPEED    28   HIGHEST WIND DIRECTION     W (270)
  HIGHEST GUST SPEED    32   HIGHEST GUST DIRECTION     W (270)
  AVERAGE WIND SPEED    11.7


SKY COVER
  POSSIBLE SUNSHINE  MM
  AVERAGE SKY COVER 0.0


WEATHER CONDITIONS
 THE FOLLOWING WEATHER WAS RECORDED YESTERDAY.
  NO SIGNIFICANT WEATHER WAS OBSERVED.


RELATIVE HUMIDITY (PERCENT)
 HIGHEST   100           300 AM
 LOWEST     24           600 PM
 AVERAGE    62

..........................................................


THE SAN ANGELO CLIMATE NORMALS FOR TODAY
                         NORMAL    RECORD    YEAR
 MAXIMUM TEMPERATURE (F)   65        93      1996
 MINIMUM TEMPERATURE (F)   38        19      1939


SUNRISE AND SUNSET
FEBRUARY 21 2017......SUNRISE   717 AM CST   SUNSET   634 PM CST
FEBRUARY 22 2017......SUNRISE   716 AM CST   SUNSET   635 PM CST


-  INDICATES NEGATIVE NUMBERS.
R  INDICATES RECORD WAS SET OR TIED.
MM INDICATES DATA IS MISSING.
T  INDICATES TRACE AMOUNT.




$$
