000
CDCA42 TJSJ 252136
CLISJU


CLIMATE REPORT
NATIONAL WEATHER SERVICE SAN JUAN, PR
525 PM AST MON JUL 25 2016


...................................

...THE SAN JUAN AREA/PR CLIMATE SUMMARY FOR JULY 25 2016...
VALID TODAY AS OF 0500 PM LOCAL TIME.

CLIMATE NORMAL PERIOD 1981 TO 2010
CLIMATE RECORD PERIOD 1898 TO 2016


WEATHER ITEM   OBSERVED TIME   RECORD YEAR NORMAL DEPARTURE LAST
                VALUE   (LST)  VALUE       VALUE  FROM      YEAR
                                                  NORMAL
..................................................................
TEMPERATURE (F)
 TODAY
  MAXIMUM         90    113 PM  93    1980  89      1       90
  MINIMUM         77    540 AM  72    1956  78     -1       78
  AVERAGE         84                        83      1       84

PRECIPITATION (IN)
  TODAY            T             1.18 1941   0.16  -0.16     0.00
  MONTH TO DATE    2.91                      4.13  -1.22     1.59
  SINCE JUN 1      5.65                      8.54  -2.89     3.70
  SINCE JAN 1     30.55                     27.22   3.33    17.09

SNOWFALL (IN)
  TODAY            0.0                       0.0    0.0      0.0
  MONTH TO DATE    0.0                       0.0    0.0      0.0
  SINCE JUN 1      0.0                       0.0    0.0      0.0
  SINCE JUL 1      0.0                       0.0    0.0      0.0

DEGREE DAYS
 HEATING
  TODAY            0                         0      0        0
  MONTH TO DATE    0                         0      0        0
  SINCE JUN 1      0                         0      0        0
  SINCE JUL 1      0                         0      0        0

 COOLING
  TODAY           19                        18      1       19
  MONTH TO DATE  460                       450     10      468
  SINCE JUN 1   1032                       999     33     1042
  SINCE JAN 1   3308                      3164    144     3383
..................................................................


WIND (MPH)
  HIGHEST WIND SPEED    20   HIGHEST WIND DIRECTION    NE (60)
  HIGHEST GUST SPEED    24   HIGHEST GUST DIRECTION     E (80)
  AVERAGE WIND SPEED     8.2


SKY COVER
  AVERAGE SKY COVER 0.4


WEATHER CONDITIONS
 THE FOLLOWING WEATHER WAS RECORDED TODAY.
  NO SIGNIFICANT WEATHER WAS OBSERVED.


RELATIVE HUMIDITY (PERCENT)
 HIGHEST    85
 LOWEST     64
 AVERAGE    75

..........................................................


THE SAN JUAN AREA/PR CLIMATE NORMALS FOR TOMORROW
                         NORMAL    RECORD    YEAR
 MAXIMUM TEMPERATURE (F)   89        93      1984
 MINIMUM TEMPERATURE (F)   78        71      1957


SUNRISE AND SUNSET
JULY 25 2016..........SUNRISE   600 AM AST   SUNSET   701 PM AST
JULY 26 2016..........SUNRISE   600 AM AST   SUNSET   701 PM AST


-  INDICATES NEGATIVE NUMBERS.
R  INDICATES RECORD WAS SET OR TIED.
MM INDICATES DATA IS MISSING.
T  INDICATES TRACE AMOUNT.




$$
