000
CDCA42 TJSJ 010427
CLISJU


CLIMATE REPORT
NATIONAL WEATHER SERVICE SAN JUAN, PR
1226 AM AST TUE SEP 1 2015


...................................

...THE SAN JUAN AREA/PR CLIMATE SUMMARY FOR AUGUST 31 2015...

CLIMATE NORMAL PERIOD 1981 TO 2010
CLIMATE RECORD PERIOD 1898 TO 2015


WEATHER ITEM   OBSERVED TIME   RECORD YEAR NORMAL DEPARTURE LAST
                VALUE   (LST)  VALUE       VALUE  FROM      YEAR
                                                  NORMAL
..................................................................
TEMPERATURE (F)
 YESTERDAY
  MAXIMUM         89    158 PM  94    1995  89      0       89
  MINIMUM         79    627 AM  71    1902  78      1       78
  AVERAGE         84                        84      0       84

PRECIPITATION (IN)
  YESTERDAY        T             2.63 1979   0.21  -0.21     0.02
  MONTH TO DATE    5.96                      5.46   0.50     9.79
  SINCE JUN 1      9.68                     14.94  -5.26    14.13
  SINCE JAN 1     23.07                     33.62 -10.55    32.72

SNOWFALL (IN)
  YESTERDAY        0.0                       0.0    0.0      0.0
  MONTH TO DATE    0.0                       0.0    0.0      0.0
  SINCE JUN 1      0.0                       0.0    0.0      0.0
  SINCE JUL 1      0.0                       0.0    0.0      0.0

DEGREE DAYS
 HEATING
  YESTERDAY        0                         0      0        0
  MONTH TO DATE    0                         0      0        0
  SINCE JUN 1      0                         0      0        0
  SINCE JUL 1      0                         0      0        0

 COOLING
  YESTERDAY       19                        19      0       19
  MONTH TO DATE  571                       580     -9      572
  SINCE JUN 1   1734                      1699     35     1809
  SINCE JAN 1   4075                      3864    211     4215
..................................................................


WIND (MPH)
  HIGHEST WIND SPEED    22   HIGHEST WIND DIRECTION    NE (60)
  HIGHEST GUST SPEED    26   HIGHEST GUST DIRECTION     E (70)
  AVERAGE WIND SPEED     9.0


SKY COVER
  AVERAGE SKY COVER 0.4


WEATHER CONDITIONS
 THE FOLLOWING WEATHER WAS RECORDED YESTERDAY.
  NO SIGNIFICANT WEATHER WAS OBSERVED.


RELATIVE HUMIDITY (PERCENT)
 HIGHEST    91
 LOWEST     68
 AVERAGE    80

..........................................................


THE SAN JUAN AREA/PR CLIMATE NORMALS FOR TODAY
                         NORMAL    RECORD    YEAR
 MAXIMUM TEMPERATURE (F)   89        97      1981
 MINIMUM TEMPERATURE (F)   78        70      1942


SUNRISE AND SUNSET
SEPTEMBER  1 2015.....SUNRISE   609 AM AST   SUNSET   638 PM AST
SEPTEMBER  2 2015.....SUNRISE   610 AM AST   SUNSET   638 PM AST


-  INDICATES NEGATIVE NUMBERS.
R  INDICATES RECORD WAS SET OR TIED.
MM INDICATES DATA IS MISSING.
T  INDICATES TRACE AMOUNT.




$$
