343
CDUS45 KSLC 121236
CLISLC


CLIMATE REPORT
NATIONAL WEATHER SERVICE SALT LAKE CITY UT
535 AM MST FRI FEB 12 2016


...................................

...THE SALT LAKE CITY UT CLIMATE SUMMARY FOR FEBRUARY 11 2016...

CLIMATE NORMAL PERIOD 1981 TO 2010
CLIMATE RECORD PERIOD 1874 TO 2016


WEATHER ITEM   OBSERVED TIME   RECORD YEAR NORMAL DEPARTURE LAST
                VALUE   (LST)  VALUE       VALUE  FROM      YEAR
                                                  NORMAL
..................................................................
TEMPERATURE (F)
 YESTERDAY
  MAXIMUM         34    336 PM  65    1961  42     -8       53
  MINIMUM         28    813 AM  -1    1929  24      4       32
  AVERAGE         31                        33     -2       43

PRECIPITATION (IN)
  YESTERDAY        T             0.74 1884   0.04  -0.04     0.00
  MONTH TO DATE    0.11                      0.45  -0.34     0.17
  SINCE OCT 1      5.30                      6.08  -0.78     3.04
  SINCE JAN 1      2.05                      1.70   0.35     1.03

SNOWFALL (IN)
  YESTERDAY        T             5.1  1995   0.4   MM        0.0
  MONTH TO DATE    1.9                       4.3   -2.4      0.0
  SINCE OCT 1     29.7                      39.0   -9.3      6.8
  SINCE JUL 1     29.7                      39.0   -9.3      6.8
  SNOW DEPTH       T

DEGREE DAYS
 HEATING
  YESTERDAY       34                        32      2       22
  MONTH TO DATE  400                       366     34      165
  SINCE DEC 1   2500                      2542    -42     1959
  SINCE JUL 1   3442                      3760   -318     2929

 COOLING
  YESTERDAY        0                         0      0        0
  MONTH TO DATE    0                         0      0        0
  SINCE DEC 1      0                         0      0        0
  SINCE JAN 1      0                         0      0        0
..................................................................


WIND (MPH)
  RESULTANT WIND SPEED   2   RESULTANT WIND DIRECTION   N (350)
  HIGHEST WIND SPEED    13   HIGHEST WIND DIRECTION    NW (310)
  HIGHEST GUST SPEED    14   HIGHEST GUST DIRECTION    NW (320)
  AVERAGE WIND SPEED     4.7


SKY COVER
  POSSIBLE SUNSHINE  MM
  AVERAGE SKY COVER 1.0


WEATHER CONDITIONS
 THE FOLLOWING WEATHER WAS RECORDED YESTERDAY.
  FOG
  FOG W/VISIBILITY <= 1/4 MILE
  HAZE


RELATIVE HUMIDITY (PERCENT)
 HIGHEST   100           200 AM
 LOWEST     75           300 PM
 AVERAGE    88

..........................................................


THE SALT LAKE CITY UT CLIMATE NORMALS FOR TODAY
                         NORMAL    RECORD    YEAR
 MAXIMUM TEMPERATURE (F)   42        61      1970
 MINIMUM TEMPERATURE (F)   24        -4      2004
                                             1905
                                             1884


SUNRISE AND SUNSET
FEBRUARY 12 2016......SUNRISE   726 AM MST   SUNSET   559 PM MST
FEBRUARY 13 2016......SUNRISE   725 AM MST   SUNSET   600 PM MST


-  INDICATES NEGATIVE NUMBERS.
R  INDICATES RECORD WAS SET OR TIED.
MM INDICATES DATA IS MISSING.
T  INDICATES TRACE AMOUNT.




$$
