000
CDUS45 KSLC 241227
CLISLC


CLIMATE REPORT
NATIONAL WEATHER SERVICE SALT LAKE CITY UT
626 AM MDT SUN SEP 24 2017


...................................

...THE SALT LAKE CITY UT CLIMATE SUMMARY FOR SEPTEMBER 23 2017...

CLIMATE NORMAL PERIOD 1981 TO 2010
CLIMATE RECORD PERIOD 1874 TO 2017


WEATHER ITEM   OBSERVED TIME   RECORD YEAR NORMAL DEPARTURE LAST
                VALUE   (LST)  VALUE       VALUE  FROM      YEAR
                                                  NORMAL
..................................................................
TEMPERATURE (F)
 YESTERDAY
  MAXIMUM         56    201 PM  92    1992  76    -20       51
  MINIMUM         40    633 AM  31    1968  50    -10       47
  AVERAGE         48                        63    -15       49

PRECIPITATION (IN)
  YESTERDAY        0.40          1.09 1973   0.05   0.35     0.48
  MONTH TO DATE    1.55                      0.88   0.67     1.66
  SINCE OCT 1     18.02                     15.77   2.25    13.23
  SINCE JAN 1     13.38                     11.39   1.99     9.98

SNOWFALL (IN)
  YESTERDAY       MM             T    1913   0.0   MM        0.0
  MONTH TO DATE    0.0                       0.0    0.0      0.0
  SINCE OCT 1     51.4                      56.2   -4.8     34.3
  SINCE JUL 1      0.0                       0.0    0.0      0.0
  SNOW DEPTH       0

DEGREE DAYS
 HEATING
  YESTERDAY       17                         4     13       16
  MONTH TO DATE   73                        46     27       29
  SINCE SEP 1     73                        46     27       29
  SINCE JUL 1     73                        51     22       30

 COOLING
  YESTERDAY        0                         2     -2        0
  MONTH TO DATE  196                       107     89      114
  SINCE SEP 1    196                       107     89      114
  SINCE JAN 1   1758                      1143    615     1591
..................................................................


WIND (MPH)
  RESULTANT WIND SPEED   2   RESULTANT WIND DIRECTION  NW (330)
  HIGHEST WIND SPEED    15   HIGHEST WIND DIRECTION    NW (320)
  HIGHEST GUST SPEED    19   HIGHEST GUST DIRECTION     N (340)
  AVERAGE WIND SPEED     6.8


SKY COVER
  POSSIBLE SUNSHINE  MM
  AVERAGE SKY COVER 0.8


WEATHER CONDITIONS
 THE FOLLOWING WEATHER WAS RECORDED YESTERDAY.
  RAIN
  LIGHT RAIN
  FOG


RELATIVE HUMIDITY (PERCENT)
 HIGHEST    93           900 PM
 LOWEST     50           400 PM
 AVERAGE    72

..........................................................


THE SALT LAKE CITY UT CLIMATE NORMALS FOR TODAY
                         NORMAL    RECORD    YEAR
 MAXIMUM TEMPERATURE (F)   75        92      2001
 MINIMUM TEMPERATURE (F)   49        32      1961
                                             1900


SUNRISE AND SUNSET
SEPTEMBER 24 2017.....SUNRISE   718 AM MDT   SUNSET   721 PM MDT
SEPTEMBER 25 2017.....SUNRISE   719 AM MDT   SUNSET   719 PM MDT


-  INDICATES NEGATIVE NUMBERS.
R  INDICATES RECORD WAS SET OR TIED.
MM INDICATES DATA IS MISSING.
T  INDICATES TRACE AMOUNT.




$$
