000
CDUS45 KSLC 261227
CLISLC


CLIMATE REPORT
NATIONAL WEATHER SERVICE SALT LAKE CITY UT
627 AM MDT SAT JUL 26 2014


...................................

...THE SALT LAKE CITY UT CLIMATE SUMMARY FOR JULY 25 2014...

CLIMATE NORMAL PERIOD 1981 TO 2010
CLIMATE RECORD PERIOD 1874 TO 2014


WEATHER ITEM   OBSERVED TIME   RECORD YEAR NORMAL DEPARTURE LAST
                VALUE   (LST)  VALUE       VALUE  FROM      YEAR
                                                  NORMAL
..................................................................
TEMPERATURE (F)
 YESTERDAY
  MAXIMUM         92    436 PM 103    1933  94     -2       98
  MINIMUM         64    557 AM  51    1964  66     -2       75
  AVERAGE         78                        80     -2       87

PRECIPITATION (IN)
  YESTERDAY        0.00          0.91 1998   0.02  -0.02     0.00
  MONTH TO DATE    0.22                      0.48  -0.26     1.15
  SINCE OCT 1     10.90                     14.07  -3.17    11.84
  SINCE JAN 1      7.89                      9.69  -1.80     7.27

SNOWFALL (IN)
  YESTERDAY        0.0          MM      MM   0.0    0.0      0.0
  MONTH TO DATE    0.0                       0.0    0.0      0.0
  SINCE OCT 1     35.5                      56.2  -20.7     69.9
  SINCE JUL 1      0.0                       0.0    0.0      0.0
  SNOW DEPTH       0

DEGREE DAYS
 HEATING
  YESTERDAY        0                         0      0        0
  MONTH TO DATE    0                         0      0        0
  SINCE JUN 1     39                        46     -7        4
  SINCE JUL 1      0                         0      0        0

 COOLING
  YESTERDAY       13                        15     -2       22
  MONTH TO DATE  444                       336    108      494
  SINCE JUN 1    624                       523    101      817
  SINCE JAN 1    686                       573    113      887
..................................................................


WIND (MPH)
  RESULTANT WIND SPEED   4   RESULTANT WIND DIRECTION  NW (330)
  HIGHEST WIND SPEED    16   HIGHEST WIND DIRECTION     N (350)
  HIGHEST GUST SPEED    23   HIGHEST GUST DIRECTION     N (20)
  AVERAGE WIND SPEED     6.6


SKY COVER
  POSSIBLE SUNSHINE  MM
  AVERAGE SKY COVER 0.4


WEATHER CONDITIONS
 THE FOLLOWING WEATHER WAS RECORDED YESTERDAY.
  NO SIGNIFICANT WEATHER WAS OBSERVED.


RELATIVE HUMIDITY (PERCENT)
 HIGHEST    56           600 AM
 LOWEST     14           600 PM
 AVERAGE    35

..........................................................


THE SALT LAKE CITY UT CLIMATE NORMALS FOR TODAY
                         NORMAL    RECORD    YEAR
 MAXIMUM TEMPERATURE (F)   94       107      1960
 MINIMUM TEMPERATURE (F)   66        54      1993
                                             1932
                                             1887


SUNRISE AND SUNSET
JULY 26 2014..........SUNRISE   619 AM MDT   SUNSET   849 PM MDT
JULY 27 2014..........SUNRISE   620 AM MDT   SUNSET   848 PM MDT


-  INDICATES NEGATIVE NUMBERS.
R  INDICATES RECORD WAS SET OR TIED.
MM INDICATES DATA IS MISSING.
T  INDICATES TRACE AMOUNT.




$$
