000
CDUS45 KSLC 250031
CLISLC


CLIMATE REPORT
NATIONAL WEATHER SERVICE SALT LAKE CITY UT
631 PM MDT WED AUG 24 2016


...................................

...THE SALT LAKE CITY UT CLIMATE SUMMARY FOR AUGUST 24 2016...
VALID TODAY AS OF 0500 PM LOCAL TIME.

CLIMATE NORMAL PERIOD 1981 TO 2010
CLIMATE RECORD PERIOD 1874 TO 2016


WEATHER ITEM   OBSERVED TIME   RECORD YEAR NORMAL DEPARTURE LAST
                VALUE   (LST)  VALUE       VALUE  FROM      YEAR
                                                  NORMAL
..................................................................
TEMPERATURE (F)
 TODAY
  MAXIMUM         84    315 PM 100    1919  89     -5       98
  MINIMUM         61    547 AM  40    1928  62     -1       70
  AVERAGE         73                        75     -2       84

PRECIPITATION (IN)
  TODAY            0.00          0.52 1900   0.03  -0.03     0.00
  MONTH TO DATE    0.15                      0.50  -0.35     0.88
  SINCE OCT 1     11.57                     14.70  -3.13    13.15
  SINCE JAN 1      8.32                     10.32  -2.00    11.14

SNOWFALL (IN)
  TODAY            0.0          MM      MM   0.0    0.0      0.0
  MONTH TO DATE    0.0                       0.0    0.0      0.0
  SINCE OCT 1     34.3                      56.2  -21.9     15.4
  SINCE JUL 1      0.0                       0.0    0.0      0.0
  SNOW DEPTH       0

DEGREE DAYS
 HEATING
  TODAY            0                         0      0        0
  MONTH TO DATE    0                         0      0        0
  SINCE JUN 1      1                        48    -47        0
  SINCE JUL 1      1                         2     -1        0

 COOLING
  TODAY            8                        10     -2       19
  MONTH TO DATE  386                       310     76      299
  SINCE JUN 1   1337                       922    415     1072
  SINCE JAN 1   1384                       972    412     1103
..................................................................


WIND (MPH)
  RESULTANT WIND SPEED   3   RESULTANT WIND DIRECTION  NW (330)
  HIGHEST WIND SPEED    24   HIGHEST WIND DIRECTION    NW (320)
  HIGHEST GUST SPEED    33   HIGHEST GUST DIRECTION    NW (320)
  AVERAGE WIND SPEED     8.4


SKY COVER
  POSSIBLE SUNSHINE  MM
  AVERAGE SKY COVER 0.2


WEATHER CONDITIONS
 THE FOLLOWING WEATHER WAS RECORDED TODAY.
  NO SIGNIFICANT WEATHER WAS OBSERVED.


RELATIVE HUMIDITY (PERCENT)
 HIGHEST    39           400 AM
 LOWEST      8           200 PM
 AVERAGE    24

..........................................................


THE SALT LAKE CITY UT CLIMATE NORMALS FOR TOMORROW
                         NORMAL    RECORD    YEAR
 MAXIMUM TEMPERATURE (F)   88       100      1985
 MINIMUM TEMPERATURE (F)   61        44      1989
                                             1960
                                             1928


SUNRISE AND SUNSET
AUGUST 24 2016........SUNRISE   648 AM MDT   SUNSET   812 PM MDT
AUGUST 25 2016........SUNRISE   649 AM MDT   SUNSET   810 PM MDT


-  INDICATES NEGATIVE NUMBERS.
R  INDICATES RECORD WAS SET OR TIED.
MM INDICATES DATA IS MISSING.
T  INDICATES TRACE AMOUNT.




$$
