000
CDUS45 KSLC 150032
CLISLC


CLIMATE REPORT
NATIONAL WEATHER SERVICE SALT LAKE CITY UT
632 PM MDT SUN SEP 14 2014


...................................

...THE SALT LAKE CITY UT CLIMATE SUMMARY FOR SEPTEMBER 14 2014...
VALID TODAY AS OF 0500 PM LOCAL TIME.

CLIMATE NORMAL PERIOD 1981 TO 2010
CLIMATE RECORD PERIOD 1874 TO 2014


WEATHER ITEM   OBSERVED TIME   RECORD YEAR NORMAL DEPARTURE LAST
                VALUE   (LST)  VALUE       VALUE  FROM      YEAR
                                                  NORMAL
..................................................................
TEMPERATURE (F)
 TODAY
  MAXIMUM         88    145 PM  96    1990  80      8       73
                                      1948
  MINIMUM         60    630 AM  35    1928  54      6       61
  AVERAGE         74                        67      7       67

PRECIPITATION (IN)
  TODAY            0.00          0.66 1977   0.04  -0.04     0.14
                                      1966
  MONTH TO DATE    0.30                      0.48  -0.18     1.01
  SINCE OCT 1     13.25                     15.37  -2.12    13.02
  SINCE JAN 1     10.24                     10.99  -0.75     8.45

SNOWFALL (IN)
  TODAY            0.0          MM      MM   0.0    0.0      0.0
  MONTH TO DATE    0.0                       0.0    0.0      0.0
  SINCE OCT 1     35.5                      56.2  -20.7     69.9
  SINCE JUL 1      0.0                       0.0    0.0      0.0
  SNOW DEPTH       0

DEGREE DAYS
 HEATING
  TODAY            0                         2     -2        0
  MONTH TO DATE    9                        17     -8        0
  SINCE SEP 1      9                        17     -8        0
  SINCE JUL 1     10                        22    -12        0

 COOLING
  TODAY            9                         4      5        2
  MONTH TO DATE   76                        82     -6      161
  SINCE SEP 1     76                        82     -6      161
  SINCE JAN 1   1129                      1118     11     1707
..................................................................


WIND (MPH)
  RESULTANT WIND SPEED   3   RESULTANT WIND DIRECTION  SE (120)
  HIGHEST WIND SPEED    12   HIGHEST WIND DIRECTION     N (360)
  HIGHEST GUST SPEED    16   HIGHEST GUST DIRECTION     N (10)
  AVERAGE WIND SPEED     5.8


SKY COVER
  POSSIBLE SUNSHINE  MM
  AVERAGE SKY COVER 0.0


WEATHER CONDITIONS
 THE FOLLOWING WEATHER WAS RECORDED TODAY.
  NO SIGNIFICANT WEATHER WAS OBSERVED.


RELATIVE HUMIDITY (PERCENT)
 HIGHEST    43           500 AM
 LOWEST     14           200 PM
 AVERAGE    29

..........................................................


THE SALT LAKE CITY UT CLIMATE NORMALS FOR TOMORROW
                         NORMAL    RECORD    YEAR
 MAXIMUM TEMPERATURE (F)   80        97      2000
 MINIMUM TEMPERATURE (F)   53        33      1936


SUNRISE AND SUNSET
SEPTEMBER 14 2014.....SUNRISE   708 AM MDT   SUNSET   738 PM MDT
SEPTEMBER 15 2014.....SUNRISE   709 AM MDT   SUNSET   737 PM MDT


-  INDICATES NEGATIVE NUMBERS.
R  INDICATES RECORD WAS SET OR TIED.
MM INDICATES DATA IS MISSING.
T  INDICATES TRACE AMOUNT.




$$
