000
CDUS45 KSLC 201226
CLISLC


CLIMATE REPORT
NATIONAL WEATHER SERVICE SALT LAKE CITY UT
526 AM MST MON NOV 20 2017


...................................

...THE SALT LAKE CITY UT CLIMATE SUMMARY FOR NOVEMBER 19 2017...

CLIMATE NORMAL PERIOD 1981 TO 2010
CLIMATE RECORD PERIOD 1874 TO 2017


WEATHER ITEM   OBSERVED TIME   RECORD YEAR NORMAL DEPARTURE LAST
                VALUE   (LST)  VALUE       VALUE  FROM      YEAR
                                                  NORMAL
..................................................................
TEMPERATURE (F)
 YESTERDAY
  MAXIMUM         49    315 PM  71    2007  47      2       64
  MINIMUM         30    730 AM   3    1930  29      1       39
  AVERAGE         40                        38      2       52

PRECIPITATION (IN)
  YESTERDAY        0.00          0.83 1875   0.05  -0.05     0.00
  MONTH TO DATE    0.98                      0.94   0.04     0.11
  SINCE OCT 1      1.16                      2.46  -1.30     1.01
  SINCE JAN 1     15.03                     14.18   0.85    11.21

SNOWFALL (IN)
  YESTERDAY        0.0           6.9  1941   0.3   -0.3      0.0
  MONTH TO DATE    T                         3.7   -3.7      0.3
  SINCE OCT 1      T                         5.1   -5.1      0.3
  SINCE JUL 1      T                         5.1   -5.1      0.3
  SNOW DEPTH       0

DEGREE DAYS
 HEATING
  YESTERDAY       25                        27     -2       13
  MONTH TO DATE  336                       427    -91      275
  SINCE SEP 1    847                       890    -43      543
  SINCE JUL 1    847                       895    -48      544

 COOLING
  YESTERDAY        0                         0      0        0
  MONTH TO DATE    0                         0      0        0
  SINCE SEP 1    196                       124     72      142
  SINCE JAN 1   1758                      1160    598     1619
..................................................................


WIND (MPH)
  RESULTANT WIND SPEED   0   RESULTANT WIND DIRECTION  SE (150)
  HIGHEST WIND SPEED    12   HIGHEST WIND DIRECTION    NW (310)
  HIGHEST GUST SPEED    14   HIGHEST GUST DIRECTION    NW (310)
  AVERAGE WIND SPEED     3.9


SKY COVER
  POSSIBLE SUNSHINE  MM
  AVERAGE SKY COVER 0.0


WEATHER CONDITIONS
 THE FOLLOWING WEATHER WAS RECORDED YESTERDAY.
  NO SIGNIFICANT WEATHER WAS OBSERVED.


RELATIVE HUMIDITY (PERCENT)
 HIGHEST    89          1000 PM
 LOWEST     36           200 PM
 AVERAGE    63

..........................................................


THE SALT LAKE CITY UT CLIMATE NORMALS FOR TODAY
                         NORMAL    RECORD    YEAR
 MAXIMUM TEMPERATURE (F)   47        66      2016
 MINIMUM TEMPERATURE (F)   29         2      1930


SUNRISE AND SUNSET
NOVEMBER 20 2017......SUNRISE   721 AM MST   SUNSET   506 PM MST
NOVEMBER 21 2017......SUNRISE   722 AM MST   SUNSET   505 PM MST


-  INDICATES NEGATIVE NUMBERS.
R  INDICATES RECORD WAS SET OR TIED.
MM INDICATES DATA IS MISSING.
T  INDICATES TRACE AMOUNT.




$$
