000
CDUS45 KSLC 230028
CLISLC


CLIMATE REPORT
NATIONAL WEATHER SERVICE SALT LAKE CITY UT
528 PM MST WED FEB 22 2017


...................................

...THE SALT LAKE CITY UT CLIMATE SUMMARY FOR FEBRUARY 22 2017...
VALID TODAY AS OF 0500 PM LOCAL TIME.

CLIMATE NORMAL PERIOD 1981 TO 2010
CLIMATE RECORD PERIOD 1874 TO 2017


WEATHER ITEM   OBSERVED TIME   RECORD YEAR NORMAL DEPARTURE LAST
                VALUE   (LST)  VALUE       VALUE  FROM      YEAR
                                                  NORMAL
..................................................................
TEMPERATURE (F)
 TODAY
  MAXIMUM         41    332 PM  65    1958  46     -5       44
  MINIMUM         35    332 AM   6    1975  27      8       31
  AVERAGE         38                        36      2       38

PRECIPITATION (IN)
  TODAY            0.03          0.50 1996   0.04  -0.01     0.01
  MONTH TO DATE    1.32                      0.95   0.37     0.52
  SINCE OCT 1      7.93                      6.58   1.35     5.71
  SINCE JAN 1      3.29                      2.20   1.09     2.46

SNOWFALL (IN)
  TODAY            0.0           9.9  1994   0.3   -0.3       T
  MONTH TO DATE    T                         8.6   -8.6      3.8
  SINCE OCT 1     40.0                      43.3   -3.3     31.6
  SINCE JUL 1     40.0                      43.3   -3.3     31.6
  SNOW DEPTH       0

DEGREE DAYS
 HEATING
  TODAY           27                        28     -1       27
  MONTH TO DATE  484                       699   -215      657
  SINCE DEC 1   2744                      2875   -131     2757
  SINCE JUL 1   3543                      4093   -550     3699

 COOLING
  TODAY            0                         0      0        0
  MONTH TO DATE    0                         0      0        0
  SINCE DEC 1      0                         0      0        0
  SINCE JAN 1      0                         0      0        0
..................................................................


WIND (MPH)
  RESULTANT WIND SPEED   7   RESULTANT WIND DIRECTION   S (160)
  HIGHEST WIND SPEED    16   HIGHEST WIND DIRECTION     S (200)
  HIGHEST GUST SPEED    19   HIGHEST GUST DIRECTION     S (200)
  AVERAGE WIND SPEED     7.3


SKY COVER
  POSSIBLE SUNSHINE  MM
  AVERAGE SKY COVER 0.9


WEATHER CONDITIONS
 THE FOLLOWING WEATHER WAS RECORDED TODAY.
  LIGHT RAIN


RELATIVE HUMIDITY (PERCENT)
 HIGHEST   100          1200 AM
 LOWEST     70           300 PM
 AVERAGE    85

..........................................................


THE SALT LAKE CITY UT CLIMATE NORMALS FOR TOMORROW
                         NORMAL    RECORD    YEAR
 MAXIMUM TEMPERATURE (F)   46        61      2014
 MINIMUM TEMPERATURE (F)   28         6      1960
                                             1942


SUNRISE AND SUNSET
FEBRUARY 22 2017......SUNRISE   712 AM MST   SUNSET   611 PM MST
FEBRUARY 23 2017......SUNRISE   710 AM MST   SUNSET   613 PM MST


-  INDICATES NEGATIVE NUMBERS.
R  INDICATES RECORD WAS SET OR TIED.
MM INDICATES DATA IS MISSING.
T  INDICATES TRACE AMOUNT.




$$
