000
CDUS45 KSLC 230018
CLISLC


CLIMATE REPORT
NATIONAL WEATHER SERVICE SALT LAKE CITY UT
617 PM MDT FRI MAY 22 2015


...................................

...THE SALT LAKE CITY UT CLIMATE SUMMARY FOR MAY 22 2015...
VALID TODAY AS OF 0500 PM LOCAL TIME.

CLIMATE NORMAL PERIOD 1981 TO 2010
CLIMATE RECORD PERIOD 1874 TO 2015


WEATHER ITEM   OBSERVED TIME   RECORD YEAR NORMAL DEPARTURE LAST
                VALUE   (LST)  VALUE       VALUE  FROM      YEAR
                                                  NORMAL
..................................................................
TEMPERATURE (F)
 TODAY
  MAXIMUM         64    143 PM  89    1989  74    -10       84
                                      1967
                                      1934
  MINIMUM         51    608 AM  33    1960  50      1       50
  AVERAGE         58                        62     -4       67

PRECIPITATION (IN)
  TODAY            T             0.90 1894   0.06  -0.06     0.00
  MONTH TO DATE    3.53                      1.45   2.08     0.97
  SINCE OCT 1      9.74                     12.11  -2.37     9.41
  SINCE JAN 1      7.73                      7.73   0.00     6.40

SNOWFALL (IN)
  TODAY            0.0           T    1975   0.0    0.0      0.0
  MONTH TO DATE    0.0                       0.3   -0.3      0.0
  SINCE OCT 1     15.4                      56.2  -40.8     35.5
  SINCE JUL 1     15.4                      56.2  -40.8     35.5
  SNOW DEPTH       0

DEGREE DAYS
 HEATING
  TODAY            7                         5      2        0
  MONTH TO DATE  143                       168    -25      157
  SINCE MAR 1    980                      1268   -288     1029
  SINCE JUL 1   4327                      5524  -1197     5016

 COOLING
  TODAY            0                         2     -2        2
  MONTH TO DATE   14                        26    -12       11
  SINCE MAR 1     14                        30    -16       11
  SINCE JAN 1     14                        30    -16       11
..................................................................


WIND (MPH)
  RESULTANT WIND SPEED   4   RESULTANT WIND DIRECTION   S (180)
  HIGHEST WIND SPEED    20   HIGHEST WIND DIRECTION    SE (130)
  HIGHEST GUST SPEED    24   HIGHEST GUST DIRECTION    SE (150)
  AVERAGE WIND SPEED     7.2


SKY COVER
  POSSIBLE SUNSHINE  MM
  AVERAGE SKY COVER 0.3


WEATHER CONDITIONS
 THE FOLLOWING WEATHER WAS RECORDED TODAY.
  THUNDERSTORM
  LIGHT RAIN


RELATIVE HUMIDITY (PERCENT)
 HIGHEST    83           200 AM
 LOWEST     43           100 PM
 AVERAGE    63

..........................................................


THE SALT LAKE CITY UT CLIMATE NORMALS FOR TOMORROW
                         NORMAL    RECORD    YEAR
 MAXIMUM TEMPERATURE (F)   74        92      2003
                                             1886
 MINIMUM TEMPERATURE (F)   50        30      1966


SUNRISE AND SUNSET
MAY 22 2015...........SUNRISE   605 AM MDT   SUNSET   845 PM MDT
MAY 23 2015...........SUNRISE   604 AM MDT   SUNSET   846 PM MDT


-  INDICATES NEGATIVE NUMBERS.
R  INDICATES RECORD WAS SET OR TIED.
MM INDICATES DATA IS MISSING.
T  INDICATES TRACE AMOUNT.




$$
