000
CDUS46 KPQR 010022
CLISLE


CLIMATE REPORT
NATIONAL WEATHER SERVICE PORTLAND OREGON
422 PM PST SAT FEB 28 2015


...................................

...THE SALEM OR CLIMATE SUMMARY FOR FEBRUARY 28 2015...
VALID TODAY AS OF 0400 PM LOCAL TIME.

CLIMATE NORMAL PERIOD 1981 TO 2010
CLIMATE RECORD PERIOD 1892 TO 2015


WEATHER ITEM   OBSERVED TIME   RECORD YEAR NORMAL DEPARTURE LAST
                VALUE   (LST)  VALUE       VALUE  FROM      YEAR
                                                  NORMAL
..................................................................
TEMPERATURE (F)
 TODAY
  MAXIMUM         57    359 PM  72    1968  54      3       61
  MINIMUM         34    727 AM  15    1971  35     -1       42
  AVERAGE         46                        44      2       52

PRECIPITATION (IN)
  TODAY            0.00          1.67 2011   0.15  -0.15     0.00
  MONTH TO DATE    4.33                      4.56  -0.23     7.01
  SINCE OCT 1     25.08                     26.91  -1.83    13.85
  SINCE JAN 1      7.54                     10.52  -2.98     9.27

DEGREE DAYS
 HEATING
  TODAY           19                        20     -1       13
  MONTH TO DATE  448                       614   -166      628
  SINCE DEC 1   1703                      2123   -420     2243
  SINCE JUL 1   2469                      3240   -771     3286

 COOLING
  TODAY            0                         0      0        0
  MONTH TO DATE    0                         0      0        0
  SINCE DEC 1      0                         0      0        0
  SINCE JAN 1      0                         0      0        0
..................................................................


WIND (MPH)
  HIGHEST WIND SPEED    21   HIGHEST WIND DIRECTION     N (360)
  HIGHEST GUST SPEED    25   HIGHEST GUST DIRECTION     N (20)
  AVERAGE WIND SPEED     8.0


SKY COVER
  POSSIBLE SUNSHINE  MM
  AVERAGE SKY COVER 0.2


WEATHER CONDITIONS
 THE FOLLOWING WEATHER WAS RECORDED TODAY.
  NO SIGNIFICANT WEATHER WAS OBSERVED.


RELATIVE HUMIDITY (PERCENT)
 HIGHEST    92           700 AM
 LOWEST     30           300 PM
 AVERAGE    61

..........................................................


THE SALEM OR CLIMATE NORMALS FOR TOMORROW
                         NORMAL    RECORD    YEAR
 MAXIMUM TEMPERATURE (F)   54        70      1905
 MINIMUM TEMPERATURE (F)   35        12      1971


SUNRISE AND SUNSET
FEBRUARY 28 2015......SUNRISE   652 AM PST   SUNSET   558 PM PST
MARCH  1 2015.........SUNRISE   650 AM PST   SUNSET   559 PM PST


-  INDICATES NEGATIVE NUMBERS.
R  INDICATES RECORD WAS SET OR TIED.
MM INDICATES DATA IS MISSING.
T  INDICATES TRACE AMOUNT.




$$
