000
CDUS46 KPQR 062330
CLISLE


CLIMATE REPORT
NATIONAL WEATHER SERVICE PORTLAND OREGON
430 PM PDT FRI MAY 6 2016


...................................

...THE SALEM OR CLIMATE SUMMARY FOR MAY 6 2016...
VALID TODAY AS OF 0400 PM LOCAL TIME.

CLIMATE NORMAL PERIOD 1981 TO 2010
CLIMATE RECORD PERIOD 1892 TO 2016


WEATHER ITEM   OBSERVED TIME   RECORD YEAR NORMAL DEPARTURE LAST
                VALUE   (LST)  VALUE       VALUE  FROM      YEAR
                                                  NORMAL
..................................................................
TEMPERATURE (F)
 TODAY
  MAXIMUM         82    259 PM  90    1987  66     16       65
  MINIMUM         46    316 AM  30    1984  43      3       44
  AVERAGE         64                        54     10       55

PRECIPITATION (IN)
  TODAY            0.00          1.09 1963   0.08  -0.08     0.07
  MONTH TO DATE    0.05                      0.44  -0.39     0.08
  SINCE OCT 1     42.73                     34.15   8.58    31.50
  SINCE JAN 1     19.18                     17.76   1.42    13.96

DEGREE DAYS
 HEATING
  TODAY            1                        11    -10       10
  MONTH TO DATE   15                        69    -54       51
  SINCE MAR 1    741                      1072   -331      878
  SINCE JUL 1   3397                      4312   -915     3348

 COOLING
  TODAY            0                         0      0        0
  MONTH TO DATE    3                         0      3        0
  SINCE MAR 1     10                         0     10        0
  SINCE JAN 1     10                         0     10        0
..................................................................


WIND (MPH)
  HIGHEST WIND SPEED    18   HIGHEST WIND DIRECTION     N (10)
  HIGHEST GUST SPEED    26   HIGHEST GUST DIRECTION     N (360)
  AVERAGE WIND SPEED     7.7


SKY COVER
  POSSIBLE SUNSHINE  MM
  AVERAGE SKY COVER 0.0


WEATHER CONDITIONS
 THE FOLLOWING WEATHER WAS RECORDED TODAY.
  NO SIGNIFICANT WEATHER WAS OBSERVED.


RELATIVE HUMIDITY (PERCENT)
 HIGHEST    86           100 AM
 LOWEST     35           200 PM
 AVERAGE    61

..........................................................


THE SALEM OR CLIMATE NORMALS FOR TOMORROW
                         NORMAL    RECORD    YEAR
 MAXIMUM TEMPERATURE (F)   66        94      1987
 MINIMUM TEMPERATURE (F)   43        30      1984


SUNRISE AND SUNSET
MAY  6 2016...........SUNRISE   554 AM PDT   SUNSET   824 PM PDT
MAY  7 2016...........SUNRISE   552 AM PDT   SUNSET   825 PM PDT


-  INDICATES NEGATIVE NUMBERS.
R  INDICATES RECORD WAS SET OR TIED.
MM INDICATES DATA IS MISSING.
T  INDICATES TRACE AMOUNT.




$$
