000
CDUS46 KPQR 240221
CLISLE


CLIMATE REPORT
NATIONAL WEATHER SERVICE PORTLAND OREGON
721 PM PDT SUN APR 23 2017


...................................

...THE SALEM OR CLIMATE SUMMARY FOR APRIL 23 2017...
VALID TODAY AS OF 0700 PM LOCAL TIME.

CLIMATE NORMAL PERIOD 1981 TO 2010
CLIMATE RECORD PERIOD 1892 TO 2017


WEATHER ITEM   OBSERVED TIME   RECORD YEAR NORMAL DEPARTURE LAST
                VALUE   (LST)  VALUE       VALUE  FROM      YEAR
                                                  NORMAL
..................................................................
TEMPERATURE (F)
 TODAY
  MAXIMUM         56   1057 AM  84    1910  63     -7       61
  MINIMUM         47    138 AM  30    1954  40      7       47
                                      1900
  AVERAGE         52                        51      1       54

PRECIPITATION (IN)
  TODAY            0.26          0.74 1996   0.09   0.17     0.14
  MONTH TO DATE    2.87                      2.28   0.59     1.81
  SINCE OCT 1     52.67                     33.18  19.49    42.45
  SINCE JAN 1     29.37                     16.79  12.58    18.90

DEGREE DAYS
 HEATING
  TODAY           13                        14     -1       11
  MONTH TO DATE  330                       350    -20      155
  SINCE MAR 1    849                       913    -64      633
  SINCE JUL 1   4007                      4153   -146     3289

 COOLING
  TODAY            0                         0      0        0
  MONTH TO DATE    0                         0      0        7
  SINCE MAR 1      0                         0      0        7
  SINCE JAN 1      0                         0      0        7
..................................................................


WIND (MPH)
  HIGHEST WIND SPEED    20   HIGHEST WIND DIRECTION     S (170)
  HIGHEST GUST SPEED    27   HIGHEST GUST DIRECTION     S (170)
  AVERAGE WIND SPEED     8.2


SKY COVER
  POSSIBLE SUNSHINE  MM
  AVERAGE SKY COVER 0.9


WEATHER CONDITIONS
 THE FOLLOWING WEATHER WAS RECORDED TODAY.
  HEAVY RAIN
  LIGHT RAIN
  FOG
  HAZE


RELATIVE HUMIDITY (PERCENT)
 HIGHEST    86           400 AM
 LOWEST     66           400 PM
 AVERAGE    76

..........................................................


THE SALEM OR CLIMATE NORMALS FOR TOMORROW
                         NORMAL    RECORD    YEAR
 MAXIMUM TEMPERATURE (F)   63        84      1910
 MINIMUM TEMPERATURE (F)   40        28      1986


SUNRISE AND SUNSET
APRIL 23 2017.........SUNRISE   613 AM PDT   SUNSET   808 PM PDT
APRIL 24 2017.........SUNRISE   612 AM PDT   SUNSET   809 PM PDT


-  INDICATES NEGATIVE NUMBERS.
R  INDICATES RECORD WAS SET OR TIED.
MM INDICATES DATA IS MISSING.
T  INDICATES TRACE AMOUNT.




$$
