000
CDUS46 KPQR 260223
CLISLE


CLIMATE REPORT
NATIONAL WEATHER SERVICE PORTLAND OREGON
722 PM PDT THU AUG 25 2016


...................................

...THE SALEM OR CLIMATE SUMMARY FOR AUGUST 25 2016...
VALID TODAY AS OF 0700 PM LOCAL TIME.

CLIMATE NORMAL PERIOD 1981 TO 2010
CLIMATE RECORD PERIOD 1892 TO 2016


WEATHER ITEM   OBSERVED TIME   RECORD YEAR NORMAL DEPARTURE LAST
                VALUE   (LST)  VALUE       VALUE  FROM      YEAR
                                                  NORMAL
..................................................................
TEMPERATURE (F)
 TODAY
  MAXIMUM         97R   311 PM  97    1967  81     16       85
  MINIMUM         63    548 AM  41    1980  52     11       51
  AVERAGE         80                        67     13       68

PRECIPITATION (IN)
  TODAY            0.00          0.51 1977   0.02  -0.02     0.00
  MONTH TO DATE    0.24                      0.31  -0.07     0.00
  SINCE OCT 1     45.54                     38.25   7.29    32.82
  SINCE JAN 1     21.99                     21.86   0.13    15.28

DEGREE DAYS
 HEATING
  TODAY            0                         1     -1        0
  MONTH TO DATE    7                        22    -15        0
  SINCE JUN 1     90                       182    -92       24
  SINCE JUL 1     12                        52    -40        2

 COOLING
  TODAY           15                         3     12        3
  MONTH TO DATE  182                        90     92      178
  SINCE JUN 1    394                       227    167      599
  SINCE JAN 1    415                       236    179      612
..................................................................


WIND (MPH)
  HIGHEST WIND SPEED    21   HIGHEST WIND DIRECTION     N (20)
  HIGHEST GUST SPEED    28   HIGHEST GUST DIRECTION     N (20)
  AVERAGE WIND SPEED     8.8


SKY COVER
  POSSIBLE SUNSHINE  MM
  AVERAGE SKY COVER 0.0


WEATHER CONDITIONS
 THE FOLLOWING WEATHER WAS RECORDED TODAY.
  NO SIGNIFICANT WEATHER WAS OBSERVED.


RELATIVE HUMIDITY (PERCENT)
 HIGHEST    56           100 AM
 LOWEST     14           200 PM
 AVERAGE    35

..........................................................


THE SALEM OR CLIMATE NORMALS FOR TOMORROW
                         NORMAL    RECORD    YEAR
 MAXIMUM TEMPERATURE (F)   81        98      1986
 MINIMUM TEMPERATURE (F)   52        40      1980
                                             1900


SUNRISE AND SUNSET
AUGUST 25 2016........SUNRISE   627 AM PDT   SUNSET   800 PM PDT
AUGUST 26 2016........SUNRISE   628 AM PDT   SUNSET   759 PM PDT


-  INDICATES NEGATIVE NUMBERS.
R  INDICATES RECORD WAS SET OR TIED.
MM INDICATES DATA IS MISSING.
T  INDICATES TRACE AMOUNT.




$$
