786
CDUS46 KPQR 111145
CLISLE


CLIMATE REPORT
NATIONAL WEATHER SERVICE PORTLAND OREGON
344 AM PST SUN DEC 11 2016


...................................

...THE SALEM OR CLIMATE SUMMARY FOR DECEMBER 10 2016...

CLIMATE NORMAL PERIOD 1981 TO 2010
CLIMATE RECORD PERIOD 1892 TO 2016


WEATHER ITEM   OBSERVED TIME   RECORD YEAR NORMAL DEPARTURE LAST
                VALUE   (LST)  VALUE       VALUE  FROM      YEAR
                                                  NORMAL
..................................................................
TEMPERATURE (F)
 YESTERDAY
  MAXIMUM         50   1259 PM  70    1929  47      3       54
  MINIMUM         33    810 AM  -2    1972  34     -1       44
  AVERAGE         42                        40      2       49

PRECIPITATION (IN)
  YESTERDAY        0.36          2.08 1939   0.22   0.14     1.05
  MONTH TO DATE    2.34                      2.37  -0.03     7.90
  SINCE OCT 1     20.49                     11.90   8.59    16.21
  SINCE JAN 1     44.19                     35.18   9.01    33.33

DEGREE DAYS
 HEATING
  YESTERDAY       23                        25     -2       16
  MONTH TO DATE  252                       239     13      157
  SINCE DEC 1    252                       239     13      157
  SINCE JUL 1   1056                      1356   -300     1037

 COOLING
  YESTERDAY        0                         0      0        0
  MONTH TO DATE    0                         0      0        0
  SINCE DEC 1      0                         0      0        0
  SINCE JAN 1    465                       290    175      682
..................................................................


WIND (MPH)
  HIGHEST WIND SPEED    22   HIGHEST WIND DIRECTION     S (200)
  HIGHEST GUST SPEED    27   HIGHEST GUST DIRECTION     S (200)
  AVERAGE WIND SPEED     8.6


SKY COVER
  POSSIBLE SUNSHINE  MM
  AVERAGE SKY COVER 0.8


WEATHER CONDITIONS
 THE FOLLOWING WEATHER WAS RECORDED YESTERDAY.
  RAIN
  LIGHT RAIN
  FOG
  FOG W/VISIBILITY <= 1/4 MILE


RELATIVE HUMIDITY (PERCENT)
 HIGHEST   100           500 AM
 LOWEST     61           100 PM
 AVERAGE    81

..........................................................


THE SALEM OR CLIMATE NORMALS FOR TODAY
                         NORMAL    RECORD    YEAR
 MAXIMUM TEMPERATURE (F)   46        71      1929
 MINIMUM TEMPERATURE (F)   34        -3      1972


SUNRISE AND SUNSET
DECEMBER 11 2016......SUNRISE   740 AM PST   SUNSET   431 PM PST
DECEMBER 12 2016......SUNRISE   741 AM PST   SUNSET   431 PM PST


-  INDICATES NEGATIVE NUMBERS.
R  INDICATES RECORD WAS SET OR TIED.
MM INDICATES DATA IS MISSING.
T  INDICATES TRACE AMOUNT.




$$
