000
CDUS46 KPQR 290228
CLISLE


CLIMATE REPORT
NATIONAL WEATHER SERVICE PORTLAND OREGON
628 PM PST FRI NOV 28 2014


...................................

...THE SALEM OR CLIMATE SUMMARY FOR NOVEMBER 28 2014...
VALID TODAY AS OF 0600 PM LOCAL TIME.

CLIMATE NORMAL PERIOD 1981 TO 2010
CLIMATE RECORD PERIOD 1892 TO 2014


WEATHER ITEM   OBSERVED TIME   RECORD YEAR NORMAL DEPARTURE LAST
                VALUE   (LST)  VALUE       VALUE  FROM      YEAR
                                                  NORMAL
..................................................................
TEMPERATURE (F)
 TODAY
  MAXIMUM         56    414 PM  65    1917  49      7       52
  MINIMUM         52    701 AM  14    1896  36     16       28
  AVERAGE         54                        43     11       40

PRECIPITATION (IN)
  TODAY            0.96          1.88 2001   0.24   0.72     0.00
  MONTH TO DATE    4.72                      5.99  -1.27     2.68
  SINCE OCT 1     10.52                      9.02   1.50     3.31
  SINCE JAN 1     34.54                     32.30   2.24    22.31

DEGREE DAYS
 HEATING
  TODAY           11                        22    -11       25
  MONTH TO DATE  497                       538    -41      526
  SINCE SEP 1    702                      1014   -312      991
  SINCE JUL 1    706                      1070   -364      996

 COOLING
  TODAY            0                         0      0        0
  MONTH TO DATE    0                         0      0        0
  SINCE SEP 1     87                        38     49       75
  SINCE JAN 1    605                       290    315      502
..................................................................


WIND (MPH)
  HIGHEST WIND SPEED    29   HIGHEST WIND DIRECTION     S (190)
  HIGHEST GUST SPEED    39   HIGHEST GUST DIRECTION     S (180)
  AVERAGE WIND SPEED    16.4


SKY COVER
  POSSIBLE SUNSHINE  MM
  AVERAGE SKY COVER 0.9


WEATHER CONDITIONS
 THE FOLLOWING WEATHER WAS RECORDED TODAY.
  HEAVY RAIN
  RAIN
  LIGHT RAIN
  FOG


RELATIVE HUMIDITY (PERCENT)
 HIGHEST    96           700 AM
 LOWEST     77          1000 AM
 AVERAGE    87

..........................................................


THE SALEM OR CLIMATE NORMALS FOR TOMORROW
                         NORMAL    RECORD    YEAR
 MAXIMUM TEMPERATURE (F)   49        62      1917
 MINIMUM TEMPERATURE (F)   36        12      1896


SUNRISE AND SUNSET
NOVEMBER 28 2014......SUNRISE   726 AM PST   SUNSET   433 PM PST
NOVEMBER 29 2014......SUNRISE   727 AM PST   SUNSET   433 PM PST


-  INDICATES NEGATIVE NUMBERS.
R  INDICATES RECORD WAS SET OR TIED.
MM INDICATES DATA IS MISSING.
T  INDICATES TRACE AMOUNT.




$$
