000
CDUS46 KPQR 271143
CLISLE


CLIMATE REPORT
NATIONAL WEATHER SERVICE PORTLAND OREGON
442 AM PDT TUE SEP 27 2016


...................................

...THE SALEM OR CLIMATE SUMMARY FOR SEPTEMBER 26 2016...

CLIMATE NORMAL PERIOD 1981 TO 2010
CLIMATE RECORD PERIOD 1892 TO 2016


WEATHER ITEM   OBSERVED TIME   RECORD YEAR NORMAL DEPARTURE LAST
                VALUE   (LST)  VALUE       VALUE  FROM      YEAR
                                                  NORMAL
..................................................................
TEMPERATURE (F)
 YESTERDAY
  MAXIMUM         90    417 PM  96    1967  74     16       70
  MINIMUM         52    633 AM  29    1934  46      6       50
  AVERAGE         71                        60     11       60

PRECIPITATION (IN)
  YESTERDAY        0.00          1.35 1981   0.05  -0.05     0.01
  MONTH TO DATE    1.54                      1.04   0.50     1.13
  SINCE OCT 1     47.25                     39.43   7.82    34.66
  SINCE JAN 1     23.70                     23.04   0.66    17.12

DEGREE DAYS
 HEATING
  YESTERDAY        0                         6     -6        5
  MONTH TO DATE   71                        84    -13       75
  SINCE SEP 1     71                        84    -13       75
  SINCE JUL 1     86                       140    -54       77

 COOLING
  YESTERDAY        6                         0      6        0
  MONTH TO DATE   18                        36    -18       43
  SINCE SEP 1     18                        36    -18       43
  SINCE JAN 1    464                       288    176      680
..................................................................


WIND (MPH)
  HIGHEST WIND SPEED    17   HIGHEST WIND DIRECTION     W (290)
  HIGHEST GUST SPEED    22   HIGHEST GUST DIRECTION     W (280)
  AVERAGE WIND SPEED     2.7


SKY COVER
  POSSIBLE SUNSHINE  MM
  AVERAGE SKY COVER 0.0


WEATHER CONDITIONS
 THE FOLLOWING WEATHER WAS RECORDED YESTERDAY.
  FOG


RELATIVE HUMIDITY (PERCENT)
 HIGHEST    93           300 AM
 LOWEST     29           400 PM
 AVERAGE    61

..........................................................


THE SALEM OR CLIMATE NORMALS FOR TODAY
                         NORMAL    RECORD    YEAR
 MAXIMUM TEMPERATURE (F)   73        98      2003
 MINIMUM TEMPERATURE (F)   46        26      1972


SUNRISE AND SUNSET
SEPTEMBER 27 2016.....SUNRISE   706 AM PDT   SUNSET   659 PM PDT
SEPTEMBER 28 2016.....SUNRISE   707 AM PDT   SUNSET   657 PM PDT


-  INDICATES NEGATIVE NUMBERS.
R  INDICATES RECORD WAS SET OR TIED.
MM INDICATES DATA IS MISSING.
T  INDICATES TRACE AMOUNT.




$$
