000
CDUS46 KPQR 271142
CLISLE


CLIMATE REPORT
NATIONAL WEATHER SERVICE PORTLAND OREGON
341 AM PST SAT DEC 27 2014


...................................

...THE SALEM OR CLIMATE SUMMARY FOR DECEMBER 26 2014...

CLIMATE NORMAL PERIOD 1981 TO 2010
CLIMATE RECORD PERIOD 1892 TO 2014


WEATHER ITEM   OBSERVED TIME   RECORD YEAR NORMAL DEPARTURE LAST
                VALUE   (LST)  VALUE       VALUE  FROM      YEAR
                                                  NORMAL
..................................................................
TEMPERATURE (F)
 YESTERDAY
  MAXIMUM         50    343 PM  60    1980  45      5       36
  MINIMUM         36    747 AM   5    1924  34      2       32
  AVERAGE         43                        40      3       34

PRECIPITATION (IN)
  YESTERDAY        0.00          1.46 1917   0.21  -0.21     0.00
  MONTH TO DATE    6.58                      5.84   0.74     1.27
  SINCE OCT 1     17.25                     15.37   1.88     4.58
  SINCE JAN 1     41.27                     38.65   2.62    23.58

DEGREE DAYS
 HEATING
  YESTERDAY       22                        26     -4       31
  MONTH TO DATE  476                       647   -171      758
  SINCE DEC 1    476                       647   -171      758
  SINCE JUL 1   1242                      1764   -522     1801

 COOLING
  YESTERDAY        0                         0      0        0
  MONTH TO DATE    0                         0      0        0
  SINCE DEC 1      0                         0      0        0
  SINCE JAN 1    605                       290    315      502
..................................................................


WIND (MPH)
  HIGHEST WIND SPEED     9   HIGHEST WIND DIRECTION    SE (140)
  HIGHEST GUST SPEED    12   HIGHEST GUST DIRECTION    SE (140)
  AVERAGE WIND SPEED     3.3


SKY COVER
  POSSIBLE SUNSHINE  MM
  AVERAGE SKY COVER 0.8


WEATHER CONDITIONS
 THE FOLLOWING WEATHER WAS RECORDED YESTERDAY.
  NO SIGNIFICANT WEATHER WAS OBSERVED.


RELATIVE HUMIDITY (PERCENT)
 HIGHEST    93           900 AM
 LOWEST     66           300 PM
 AVERAGE    80

..........................................................


THE SALEM OR CLIMATE NORMALS FOR TODAY
                         NORMAL    RECORD    YEAR
 MAXIMUM TEMPERATURE (F)   46        61      1980
 MINIMUM TEMPERATURE (F)   34        17      1985


SUNRISE AND SUNSET
DECEMBER 27 2014......SUNRISE   749 AM PST   SUNSET   437 PM PST
DECEMBER 28 2014......SUNRISE   749 AM PST   SUNSET   438 PM PST


-  INDICATES NEGATIVE NUMBERS.
R  INDICATES RECORD WAS SET OR TIED.
MM INDICATES DATA IS MISSING.
T  INDICATES TRACE AMOUNT.




$$
