000
CDUS41 KBTV 020525
CLISLK


CLIMATE REPORT
NATIONAL WEATHER SERVICE BURLINGTON VT
1223 AM EST FRI DEC 2 2016


...................................

...THE SARANAC LAKE NY CLIMATE SUMMARY FOR DECEMBER 1 2016...

CLIMATE NORMAL PERIOD 1981 TO 2010
CLIMATE RECORD PERIOD 9999 TO 9999


WEATHER ITEM   OBSERVED TIME   NORMAL DEPARTURE LAST
                VALUE   (LST)  VALUE  FROM      YEAR
                                      NORMAL
......................................................
TEMPERATURE (F)
 YESTERDAY
  MAXIMUM         49    122 AM  35     14       40
  MINIMUM         34    710 PM  16     18       10
  AVERAGE         42            25     17       25

PRECIPITATION (IN)
  YESTERDAY        0.36          0.09   0.27     0.38
  MONTH TO DATE    0.36          0.09   0.27     0.38
  SINCE DEC 1      0.36          0.09   0.27     0.38
  SINCE JAN 1     31.09         35.32  -4.23    32.51

DEGREE DAYS
 HEATING
  YESTERDAY       23            40    -17       40
  MONTH TO DATE   23            40    -17       40
  SINCE DEC 1     23            40    -17       40
  SINCE JUL 1   1865          2315   -450     1990

 COOLING
  YESTERDAY        0             0      0        0
  MONTH TO DATE    0             0      0        0
  SINCE DEC 1      0             0      0        0
  SINCE JAN 1    166           114     52      130
......................................................


WIND (MPH)
  HIGHEST WIND SPEED    30   HIGHEST WIND DIRECTION    SW (210)
  HIGHEST GUST SPEED    39   HIGHEST GUST DIRECTION    SW (210)
  AVERAGE WIND SPEED    11.5


SKY COVER
  AVERAGE SKY COVER 1.0


WEATHER CONDITIONS
 THE FOLLOWING WEATHER WAS RECORDED YESTERDAY.
  HEAVY RAIN
  RAIN
  LIGHT RAIN
  LIGHT SNOW
  FOG


RELATIVE HUMIDITY (PERCENT)
 HIGHEST    96           400 AM
 LOWEST     71           100 AM
 AVERAGE    84

..........................................................


THE SARANAC LAKE NY CLIMATE NORMALS FOR TODAY
                         NORMAL    RECORD    YEAR
 MAXIMUM TEMPERATURE (F)   34        48      1998
 MINIMUM TEMPERATURE (F)   15        -4      2000


SUNRISE AND SUNSET
DECEMBER  2 2016......SUNRISE   714 AM EST   SUNSET   418 PM EST
DECEMBER  3 2016......SUNRISE   715 AM EST   SUNSET   418 PM EST


-  INDICATES NEGATIVE NUMBERS.
R  INDICATES RECORD WAS SET OR TIED.
MM INDICATES DATA IS MISSING.
T  INDICATES TRACE AMOUNT.




$$
