000
CDUS41 KBTV 050535
CLISLK


CLIMATE REPORT
NATIONAL WEATHER SERVICE BURLINGTON VT
134 AM EDT SUN JUL 5 2015


...................................

...THE SARANAC LAKE NY CLIMATE SUMMARY FOR JULY 4 2015...

CLIMATE NORMAL PERIOD 1981 TO 2010
CLIMATE RECORD PERIOD 9999 TO 9999


WEATHER ITEM   OBSERVED TIME   NORMAL DEPARTURE LAST
                VALUE   (LST)  VALUE  FROM      YEAR
                                      NORMAL
......................................................
TEMPERATURE (F)
 YESTERDAY
  MAXIMUM         72    229 PM  76     -4       66
  MINIMUM         43    225 AM  51     -8       50
  AVERAGE         58            63     -5       58

PRECIPITATION (IN)
  YESTERDAY        0.02          0.14  -0.12     0.02
  MONTH TO DATE    0.32          0.55  -0.23     0.42
  SINCE JUN 1     10.09          4.40   5.69     7.20
  SINCE JAN 1     17.88         16.75   1.13    19.36

DEGREE DAYS
 HEATING
  YESTERDAY        7             3      4        7
  MONTH TO DATE   29            12     17        7
  SINCE JUN 1    225           196     29      174
  SINCE JUL 1     29            12     17        7

 COOLING
  YESTERDAY        0             2     -2        0
  MONTH TO DATE    0             8     -8       23
  SINCE JUN 1      6            34    -28       44
  SINCE JAN 1     22            37    -15       45
......................................................


WIND (MPH)
  HIGHEST WIND SPEED    12   HIGHEST WIND DIRECTION    SW (220)
  HIGHEST GUST SPEED    17   HIGHEST GUST DIRECTION    SW (220)
  AVERAGE WIND SPEED     2.0


SKY COVER
  AVERAGE SKY COVER 0.5


WEATHER CONDITIONS
 THE FOLLOWING WEATHER WAS RECORDED YESTERDAY.
  THUNDERSTORM
  LIGHT RAIN
  FOG
  FOG W/VISIBILITY <= 1/4 MILE


RELATIVE HUMIDITY (PERCENT)
 HIGHEST   100           800 PM
 LOWEST     66          1200 PM
 AVERAGE    83

..........................................................


THE SARANAC LAKE NY CLIMATE NORMALS FOR TODAY
                         NORMAL    RECORD    YEAR
 MAXIMUM TEMPERATURE (F)   76        89      2010
 MINIMUM TEMPERATURE (F)   51        41      2014


SUNRISE AND SUNSET
JULY  5 2015..........SUNRISE   519 AM EDT   SUNSET   844 PM EDT
JULY  6 2015..........SUNRISE   519 AM EDT   SUNSET   844 PM EDT


-  INDICATES NEGATIVE NUMBERS.
R  INDICATES RECORD WAS SET OR TIED.
MM INDICATES DATA IS MISSING.
T  INDICATES TRACE AMOUNT.




$$
