000
CDUS41 KBTV 030602
CLISLK


CLIMATE REPORT
NATIONAL WEATHER SERVICE BURLINGTON VT
200 AM EDT THU SEP 3 2015


...................................

...THE SARANAC LAKE NY CLIMATE SUMMARY FOR SEPTEMBER 2 2015...

CLIMATE NORMAL PERIOD 1981 TO 2010
CLIMATE RECORD PERIOD 9999 TO 9999


WEATHER ITEM   OBSERVED TIME   NORMAL DEPARTURE LAST
                VALUE   (LST)  VALUE  FROM      YEAR
                                      NORMAL
......................................................
TEMPERATURE (F)
 YESTERDAY
  MAXIMUM         81    300 PM  72      9       81
  MINIMUM         54    428 AM  46      8       56
  AVERAGE         68            59      9       69

PRECIPITATION (IN)
  YESTERDAY        0.00          0.13  -0.13     0.51
  MONTH TO DATE    0.00          0.24  -0.24     0.70
  SINCE SEP 1      0.00          0.24  -0.24     0.70
  SINCE JAN 1     24.05         24.78  -0.73    26.66

DEGREE DAYS
 HEATING
  YESTERDAY        0             7     -7        0
  MONTH TO DATE    0            14    -14        0
  SINCE SEP 1      0            14    -14        0
  SINCE JUL 1    193           254    -61      279

 COOLING
  YESTERDAY        3             1      2        4
  MONTH TO DATE    5             2      3        8
  SINCE SEP 1      5             2      3        8
  SINCE JAN 1    108           109     -1       76
......................................................


WIND (MPH)
  HIGHEST WIND SPEED    12   HIGHEST WIND DIRECTION    SW (240)
  HIGHEST GUST SPEED    16   HIGHEST GUST DIRECTION    SW (240)
  AVERAGE WIND SPEED     3.1


SKY COVER
  AVERAGE SKY COVER 0.5


WEATHER CONDITIONS
 THE FOLLOWING WEATHER WAS RECORDED YESTERDAY.
  FOG
  FOG W/VISIBILITY <= 1/4 MILE
  HAZE


RELATIVE HUMIDITY (PERCENT)
 HIGHEST   100           100 AM
 LOWEST     51           200 PM
 AVERAGE    76

..........................................................


THE SARANAC LAKE NY CLIMATE NORMALS FOR TODAY
                         NORMAL    RECORD    YEAR
 MAXIMUM TEMPERATURE (F)   71        87      2010
 MINIMUM TEMPERATURE (F)   46        37      2012


SUNRISE AND SUNSET
SEPTEMBER  3 2015.....SUNRISE   622 AM EDT   SUNSET   730 PM EDT
SEPTEMBER  4 2015.....SUNRISE   623 AM EDT   SUNSET   728 PM EDT


-  INDICATES NEGATIVE NUMBERS.
R  INDICATES RECORD WAS SET OR TIED.
MM INDICATES DATA IS MISSING.
T  INDICATES TRACE AMOUNT.




$$
