000
CDUS41 KBTV 200550
CLISLK


CLIMATE REPORT
NATIONAL WEATHER SERVICE BURLINGTON VT
149 AM EDT WED AUG 20 2014


...................................

...THE SARANAC LAKE NY CLIMATE SUMMARY FOR AUGUST 19 2014...

CLIMATE NORMAL PERIOD 1981 TO 2010
CLIMATE RECORD PERIOD 9999 TO 9999


WEATHER ITEM   OBSERVED TIME   NORMAL DEPARTURE LAST
                VALUE   (LST)  VALUE  FROM      YEAR
                                      NORMAL
......................................................
TEMPERATURE (F)
 YESTERDAY
  MAXIMUM         74    403 PM  74      0       77
  MINIMUM         36    531 AM  49    -13       45
  AVERAGE         55            61     -6       61

PRECIPITATION (IN)
  YESTERDAY        0.00          0.15  -0.15     0.00
  MONTH TO DATE    2.67          2.51   0.16     2.55
  SINCE JUN 1     13.51         10.55   2.96    17.27
  SINCE JAN 1     25.67         22.90   2.77    28.27

DEGREE DAYS
 HEATING
  YESTERDAY       10             5      5        4
  MONTH TO DATE  107            79     28      112
  SINCE JUN 1    409           357     52      402
  SINCE JUL 1    242           173     69      182

 COOLING
  YESTERDAY        0             1     -1        0
  MONTH TO DATE    1            19    -18        9
  SINCE JUN 1     60            91    -31      145
  SINCE JAN 1     61            94    -33      155
......................................................


WIND (MPH)
  HIGHEST WIND SPEED    12   HIGHEST WIND DIRECTION    NE (60)
  HIGHEST GUST SPEED    14   HIGHEST GUST DIRECTION    NE (50)
  AVERAGE WIND SPEED     2.3


SKY COVER
  AVERAGE SKY COVER 0.3


WEATHER CONDITIONS
 THE FOLLOWING WEATHER WAS RECORDED YESTERDAY.
  FOG
  FOG W/VISIBILITY <= 1/4 MILE


RELATIVE HUMIDITY (PERCENT)
 HIGHEST   100           100 AM
 LOWEST     38           200 PM
 AVERAGE    69

..........................................................


THE SARANAC LAKE NY CLIMATE NORMALS FOR TODAY
                         NORMAL    RECORD    YEAR
 MAXIMUM TEMPERATURE (F)   74        MM        MM
 MINIMUM TEMPERATURE (F)   48        MM        MM


SUNRISE AND SUNSET
AUGUST 20 2014........SUNRISE   606 AM EDT   SUNSET   754 PM EDT
AUGUST 21 2014........SUNRISE   607 AM EDT   SUNSET   752 PM EDT


-  INDICATES NEGATIVE NUMBERS.
R  INDICATES RECORD WAS SET OR TIED.
MM INDICATES DATA IS MISSING.
T  INDICATES TRACE AMOUNT.




$$
