000
CDUS41 KBTV 240537
CLISLK


CLIMATE REPORT
NATIONAL WEATHER SERVICE BURLINGTON VT
1234 AM EST FRI NOV 24 2017


...................................

...THE SARANAC LAKE NY CLIMATE SUMMARY FOR NOVEMBER 23 2017...

CLIMATE NORMAL PERIOD 1981 TO 2010
CLIMATE RECORD PERIOD 9999 TO 9999


WEATHER ITEM   OBSERVED TIME   NORMAL DEPARTURE LAST
                VALUE   (LST)  VALUE  FROM      YEAR
                                      NORMAL
......................................................
TEMPERATURE (F)
 YESTERDAY
  MAXIMUM         28   1159 PM  39    -11       25
  MINIMUM         12    657 AM  20     -8       20
  AVERAGE         20            29     -9       23

PRECIPITATION (IN)
  YESTERDAY        T             0.10  -0.10     0.00
  MONTH TO DATE    2.38          2.60  -0.22     1.79
  SINCE SEP 1      9.64          9.94  -0.30     8.59
  SINCE JAN 1     41.30         34.48   6.82    30.51

DEGREE DAYS
 HEATING
  YESTERDAY       45            36      9       42
  MONTH TO DATE  804           718     86      619
  SINCE SEP 1   1522          1770   -248     1494
  SINCE JUL 1   1794          2010   -216     1615

 COOLING
  YESTERDAY        0             0      0        0
  MONTH TO DATE    0             0      0        0
  SINCE SEP 1     16             7      9       15
  SINCE JAN 1     69           114    -45      166
......................................................


WIND (MPH)
  HIGHEST WIND SPEED    14   HIGHEST WIND DIRECTION    SW (220)
  HIGHEST GUST SPEED    19   HIGHEST GUST DIRECTION    SW (210)
  AVERAGE WIND SPEED     7.5


SKY COVER
  AVERAGE SKY COVER 0.9


WEATHER CONDITIONS
 THE FOLLOWING WEATHER WAS RECORDED YESTERDAY.
  LIGHT SNOW
  FOG


RELATIVE HUMIDITY (PERCENT)
 HIGHEST    96           800 AM
 LOWEST     77          1000 AM
 AVERAGE    87

..........................................................


THE SARANAC LAKE NY CLIMATE NORMALS FOR TODAY
                         NORMAL    RECORD    YEAR
 MAXIMUM TEMPERATURE (F)   38        63      2014
 MINIMUM TEMPERATURE (F)   19       -10      2000


SUNRISE AND SUNSET
NOVEMBER 24 2017......SUNRISE   705 AM EST   SUNSET   422 PM EST
NOVEMBER 25 2017......SUNRISE   706 AM EST   SUNSET   422 PM EST


-  INDICATES NEGATIVE NUMBERS.
R  INDICATES RECORD WAS SET OR TIED.
MM INDICATES DATA IS MISSING.
T  INDICATES TRACE AMOUNT.




$$
