000
CDUS41 KBTV 030614
CLISLK


CLIMATE REPORT
NATIONAL WEATHER SERVICE BURLINGTON VT
213 AM EDT MON AUG 3 2015


...................................

...THE SARANAC LAKE NY CLIMATE SUMMARY FOR AUGUST 2 2015...

CLIMATE NORMAL PERIOD 1981 TO 2010
CLIMATE RECORD PERIOD 9999 TO 9999


WEATHER ITEM   OBSERVED TIME   NORMAL DEPARTURE LAST
                VALUE   (LST)  VALUE  FROM      YEAR
                                      NORMAL
......................................................
TEMPERATURE (F)
 YESTERDAY
  MAXIMUM         77    409 PM  75      2       77
  MINIMUM         47    436 AM  50     -3       49
  AVERAGE         62            63     -1       63

PRECIPITATION (IN)
  YESTERDAY        0.00          0.14  -0.14     1.17
  MONTH TO DATE    0.12          0.28  -0.16     1.17
  SINCE JUN 1     12.98          8.32   4.66    12.01
  SINCE JAN 1     20.77         20.67   0.10    24.17

DEGREE DAYS
 HEATING
  YESTERDAY        3             4     -1        2
  MONTH TO DATE    4             8     -4        7
  SINCE JUN 1    295           286      9      309
  SINCE JUL 1     99           102     -3      142

 COOLING
  YESTERDAY        0             1     -1        0
  MONTH TO DATE    0             2     -2        0
  SINCE JUN 1     56            74    -18       59
  SINCE JAN 1     72            77     -5       60
......................................................


WIND (MPH)
  HIGHEST WIND SPEED    20   HIGHEST WIND DIRECTION    SW (220)
  HIGHEST GUST SPEED    26   HIGHEST GUST DIRECTION    SW (210)
  AVERAGE WIND SPEED     6.9


SKY COVER
  AVERAGE SKY COVER 0.2


WEATHER CONDITIONS
 THE FOLLOWING WEATHER WAS RECORDED YESTERDAY.
  FOG


RELATIVE HUMIDITY (PERCENT)
 HIGHEST   100           100 AM
 LOWEST     43           100 PM
 AVERAGE    72

..........................................................


THE SARANAC LAKE NY CLIMATE NORMALS FOR TODAY
                         NORMAL    RECORD    YEAR
 MAXIMUM TEMPERATURE (F)   75        87      2007
 MINIMUM TEMPERATURE (F)   50        43      2011


SUNRISE AND SUNSET
AUGUST  3 2015........SUNRISE   546 AM EDT   SUNSET   820 PM EDT
AUGUST  4 2015........SUNRISE   547 AM EDT   SUNSET   818 PM EDT


-  INDICATES NEGATIVE NUMBERS.
R  INDICATES RECORD WAS SET OR TIED.
MM INDICATES DATA IS MISSING.
T  INDICATES TRACE AMOUNT.




$$
