000
CDUS41 KBTV 280535
CLISLK


CLIMATE REPORT
NATIONAL WEATHER SERVICE BURLINGTON VT
133 AM EDT THU JUL 28 2016


...................................

...THE SARANAC LAKE NY CLIMATE SUMMARY FOR JULY 27 2016...

CLIMATE NORMAL PERIOD 1981 TO 2010
CLIMATE RECORD PERIOD 9999 TO 9999


WEATHER ITEM   OBSERVED TIME   NORMAL DEPARTURE LAST
                VALUE   (LST)  VALUE  FROM      YEAR
                                      NORMAL
......................................................
TEMPERATURE (F)
 YESTERDAY
  MAXIMUM         84    216 PM  76      8       82
  MINIMUM         48    516 AM  51     -3       55
  AVERAGE         66            63      3       69

PRECIPITATION (IN)
  YESTERDAY        0.00          0.13  -0.13     0.25
  MONTH TO DATE    2.74          3.65  -0.91     2.92
  SINCE JUN 1      5.88          7.50  -1.62    12.69
  SINCE JAN 1     18.39         19.85  -1.46    20.48

DEGREE DAYS
 HEATING
  YESTERDAY        0             3     -3        0
  MONTH TO DATE   63            81    -18       95
  SINCE JUN 1    278           265     13      291
  SINCE JUL 1     63            81    -18       95

 COOLING
  YESTERDAY        1             1      0        4
  MONTH TO DATE   47            42      5       36
  SINCE JUN 1     62            68     -6       42
  SINCE JAN 1     80            71      9       58
......................................................


WIND (MPH)
  HIGHEST WIND SPEED    16   HIGHEST WIND DIRECTION    SW (220)
  HIGHEST GUST SPEED    22   HIGHEST GUST DIRECTION    SE (120)
  AVERAGE WIND SPEED     4.6


SKY COVER
  AVERAGE SKY COVER 0.4


WEATHER CONDITIONS
 THE FOLLOWING WEATHER WAS RECORDED YESTERDAY.
  FOG
  FOG W/VISIBILITY <= 1/4 MILE


RELATIVE HUMIDITY (PERCENT)
 HIGHEST   100           600 AM
 LOWEST     37           200 PM
 AVERAGE    69

..........................................................


THE SARANAC LAKE NY CLIMATE NORMALS FOR TODAY
                         NORMAL    RECORD    YEAR
 MAXIMUM TEMPERATURE (F)   75        86      2015
 MINIMUM TEMPERATURE (F)   51        32      2001


SUNRISE AND SUNSET
JULY 28 2016..........SUNRISE   540 AM EDT   SUNSET   826 PM EDT
JULY 29 2016..........SUNRISE   541 AM EDT   SUNSET   825 PM EDT


-  INDICATES NEGATIVE NUMBERS.
R  INDICATES RECORD WAS SET OR TIED.
MM INDICATES DATA IS MISSING.
T  INDICATES TRACE AMOUNT.




$$
