000
CDUS43 KICT 260637
CLISLN


CLIMATE REPORT
NATIONAL WEATHER SERVICE WICHITA KS
1237 AM CST FRI DEC 26 2014


...................................

...THE SALINA KS CLIMATE SUMMARY FOR DECEMBER 25 2014...

CLIMATE NORMAL PERIOD 1981 TO 2010
CLIMATE RECORD PERIOD 1894 TO 2014


WEATHER ITEM   OBSERVED TIME   RECORD YEAR NORMAL DEPARTURE LAST
                VALUE   (LST)  VALUE       VALUE  FROM      YEAR
                                                  NORMAL
..................................................................
TEMPERATURE (F)
 YESTERDAY
  MAXIMUM         55    328 PM  69    1922  41     14       41
  MINIMUM         34   1224 AM -15    1918  21     13       14
  AVERAGE         45                        31     14       28

PRECIPITATION (IN)
  YESTERDAY        0.00          0.09 2000   0.02  -0.02     0.04
  MONTH TO DATE    1.65                      0.79   0.86     1.22
  SINCE DEC 1      1.65                      0.79   0.86     1.22
  SINCE JAN 1     28.76                     31.35  -2.59    30.63

DEGREE DAYS
 HEATING
  YESTERDAY       20                        34    -14       37
  MONTH TO DATE  647                       806   -159      923
  SINCE DEC 1    647                       806   -159      923
  SINCE JUL 1   1644                      1758   -114     1911

 COOLING
  YESTERDAY        0                         0      0        0
  MONTH TO DATE    0                         0      0        0
  SINCE DEC 1      0                         0      0        0
  SINCE JAN 1   1801                      1647    154     1750
..................................................................


WIND (MPH)
  HIGHEST WIND SPEED    29   HIGHEST WIND DIRECTION     S (190)
  HIGHEST GUST SPEED    37   HIGHEST GUST DIRECTION     S (190)
  AVERAGE WIND SPEED    15.2


SKY COVER
  POSSIBLE SUNSHINE  MM
  AVERAGE SKY COVER 0.0


WEATHER CONDITIONS
 THE FOLLOWING WEATHER WAS RECORDED YESTERDAY.
  NO SIGNIFICANT WEATHER WAS OBSERVED.


RELATIVE HUMIDITY (PERCENT)
 HIGHEST    64          1200 AM
 LOWEST     41           400 PM
 AVERAGE    53

..........................................................


THE SALINA KS CLIMATE NORMALS FOR TODAY
                         NORMAL    RECORD    YEAR
 MAXIMUM TEMPERATURE (F)   41        67      2008
 MINIMUM TEMPERATURE (F)   21        -4      1962


SUNRISE AND SUNSET
DECEMBER 26 2014......SUNRISE   747 AM CST   SUNSET   515 PM CST
DECEMBER 27 2014......SUNRISE   748 AM CST   SUNSET   516 PM CST


-  INDICATES NEGATIVE NUMBERS.
R  INDICATES RECORD WAS SET OR TIED.
MM INDICATES DATA IS MISSING.
T  INDICATES TRACE AMOUNT.




$$
