000
CDUS43 KICT 220745
CLISLN


CLIMATE REPORT
NATIONAL WEATHER SERVICE WICHITA KS
145 AM CST THU FEB 22 2018


...................................

...THE SALINA KS CLIMATE SUMMARY FOR FEBRUARY 21 2018...

CLIMATE NORMAL PERIOD 1981 TO 2010
CLIMATE RECORD PERIOD 1894 TO 2018


WEATHER ITEM   OBSERVED TIME   RECORD YEAR NORMAL DEPARTURE LAST
                VALUE   (LST)  VALUE       VALUE  FROM      YEAR
                                                  NORMAL
..................................................................
TEMPERATURE (F)
 YESTERDAY
  MAXIMUM         29    713 PM  80    1977  48    -19       78
  MINIMUM         12    614 AM  -3    1939  26    -14       33
  AVERAGE         21                        37    -16       56

PRECIPITATION (IN)
  YESTERDAY        0.03          0.90 1971   0.05  -0.02     0.00
  MONTH TO DATE    0.04                      0.84  -0.80     0.04
  SINCE DEC 1      0.43                      2.41  -1.98     2.91
  SINCE JAN 1      0.38                      1.47  -1.09     2.06

DEGREE DAYS
 HEATING
  YESTERDAY       44                        28     16        9
  MONTH TO DATE  677                       641     36      431
  SINCE DEC 1   2638                      2705    -67     1994
  SINCE JUL 1   3394                      3657   -263     2537

 COOLING
  YESTERDAY        0                         0      0        0
  MONTH TO DATE    0                         0      0        0
  SINCE DEC 1      0                         0      0        0
  SINCE JAN 1      0                         0      0        0
..................................................................


WIND (MPH)
  HIGHEST WIND SPEED    17   HIGHEST WIND DIRECTION     N (360)
  HIGHEST GUST SPEED    20   HIGHEST GUST DIRECTION    NE (30)
  AVERAGE WIND SPEED    11.1


SKY COVER
  POSSIBLE SUNSHINE  MM
  AVERAGE SKY COVER 0.6


WEATHER CONDITIONS
 THE FOLLOWING WEATHER WAS RECORDED YESTERDAY.
  LT FREEZING RAIN
  LIGHT SNOW
  FOG


RELATIVE HUMIDITY (PERCENT)
 HIGHEST    84          1100 PM
 LOWEST     42           200 PM
 AVERAGE    63

..........................................................


THE SALINA KS CLIMATE NORMALS FOR TODAY
                         NORMAL    RECORD    YEAR
 MAXIMUM TEMPERATURE (F)   49        81      2017
 MINIMUM TEMPERATURE (F)   27         3      1911


SUNRISE AND SUNSET
FEBRUARY 22 2018......SUNRISE   713 AM CST   SUNSET   616 PM CST
FEBRUARY 23 2018......SUNRISE   711 AM CST   SUNSET   617 PM CST


-  INDICATES NEGATIVE NUMBERS.
R  INDICATES RECORD WAS SET OR TIED.
MM INDICATES DATA IS MISSING.
T  INDICATES TRACE AMOUNT.




$$
