000
CDUS46 KLOX 290909
CLISMX


CLIMATE REPORT
NATIONAL WEATHER SERVICE LOS ANGELES/OXNARD CA
209 AM PDT MON AUG 29 2016


...................................

...THE SANTA MARIA AIRPORT CA CLIMATE SUMMARY FOR AUGUST 28 2016...

CLIMATE NORMAL PERIOD 1981 TO 2010
CLIMATE RECORD PERIOD 1906 TO 2016


WEATHER ITEM   OBSERVED TIME   RECORD YEAR NORMAL DEPARTURE LAST
                VALUE   (LST)  VALUE       VALUE  FROM      YEAR
                                                  NORMAL
..................................................................
TEMPERATURE (F)
 YESTERDAY
  MAXIMUM         72    105 PM  99    2009  73     -1       94
  MINIMUM         52    437 AM  43    1930  54     -2       60
  AVERAGE         62                        64     -2       77

PRECIPITATION (IN)
  YESTERDAY        0.00          T    1980   0.00   0.00     0.00
                                      1953
                                      1952
  MONTH TO DATE    T                         0.02  -0.02      T
  SINCE OCT 1      9.00                     13.81  -4.81     7.78
  SINCE JAN 1      7.12                      9.76  -2.64     2.22

SNOWFALL (IN)
  YESTERDAY        0.0
  MONTH TO DATE    0.0
  SINCE JUN 1      0.0
  SINCE JUL 1      0.0

DEGREE DAYS
 HEATING
  YESTERDAY        3                         2      1
  MONTH TO DATE   69                        56     13
  SINCE JUN 1    208                       272    -64
  SINCE JUL 1    130                       131     -1

 COOLING
  YESTERDAY        0                         1     -1
  MONTH TO DATE    3                        28    -25
  SINCE JUN 1     14                        53    -39
  SINCE JAN 1     52                        63    -11
..................................................................


WIND (MPH)
  HIGHEST WIND SPEED    21   HIGHEST WIND DIRECTION    NW (300)
  HIGHEST GUST SPEED    24   HIGHEST GUST DIRECTION    NW (310)
  AVERAGE WIND SPEED     7.0


SKY COVER
  POSSIBLE SUNSHINE  MM
  AVERAGE SKY COVER 0.2


WEATHER CONDITIONS
 THE FOLLOWING WEATHER WAS RECORDED YESTERDAY.
  FOG


RELATIVE HUMIDITY (PERCENT)
 HIGHEST   100          1200 AM
 LOWEST     61          1200 PM
 AVERAGE    81

..........................................................


THE SANTA MARIA AIRPORT CA CLIMATE NORMALS FOR TODAY
                         NORMAL    RECORD    YEAR
 MAXIMUM TEMPERATURE (F)   74        88      1977
 MINIMUM TEMPERATURE (F)   54        43      1932


SUNRISE AND SUNSET
AUGUST 29 2016........SUNRISE   633 AM PDT   SUNSET   732 PM PDT
AUGUST 30 2016........SUNRISE   634 AM PDT   SUNSET   730 PM PDT


-  INDICATES NEGATIVE NUMBERS.
R  INDICATES RECORD WAS SET OR TIED.
MM INDICATES DATA IS MISSING.
T  INDICATES TRACE AMOUNT.




$$
