000
CDUS46 KLOX 060112
CLISMX


CLIMATE REPORT
NATIONAL WEATHER SERVICE LOS ANGELES/OXNARD CA
612 PM PDT THU MAY 5 2016


...................................

...THE SANTA MARIA AIRPORT CA CLIMATE SUMMARY FOR MAY 5 2016...
VALID TODAY AS OF 0600 PM LOCAL TIME.

CLIMATE NORMAL PERIOD 1981 TO 2010
CLIMATE RECORD PERIOD 1906 TO 2016


WEATHER ITEM   OBSERVED TIME   RECORD YEAR NORMAL DEPARTURE LAST
                VALUE   (LST)  VALUE       VALUE  FROM      YEAR
                                                  NORMAL
..................................................................
TEMPERATURE (F)
 TODAY
  MAXIMUM         68   1042 AM  92    1953  68      0       66
  MINIMUM         49    527 AM  32    1975  46      3       53
  AVERAGE         59                        57      2       60

PRECIPITATION (IN)
  TODAY            0.23          1.74 1998   0.02   0.21     0.00
  MONTH TO DATE    0.23                      0.09   0.14     0.00
  SINCE OCT 1      8.99                     13.50  -4.51     7.37
  SINCE JAN 1      7.11                      9.45  -2.34     1.81

SNOWFALL (IN)
  TODAY           MM
  MONTH TO DATE    0.0
  SINCE MAR 1      0.0
  SINCE JUL 1      0.0

DEGREE DAYS
 HEATING
  TODAY            6                         8     -2
  MONTH TO DATE   22                        40    -18
  SINCE MAR 1    351                       666   -315
  SINCE JUL 1   1474                      2499  -1025

 COOLING
  TODAY            0                         0      0
  MONTH TO DATE    0                         0      0
  SINCE MAR 1     20                         5     15
  SINCE JAN 1     38                         6     32
..................................................................


WIND (MPH)
  HIGHEST WIND SPEED    15   HIGHEST WIND DIRECTION     W (260)
  HIGHEST GUST SPEED    18   HIGHEST GUST DIRECTION    SW (240)
  AVERAGE WIND SPEED     4.8


SKY COVER
  POSSIBLE SUNSHINE  MM
  AVERAGE SKY COVER 0.8


WEATHER CONDITIONS
 THE FOLLOWING WEATHER WAS RECORDED TODAY.
  RAIN
  LIGHT RAIN
  FOG


RELATIVE HUMIDITY (PERCENT)
 HIGHEST    96           600 AM
 LOWEST     52          1000 AM
 AVERAGE    74

..........................................................


THE SANTA MARIA AIRPORT CA CLIMATE NORMALS FOR TOMORROW
                         NORMAL    RECORD    YEAR
 MAXIMUM TEMPERATURE (F)   68        88      1941
 MINIMUM TEMPERATURE (F)   46        35      1977


SUNRISE AND SUNSET
MAY  5 2016...........SUNRISE   607 AM PDT   SUNSET   751 PM PDT
MAY  6 2016...........SUNRISE   606 AM PDT   SUNSET   752 PM PDT


-  INDICATES NEGATIVE NUMBERS.
R  INDICATES RECORD WAS SET OR TIED.
MM INDICATES DATA IS MISSING.
T  INDICATES TRACE AMOUNT.




$$
