000
CDUS46 KLOX 250116
CLISMX


CLIMATE REPORT
NATIONAL WEATHER SERVICE LOS ANGELES/OXNARD CA
616 PM PDT SAT SEP 24 2016


...................................

...THE SANTA MARIA AIRPORT CA CLIMATE SUMMARY FOR SEPTEMBER 24 2016...
VALID TODAY AS OF 0600 PM LOCAL TIME.

CLIMATE NORMAL PERIOD 1981 TO 2010
CLIMATE RECORD PERIOD 1906 TO 2016


WEATHER ITEM   OBSERVED TIME   RECORD YEAR NORMAL DEPARTURE LAST
                VALUE   (LST)  VALUE       VALUE  FROM      YEAR
                                                  NORMAL
..................................................................
TEMPERATURE (F)
 TODAY
  MAXIMUM         88   1003 AM 103    1978  74     14       99
  MINIMUM         52    132 AM  38    1920  52      0       58
  AVERAGE         70                        63      7       79

PRECIPITATION (IN)
  TODAY            0.00          1.13 1939   0.01  -0.01     0.00
  MONTH TO DATE    0.00                      0.10  -0.10     0.09
  SINCE OCT 1      9.00                     13.91  -4.91     7.87
  SINCE JAN 1      7.12                      9.86  -2.74     2.31

SNOWFALL (IN)
  TODAY            0.0
  MONTH TO DATE    0.0
  SINCE SEP 1      0.0
  SINCE JUL 1      0.0

DEGREE DAYS
 HEATING
  TODAY            0                         3     -3
  MONTH TO DATE   63                        62      1
  SINCE SEP 1     63                        62      1
  SINCE JUL 1    199                       198      1

 COOLING
  TODAY            5                         1      4
  MONTH TO DATE   17                        24     -7
  SINCE SEP 1     17                        24     -7
  SINCE JAN 1     69                        79    -10
..................................................................


WIND (MPH)
  HIGHEST WIND SPEED    23   HIGHEST WIND DIRECTION    NW (300)
  HIGHEST GUST SPEED    26   HIGHEST GUST DIRECTION    NW (300)
  AVERAGE WIND SPEED    11.3


SKY COVER
  POSSIBLE SUNSHINE  MM
  AVERAGE SKY COVER 0.0


WEATHER CONDITIONS
 THE FOLLOWING WEATHER WAS RECORDED TODAY.
  NO SIGNIFICANT WEATHER WAS OBSERVED.


RELATIVE HUMIDITY (PERCENT)
 HIGHEST    72           100 AM
 LOWEST     16          1000 AM
 AVERAGE    44

..........................................................


THE SANTA MARIA AIRPORT CA CLIMATE NORMALS FOR TOMORROW
                         NORMAL    RECORD    YEAR
 MAXIMUM TEMPERATURE (F)   74        99      1968
 MINIMUM TEMPERATURE (F)   52        38      1948


SUNRISE AND SUNSET
SEPTEMBER 24 2016.....SUNRISE   652 AM PDT   SUNSET   655 PM PDT
SEPTEMBER 25 2016.....SUNRISE   652 AM PDT   SUNSET   653 PM PDT


-  INDICATES NEGATIVE NUMBERS.
R  INDICATES RECORD WAS SET OR TIED.
MM INDICATES DATA IS MISSING.
T  INDICATES TRACE AMOUNT.




$$
