000
CDUS46 KLOX 260902
CLISMX


CLIMATE REPORT
NATIONAL WEATHER SERVICE LOS ANGELES/OXNARD CA
102 AM PST WED NOV 26 2014


...................................

...THE SANTA MARIA AIRPORT CA CLIMATE SUMMARY FOR NOVEMBER 25 2014...

CLIMATE NORMAL PERIOD 1981 TO 2010
CLIMATE RECORD PERIOD 1906 TO 2014


WEATHER ITEM   OBSERVED TIME   RECORD YEAR NORMAL DEPARTURE LAST
                VALUE   (LST)  VALUE       VALUE  FROM      YEAR
                                                  NORMAL
..................................................................
TEMPERATURE (F)
 YESTERDAY
  MAXIMUM         81    141 PM  86    1977  66     15       75
  MINIMUM         43    654 AM  30    2010  41      2       40
  AVERAGE         62                        54      8       58

PRECIPITATION (IN)
  YESTERDAY        0.00          1.67 1970   0.05  -0.05     0.00
  MONTH TO DATE    0.25                      1.09  -0.84     0.05
  SINCE JUL 1      1.32                      1.88  -0.56     0.24
  SINCE JAN 1      5.33                     11.59  -6.26     2.73

SNOWFALL (IN)
  YESTERDAY        0.0
  MONTH TO DATE    0.0
  SINCE SEP 1      0.0
  SINCE JUL 1      0.0

DEGREE DAYS
 HEATING
  YESTERDAY        3                        11     -8
  MONTH TO DATE   76                       222   -146
  SINCE SEP 1     80                       450   -370
  SINCE JUL 1     80                       586   -506

 COOLING
  YESTERDAY        0                         0      0
  MONTH TO DATE    6                         0      6
  SINCE SEP 1    220                        45    175
  SINCE JAN 1    565                       100    465
..................................................................


WIND (MPH)
  HIGHEST WIND SPEED    15   HIGHEST WIND DIRECTION    NW (300)
  HIGHEST GUST SPEED    17   HIGHEST GUST DIRECTION     N (340)
  AVERAGE WIND SPEED     4.9


SKY COVER
  POSSIBLE SUNSHINE  MM
  AVERAGE SKY COVER 0.0


WEATHER CONDITIONS
 THE FOLLOWING WEATHER WAS RECORDED YESTERDAY.
  NO SIGNIFICANT WEATHER WAS OBSERVED.


RELATIVE HUMIDITY (PERCENT)
 HIGHEST    65           200 AM
 LOWEST     10          1200 PM
 AVERAGE    38

..........................................................


THE SANTA MARIA AIRPORT CA CLIMATE NORMALS FOR TODAY
                         NORMAL    RECORD    YEAR
 MAXIMUM TEMPERATURE (F)   66        86      1977
 MINIMUM TEMPERATURE (F)   41        28      1906


SUNRISE AND SUNSET
NOVEMBER 26 2014......SUNRISE   647 AM PST   SUNSET   451 PM PST
NOVEMBER 27 2014......SUNRISE   648 AM PST   SUNSET   451 PM PST


-  INDICATES NEGATIVE NUMBERS.
R  INDICATES RECORD WAS SET OR TIED.
MM INDICATES DATA IS MISSING.
T  INDICATES TRACE AMOUNT.




$$
