000
CDUS46 KLOX 120912
CLISMX


CLIMATE REPORT
NATIONAL WEATHER SERVICE LOS ANGELES/OXNARD CA
111 AM PST TUE DEC 12 2017


...................................

...THE SANTA MARIA AIRPORT CA CLIMATE SUMMARY FOR DECEMBER 11 2017...

CLIMATE NORMAL PERIOD 1981 TO 2010
CLIMATE RECORD PERIOD 1906 TO 2017


WEATHER ITEM   OBSERVED TIME   RECORD YEAR NORMAL DEPARTURE LAST
                VALUE   (LST)  VALUE       VALUE  FROM      YEAR
                                                  NORMAL
..................................................................
TEMPERATURE (F)
 YESTERDAY
  MAXIMUM         79    100 PM  87    1958  64     15       64
  MINIMUM         41   1159 PM  26    1972  39      2       52
                                      1963
                                      1918
  AVERAGE         60                        51      9       58

PRECIPITATION (IN)
  YESTERDAY        0.00          2.00 2014   0.06  -0.06     0.00
  MONTH TO DATE    0.00                      0.63  -0.63     0.51
  SINCE OCT 1      0.09                      2.56  -2.47     3.09
  SINCE JAN 1     14.20                     12.46   1.74    10.21

SNOWFALL (IN)
  YESTERDAY        0.0
  MONTH TO DATE    0.0
  SINCE DEC 1      0.0
  SINCE JUL 1      0.0

DEGREE DAYS
 HEATING
  YESTERDAY        5                        14     -9
  MONTH TO DATE   87                       144    -57
  SINCE DEC 1     87                       144    -57
  SINCE JUL 1    360                       790   -430

 COOLING
  YESTERDAY        0                         0      0
  MONTH TO DATE    0                         0      0
  SINCE DEC 1      0                         0      0
  SINCE JAN 1    333                       104    229
..................................................................


WIND (MPH)
  HIGHEST WIND SPEED     9   HIGHEST WIND DIRECTION    NW (300)
  HIGHEST GUST SPEED    11   HIGHEST GUST DIRECTION    NW (300)
  AVERAGE WIND SPEED     3.3


SKY COVER
  POSSIBLE SUNSHINE  MM
  AVERAGE SKY COVER 0.6


WEATHER CONDITIONS
 THE FOLLOWING WEATHER WAS RECORDED YESTERDAY.
  HAZE


RELATIVE HUMIDITY (PERCENT)
 HIGHEST    45           800 AM
 LOWEST     10           100 PM
 AVERAGE    28

..........................................................


THE SANTA MARIA AIRPORT CA CLIMATE NORMALS FOR TODAY
                         NORMAL    RECORD    YEAR
 MAXIMUM TEMPERATURE (F)   63        86      1958
 MINIMUM TEMPERATURE (F)   39        24      1985


SUNRISE AND SUNSET
DECEMBER 12 2017......SUNRISE   700 AM PST   SUNSET   451 PM PST
DECEMBER 13 2017......SUNRISE   701 AM PST   SUNSET   451 PM PST


-  INDICATES NEGATIVE NUMBERS.
R  INDICATES RECORD WAS SET OR TIED.
MM INDICATES DATA IS MISSING.
T  INDICATES TRACE AMOUNT.




$$
