000
CDUS46 KLOX 170113
CLISMX


CLIMATE REPORT
NATIONAL WEATHER SERVICE LOS ANGELES/OXNARD CA
613 PM PDT MON OCT 16 2017


...................................

...THE SANTA MARIA AIRPORT CA CLIMATE SUMMARY FOR OCTOBER 16 2017...
VALID TODAY AS OF 0600 PM LOCAL TIME.

CLIMATE NORMAL PERIOD 1981 TO 2010
CLIMATE RECORD PERIOD 1906 TO 2017


WEATHER ITEM   OBSERVED TIME   RECORD YEAR NORMAL DEPARTURE LAST
                VALUE   (LST)  VALUE       VALUE  FROM      YEAR
                                                  NORMAL
..................................................................
TEMPERATURE (F)
 TODAY
  MAXIMUM         92   1128 AM  97    1988  73     19       72
  MINIMUM         50    457 AM  36    1981  49      1       60
                                      1965
  AVERAGE         71                        61     10       66

PRECIPITATION (IN)
  TODAY            0.00          0.52 1934   0.02  -0.02     0.14
  MONTH TO DATE    0.00                      0.20  -0.20     0.21
  SINCE OCT 1      0.00                      0.20  -0.20     0.21
  SINCE JAN 1     14.11                     10.10   4.01     7.33

SNOWFALL (IN)
  TODAY            0.0
  MONTH TO DATE    0.0
  SINCE SEP 1      0.0
  SINCE JUL 1      0.0

DEGREE DAYS
 HEATING
  TODAY            0                         5     -5
  MONTH TO DATE   31                        65    -34
  SINCE SEP 1     57                       146    -89
  SINCE JUL 1     98                       282   -184

 COOLING
  TODAY            6                         1      5
  MONTH TO DATE   26                        16     10
  SINCE SEP 1    152                        43    109
  SINCE JAN 1    252                        98    154
..................................................................


WIND (MPH)
  HIGHEST WIND SPEED    12   HIGHEST WIND DIRECTION    NW (300)
  HIGHEST GUST SPEED    15   HIGHEST GUST DIRECTION    NW (330)
  AVERAGE WIND SPEED     4.3


SKY COVER
  POSSIBLE SUNSHINE  MM
  AVERAGE SKY COVER 0.1


WEATHER CONDITIONS
 THE FOLLOWING WEATHER WAS RECORDED TODAY.
  HAZE


RELATIVE HUMIDITY (PERCENT)
 HIGHEST    50           400 AM
 LOWEST      9          1100 AM
 AVERAGE    30

..........................................................


THE SANTA MARIA AIRPORT CA CLIMATE NORMALS FOR TOMORROW
                         NORMAL    RECORD    YEAR
 MAXIMUM TEMPERATURE (F)   73       102      1933
 MINIMUM TEMPERATURE (F)   49        33      1918


SUNRISE AND SUNSET
OCTOBER 16 2017.......SUNRISE   709 AM PDT   SUNSET   625 PM PDT
OCTOBER 17 2017.......SUNRISE   710 AM PDT   SUNSET   624 PM PDT


-  INDICATES NEGATIVE NUMBERS.
R  INDICATES RECORD WAS SET OR TIED.
MM INDICATES DATA IS MISSING.
T  INDICATES TRACE AMOUNT.




$$
