000
CDUS46 KLOX 060858
CLISMX


CLIMATE REPORT
NATIONAL WEATHER SERVICE LOS ANGELES/OXNARD CA
1258 AM PST FRI MAR 6 2015


...................................

...THE SANTA MARIA AIRPORT CA CLIMATE SUMMARY FOR MARCH 5 2015...

CLIMATE NORMAL PERIOD 1981 TO 2010
CLIMATE RECORD PERIOD 1906 TO 2015


WEATHER ITEM   OBSERVED TIME   RECORD YEAR NORMAL DEPARTURE LAST
                VALUE   (LST)  VALUE       VALUE  FROM      YEAR
                                                  NORMAL
..................................................................
TEMPERATURE (F)
 YESTERDAY
  MAXIMUM         77    122 PM  84    1972  65     12       67
  MINIMUM         39    634 AM  31    1999  43     -4       53
                                      1967
  AVERAGE         58                        54      4       60

PRECIPITATION (IN)
  YESTERDAY        0.00          2.16 1987   0.10  -0.10     0.00
  MONTH TO DATE    0.30                      0.51  -0.21     0.79
  SINCE OCT 1      6.70                     10.30  -3.60     3.17
  SINCE JAN 1      1.14                      6.25  -5.11     2.68

SNOWFALL (IN)
  YESTERDAY        0.0
  MONTH TO DATE    0.0
  SINCE MAR 1      0.0
  SINCE JUL 1      0.0

DEGREE DAYS
 HEATING
  YESTERDAY        7                        11     -4
  MONTH TO DATE   55                        55      0
  SINCE MAR 1     55                        55      0
  SINCE JUL 1    742                      1888  -1146

 COOLING
  YESTERDAY        0                         0      0
  MONTH TO DATE    0                         0      0
  SINCE MAR 1      0                         0      0
  SINCE JAN 1      0                         1     -1
..................................................................


WIND (MPH)
  HIGHEST WIND SPEED    18   HIGHEST WIND DIRECTION    NW (310)
  HIGHEST GUST SPEED    21   HIGHEST GUST DIRECTION    NW (320)
  AVERAGE WIND SPEED     4.7


SKY COVER
  POSSIBLE SUNSHINE  MM
  AVERAGE SKY COVER 0.0


WEATHER CONDITIONS
 THE FOLLOWING WEATHER WAS RECORDED YESTERDAY.
  NO SIGNIFICANT WEATHER WAS OBSERVED.


RELATIVE HUMIDITY (PERCENT)
 HIGHEST    82           200 AM
 LOWEST     13           100 PM
 AVERAGE    48

..........................................................


THE SANTA MARIA AIRPORT CA CLIMATE NORMALS FOR TODAY
                         NORMAL    RECORD    YEAR
 MAXIMUM TEMPERATURE (F)   65        81      1953
 MINIMUM TEMPERATURE (F)   43        27      1971


SUNRISE AND SUNSET
MARCH  6 2015.........SUNRISE   625 AM PST   SUNSET   602 PM PST
MARCH  7 2015.........SUNRISE   623 AM PST   SUNSET   603 PM PST


-  INDICATES NEGATIVE NUMBERS.
R  INDICATES RECORD WAS SET OR TIED.
MM INDICATES DATA IS MISSING.
T  INDICATES TRACE AMOUNT.




$$
