000
CDUS46 KLOX 010901
CLISMX


CLIMATE REPORT
NATIONAL WEATHER SERVICE LOS ANGELES/OXNARD CA
201 AM PDT TUE SEP 1 2015


...................................

...THE SANTA MARIA AIRPORT CA CLIMATE SUMMARY FOR AUGUST 31 2015...

CLIMATE NORMAL PERIOD 1981 TO 2010
CLIMATE RECORD PERIOD 1906 TO 2015


WEATHER ITEM   OBSERVED TIME   RECORD YEAR NORMAL DEPARTURE LAST
                VALUE   (LST)  VALUE       VALUE  FROM      YEAR
                                                  NORMAL
..................................................................
TEMPERATURE (F)
 YESTERDAY
  MAXIMUM         76   1259 PM  94    1947  74      2       78
  MINIMUM         55    547 AM  44    1925  54      1       57
                                      1919
                                      1917
  AVERAGE         66                        64      2       68

PRECIPITATION (IN)
  YESTERDAY        0.00          0.10 1964   0.00   0.00     0.00
  MONTH TO DATE    T                         0.02  -0.02      T
  SINCE OCT 1      7.78                     13.81  -6.03     4.50
  SINCE JAN 1      2.22                      9.76  -7.54     4.01

SNOWFALL (IN)
  YESTERDAY        0.0
  MONTH TO DATE    0.0
  SINCE JUN 1      0.0
  SINCE JUL 1      0.0

DEGREE DAYS
 HEATING
  YESTERDAY        0                         2     -2
  MONTH TO DATE    0                        62    -62
  SINCE JUN 1     43                       277   -234
  SINCE JUL 1      0                       136   -136

 COOLING
  YESTERDAY        1                         1      0
  MONTH TO DATE  136                        20    116
  SINCE JUN 1    275                        45    230
  SINCE JAN 1    303                        55    248
..................................................................


WIND (MPH)
  HIGHEST WIND SPEED    21   HIGHEST WIND DIRECTION     W (290)
  HIGHEST GUST SPEED    24   HIGHEST GUST DIRECTION    NW (300)
  AVERAGE WIND SPEED     9.2


SKY COVER
  POSSIBLE SUNSHINE  MM
  AVERAGE SKY COVER 0.2


WEATHER CONDITIONS
 THE FOLLOWING WEATHER WAS RECORDED YESTERDAY.
  FOG
  HAZE


RELATIVE HUMIDITY (PERCENT)
 HIGHEST    93           100 AM
 LOWEST     54           100 PM
 AVERAGE    74

..........................................................


THE SANTA MARIA AIRPORT CA CLIMATE NORMALS FOR TODAY
                         NORMAL    RECORD    YEAR
 MAXIMUM TEMPERATURE (F)   74        92      1984
 MINIMUM TEMPERATURE (F)   54        43      1919
                                             1917


SUNRISE AND SUNSET
SEPTEMBER  1 2015.....SUNRISE   634 AM PDT   SUNSET   729 PM PDT
SEPTEMBER  2 2015.....SUNRISE   635 AM PDT   SUNSET   727 PM PDT


-  INDICATES NEGATIVE NUMBERS.
R  INDICATES RECORD WAS SET OR TIED.
MM INDICATES DATA IS MISSING.
T  INDICATES TRACE AMOUNT.




$$
