000
CDUS46 KLOX 280943
CLISMX


CLIMATE REPORT
NATIONAL WEATHER SERVICE LOS ANGELES/OXNARD CA
242 AM PDT TUE MAR 28 2017


...................................

...THE SANTA MARIA AIRPORT CA CLIMATE SUMMARY FOR MARCH 27 2017...

CLIMATE NORMAL PERIOD 1981 TO 2010
CLIMATE RECORD PERIOD 1906 TO 2017


WEATHER ITEM   OBSERVED TIME   RECORD YEAR NORMAL DEPARTURE LAST
                VALUE   (LST)  VALUE       VALUE  FROM      YEAR
                                                  NORMAL
..................................................................
TEMPERATURE (F)
 YESTERDAY
  MAXIMUM         66   1147 AM  83    1923  66      0       69
  MINIMUM         50    904 PM  29    1972  43      7       49
  AVERAGE         58                        54      4       59

PRECIPITATION (IN)
  YESTERDAY        0.01          1.30 1910   0.06  -0.05     0.00
  MONTH TO DATE    0.84                      2.38  -1.54     3.08
  SINCE OCT 1     16.92                     12.17   4.75     8.24
  SINCE JAN 1     12.12                      8.12   4.00     6.36

SNOWFALL (IN)
  YESTERDAY        0.0
  MONTH TO DATE    0.0
  SINCE MAR 1      0.0
  SINCE JUL 1      0.0

DEGREE DAYS
 HEATING
  YESTERDAY        7                        11     -4
  MONTH TO DATE  209                       297    -88
  SINCE MAR 1    209                       297    -88
  SINCE JUL 1   1933                      2130   -197

 COOLING
  YESTERDAY        0                         0      0
  MONTH TO DATE    5                         0      5
  SINCE MAR 1      5                         0      5
  SINCE JAN 1      5                         1      4
..................................................................


WIND (MPH)
  HIGHEST WIND SPEED    32   HIGHEST WIND DIRECTION    NW (300)
  HIGHEST GUST SPEED    40   HIGHEST GUST DIRECTION    NW (310)
  AVERAGE WIND SPEED    12.9


SKY COVER
  POSSIBLE SUNSHINE  MM
  AVERAGE SKY COVER 0.3


WEATHER CONDITIONS
 THE FOLLOWING WEATHER WAS RECORDED YESTERDAY.
  LIGHT RAIN
  FOG
  HAZE


RELATIVE HUMIDITY (PERCENT)
 HIGHEST   100           400 AM
 LOWEST     52          1100 AM
 AVERAGE    76

..........................................................


THE SANTA MARIA AIRPORT CA CLIMATE NORMALS FOR TODAY
                         NORMAL    RECORD    YEAR
 MAXIMUM TEMPERATURE (F)   66        86      2004
 MINIMUM TEMPERATURE (F)   43        30      1975
                                             1972


SUNRISE AND SUNSET
MARCH 28 2017.........SUNRISE   654 AM PDT   SUNSET   720 PM PDT
MARCH 29 2017.........SUNRISE   652 AM PDT   SUNSET   721 PM PDT


-  INDICATES NEGATIVE NUMBERS.
R  INDICATES RECORD WAS SET OR TIED.
MM INDICATES DATA IS MISSING.
T  INDICATES TRACE AMOUNT.




$$
