000
CDUS46 KLOX 211738 AAA
CLISMX

CLIMATE REPORT
NATIONAL WEATHER SERVICE LOS ANGELES/OXNARD CA
1035 AM PDT THU AUG 21 2014


...................................

...THE SANTA MARIA AIRPORT CA CLIMATE SUMMARY FOR AUGUST 20 2014...

CLIMATE NORMAL PERIOD 1981 TO 2010
CLIMATE RECORD PERIOD 1906 TO 2014


WEATHER ITEM   OBSERVED TIME   RECORD YEAR NORMAL DEPARTURE LAST
                VALUE   (LST)  VALUE       VALUE  FROM      YEAR
                                                  NORMAL
..................................................................
TEMPERATURE (F)
 YESTERDAY
  MAXIMUM         79    135 PM  82    2007  73      6       75
  MINIMUM         61   1159 PM  42    1947  54      7       54
  AVERAGE         70                        64      6       65

PRECIPITATION (IN)
  YESTERDAY        0.00          0.03 1983   0.00   0.00      T
  MONTH TO DATE    T                         0.01  -0.01      T
  SINCE JUL 1      T                         0.04  -0.04     0.01
  SINCE JAN 1      4.01                      9.75  -5.74     2.50

SNOWFALL (IN)
  YESTERDAY        0.0
  MONTH TO DATE    0.0
  SINCE JUN 1      0.0
  SINCE JUL 1      0.0

DEGREE DAYS
 HEATING
  YESTERDAY        0                         2     -2
  MONTH TO DATE    0                        40    -40
  SINCE JUN 1     60                       256   -196
  SINCE JUL 1      0                       115   -115

 COOLING
  YESTERDAY        5                         1      4
  MONTH TO DATE   69                        20     49
  SINCE JUN 1    193                        45    148
  SINCE JAN 1    299                        55    244
..................................................................


WIND (MPH)
  HIGHEST WIND SPEED    MM   HIGHEST WIND DIRECTION    MM
  HIGHEST GUST SPEED    MM   HIGHEST GUST DIRECTION    MM
  AVERAGE WIND SPEED     4.7


SKY COVER
  POSSIBLE SUNSHINE  MM
  AVERAGE SKY COVER 0.5


WEATHER CONDITIONS
 THE FOLLOWING WEATHER WAS RECORDED YESTERDAY.
  FOG
  HAZE


RELATIVE HUMIDITY (PERCENT)
 HIGHEST    90           600 AM
 LOWEST     45           200 PM
 AVERAGE    68

..........................................................


THE SANTA MARIA AIRPORT CA CLIMATE NORMALS FOR TODAY
                         NORMAL    RECORD    YEAR
 MAXIMUM TEMPERATURE (F)   73        93      1972
 MINIMUM TEMPERATURE (F)   54        45      1959


SUNRISE AND SUNSET
AUGUST 21 2014........SUNRISE   627 AM PDT   SUNSET   743 PM PDT
AUGUST 22 2014........SUNRISE   627 AM PDT   SUNSET   741 PM PDT


-  INDICATES NEGATIVE NUMBERS.
R  INDICATES RECORD WAS SET OR TIED.
MM INDICATES DATA IS MISSING.
T  INDICATES TRACE AMOUNT.




$$
