000
CDUS46 KSGX 020016
CLISNA


CLIMATE REPORT
NATIONAL WEATHER SERVICE SAN DIEGO, CA
516 PM PDT SAT AUG 1 2015


...................................

...THE JOHN WAYNE AIRPORT CA CLIMATE SUMMARY FOR AUGUST 1 2015...
VALID TODAY AS OF 0500 PM LOCAL TIME.

CLIMATE NORMAL PERIOD 1981 TO 2010
CLIMATE RECORD PERIOD 1999 TO 2015


WEATHER ITEM   OBSERVED TIME   RECORD YEAR NORMAL DEPARTURE LAST
                VALUE   (LST)  VALUE       VALUE  FROM      YEAR
                                                  NORMAL
..................................................................
TEMPERATURE (F)
 TODAY
  MAXIMUM         79   1243 PM  87    2011  79      0       81
  MINIMUM         68    607 AM  63    1999  65      3       71
  AVERAGE         74                        72      2       76

PRECIPITATION (IN)
  TODAY            0.00          0.00 2006   0.00   0.00     0.00
                                      2005
  MONTH TO DATE    0.00                      0.00   0.00     0.00
  SINCE OCT 1      7.29                     13.08  -5.79     3.52
  SINCE JAN 1      3.49                      9.00  -5.51     2.59

DEGREE DAYS
 HEATING
  TODAY            0                         0      0        0
  MONTH TO DATE    0                         0      0        0
  SINCE JUN 1      0                         7     -7        0
  SINCE JUL 1      0                         0      0        0

 COOLING
  TODAY            9                         7      2       11
  MONTH TO DATE    9                         7      2       11
  SINCE JUN 1    395                       274    121      550
  SINCE JAN 1    636                       341    295      887
..................................................................


WIND (MPH)
  RESULTANT WIND SPEED   3   RESULTANT WIND DIRECTION   S (190)
  HIGHEST WIND SPEED    14   HIGHEST WIND DIRECTION     S (200)
  HIGHEST GUST SPEED    20   HIGHEST GUST DIRECTION     S (190)
  AVERAGE WIND SPEED     5.0


SKY COVER
  POSSIBLE SUNSHINE  MM
  AVERAGE SKY COVER 0.7


WEATHER CONDITIONS
 THE FOLLOWING WEATHER WAS RECORDED TODAY.
  FOG


RELATIVE HUMIDITY (PERCENT)
 HIGHEST    90          1200 AM
 LOWEST     58           200 PM
 AVERAGE    74

..........................................................


THE JOHN WAYNE AIRPORT CA CLIMATE NORMALS FOR TOMORROW
                         NORMAL    RECORD    YEAR
 MAXIMUM TEMPERATURE (F)   79        88      2011
 MINIMUM TEMPERATURE (F)   65        62      2010
                                             1999


SUNRISE AND SUNSET
AUGUST  1 2015........SUNRISE   604 AM PDT   SUNSET   752 PM PDT
AUGUST  2 2015........SUNRISE   604 AM PDT   SUNSET   751 PM PDT


-  INDICATES NEGATIVE NUMBERS.
R  INDICATES RECORD WAS SET OR TIED.
MM INDICATES DATA IS MISSING.
T  INDICATES TRACE AMOUNT.




$$
