000
CDUS46 KSGX 121526
CLISNA


CLIMATE REPORT
NATIONAL WEATHER SERVICE SAN DIEGO, CA
719 AM PST FRI FEB 12 2016


...................................

...THE JOHN WAYNE AIRPORT CA CLIMATE SUMMARY FOR FEBRUARY 11 2016...

CLIMATE NORMAL PERIOD 1981 TO 2010
CLIMATE RECORD PERIOD 1999 TO 2016


WEATHER ITEM   OBSERVED TIME   RECORD YEAR NORMAL DEPARTURE LAST
                VALUE   (LST)  VALUE       VALUE  FROM      YEAR
                                                  NORMAL
..................................................................
TEMPERATURE (F)
 YESTERDAY
  MAXIMUM         82    256 PM  90    2015  66     16       90
  MINIMUM         52    648 AM  40    2009  48      4       54
  AVERAGE         67                        57     10       72

PRECIPITATION (IN)
  YESTERDAY        0.00          1.08 2005   0.11  -0.11     0.00
  MONTH TO DATE    0.00                      0.83  -0.83      T
  SINCE OCT 1      3.26                      7.82  -4.56     4.62
  SINCE JAN 1      2.04                      3.74  -1.70     0.82

DEGREE DAYS
 HEATING
  YESTERDAY        0                         8     -8        0
  MONTH TO DATE   55                        88    -33        2
  SINCE DEC 1    604                       627    -23      203
  SINCE JUL 1    734                       780    -46      207

 COOLING
  YESTERDAY        2                         0      2        7
  MONTH TO DATE   21                         0     21       16
  SINCE DEC 1     21                         6     15       64
  SINCE JAN 1     21                         5     16       46
..................................................................


WIND (MPH)
  RESULTANT WIND SPEED   1   RESULTANT WIND DIRECTION  SW (220)
  HIGHEST WIND SPEED     8   HIGHEST WIND DIRECTION     W (260)
  HIGHEST GUST SPEED    10   HIGHEST GUST DIRECTION    SW (240)
  AVERAGE WIND SPEED     2.0


SKY COVER
  POSSIBLE SUNSHINE  MM
  AVERAGE SKY COVER 0.1


WEATHER CONDITIONS
 THE FOLLOWING WEATHER WAS RECORDED YESTERDAY.
  NO SIGNIFICANT WEATHER WAS OBSERVED.


RELATIVE HUMIDITY (PERCENT)
 HIGHEST    59           300 AM
 LOWEST     16           300 PM
 AVERAGE    38

..........................................................


THE JOHN WAYNE AIRPORT CA CLIMATE NORMALS FOR TODAY
                         NORMAL    RECORD    YEAR
 MAXIMUM TEMPERATURE (F)   66        90      2015
 MINIMUM TEMPERATURE (F)   48        38      1999


SUNRISE AND SUNSET
FEBRUARY 12 2016......SUNRISE   639 AM PST   SUNSET   533 PM PST
FEBRUARY 13 2016......SUNRISE   638 AM PST   SUNSET   534 PM PST


-  INDICATES NEGATIVE NUMBERS.
R  INDICATES RECORD WAS SET OR TIED.
MM INDICATES DATA IS MISSING.
T  INDICATES TRACE AMOUNT.




$$
