000
CDUS46 KSGX 270119
CLISNA


CLIMATE REPORT
NATIONAL WEATHER SERVICE SAN DIEGO, CA
519 PM PST WED NOV 26 2014


...................................

...THE JOHN WAYNE AIRPORT CA CLIMATE SUMMARY FOR NOVEMBER 26 2014...
VALID TODAY AS OF 0500 PM LOCAL TIME.

CLIMATE NORMAL PERIOD 1981 TO 2010
CLIMATE RECORD PERIOD 1999 TO 2014


WEATHER ITEM   OBSERVED TIME   RECORD YEAR NORMAL DEPARTURE LAST
                VALUE   (LST)  VALUE       VALUE  FROM      YEAR
                                                  NORMAL
..................................................................
TEMPERATURE (F)
 TODAY
  MAXIMUM         84R  1248 PM  82    2009  69     15       75
  MINIMUM         52    555 AM  43    2010  49      3       49
  AVERAGE         68                        59      9       62

PRECIPITATION (IN)
  TODAY            0.00          1.10 2008   0.03  -0.03     0.00
  MONTH TO DATE    0.19                      1.12  -0.93     0.27
  SINCE JUL 1      0.22                      2.16  -1.94     0.59
  SINCE JAN 1      2.81                     11.12  -8.31     2.56

SNOWFALL (IN)
  TODAY            0.0
  MONTH TO DATE    0.0
  SINCE JAN 1      0.0
  SINCE JUL 1      0.0
  SNOW DEPTH       0

DEGREE DAYS
 HEATING
  TODAY            0                         6     -6        3
  MONTH TO DATE    3                        99    -96       51
  SINCE SEP 1      3                       126   -123       69
  SINCE JUL 1      3                       126   -123       69

 COOLING
  TODAY            3                         0      3        0
  MONTH TO DATE   87                        22     65       26
  SINCE SEP 1    786                       305    481      453
  SINCE JAN 1   2030                       876   1154     1157
..................................................................


WIND (MPH)
  RESULTANT WIND SPEED   1   RESULTANT WIND DIRECTION  SW (220)
  HIGHEST WIND SPEED    12   HIGHEST WIND DIRECTION    SW (210)
  HIGHEST GUST SPEED    14   HIGHEST GUST DIRECTION    SW (210)
  AVERAGE WIND SPEED     1.4


SKY COVER
  POSSIBLE SUNSHINE  MM
  AVERAGE SKY COVER 0.0


WEATHER CONDITIONS
 THE FOLLOWING WEATHER WAS RECORDED TODAY.
  NO SIGNIFICANT WEATHER WAS OBSERVED.


RELATIVE HUMIDITY (PERCENT)
 HIGHEST    48           600 AM
 LOWEST     13           100 PM
 AVERAGE    31

..........................................................


THE JOHN WAYNE AIRPORT CA CLIMATE NORMALS FOR TOMORROW
                         NORMAL    RECORD    YEAR
 MAXIMUM TEMPERATURE (F)   68        83      2011
 MINIMUM TEMPERATURE (F)   49        44      2003


SUNRISE AND SUNSET
NOVEMBER 26 2014......SUNRISE   634 AM PST   SUNSET   444 PM PST
NOVEMBER 27 2014......SUNRISE   634 AM PST   SUNSET   444 PM PST


-  INDICATES NEGATIVE NUMBERS.
R  INDICATES RECORD WAS SET OR TIED.
MM INDICATES DATA IS MISSING.
T  INDICATES TRACE AMOUNT.




$$
