000
CDAK48 PASN 062325
CLISNP

CLIMATE REPORT
NATIONAL WEATHER SERVICE ST PAUL, AK
225 PM AKST FRI MAR 6 2015

...................................
...THE ST PAUL AIRPORT CLIMATE SUMMARY FOR MARCH 6 2015...
VALID TODAY AS OF 2:00 PM LOCAL TIME

CLIMATE NORMAL PERIOD  1981 TO  2010
CLIMATE RECORD PERIOD  1892 TO  2015

WEATHER ITEM   OBSERVED TIME    RECORD YEAR NORMAL DEPARTURE LAST
               VALUE    (LST)   VALUE       VALUE  FROM      YEAR
                                                   NORMAL
...................................................................
TEMPERATURE
TODAY
 MAXIMUM            41R 0159 PM    41  1980     29      12     20
 MINIMUM            35  1229 AM    -5  2010     20      15     17
 AVERAGE            38                          25      13     19

PRECIPITATION
(INCHES)
 TODAY            0.08           0.28  1893   0.04    0.04      T
 MONTH TO DATE    0.34                        0.22    0.12      T
 SINCE MAR 1      0.34                        0.22    0.12   0.00
 SINCE JAN 1      2.66                        3.10   -0.44   4.33

SNOWFALL
(INCHES)
 TODAY               T            2.4  1990    0.3    -0.3    0.3
 MONTH TO DATE     0.3                         1.6    -1.3    0.3
 SINCE MAR 1       0.3                         1.6    -1.3    0.3
 SINCE JUL 1      30.0                        46.6   -16.6   34.6
 SNOW DEPTH (IN)     0                                          5

DEGREE DAYS
 HEATING
  TODAY             27                          40     -13     46
  MONTH TO DATE    174                         240     -66    229
  SINCE MAR 1      174                         240     -66    229
  SINCE JUL 1     6131                        7159   -1028   6675

 COOLING
  TODAY              0                           0       0      0
  MONTH TO DATE      0                           0       0      0
  SINCE MAR 1        0                           0       0      0
  SINCE JAN 1        0                           0       0      0
...................................................................

WIND (MPH)
 HIGHEST WIND SPEED    36     HIGHEST WIND DIRECTION    180
 HIGHEST GUST SPEED    42     HIGHEST GUST DIRECTION    180
 AVERAGE WIND SPEED    MM

SKY COVER
  POSSIBLE SUNSHINE  MM            AVERAGE SKY COVER MM

WEATHER CONDITIONS
 THE FOLLOWING WEATHER WAS RECORDED TODAY.
FOG
RAIN


RELATIVE HUMIDITY
 HIGHEST RH     MM PERCENT       MM
 LOWEST  RH     MM PERCENT       MM
 AVERAGE RH     MM PERCENT       MM
...................................................................

THE ST PAUL CLIMATE NORMALS FOR TOMORROW
                        NORMAL    RECORD   YEAR
 MAXIMUM TEMPERATURE      29        40     1982
 MINIMUM TEMPERATURE      20       -10     1971

SUNRISE AND SUNSET
 MAR 6 2015..........SUNRISE  9:01 AM      SUNSET  8:05 PM
 MAR 7 2015..........SUNRISE  8:59 AM      SUNSET  8:07 PM

-  INDICATES NEGATIVE NUMBERS.
R  INDICATES RECORD HAS BEEN SET OR TIED.
MM INDICATES DATA IS MISSING.
T  INDICATES TRACE OF PRECIPITATION.

&&
-------------------------------------------------------------------

AMOUNT OF DAYLIGHT TODAY  (HOUR:MIN)........11 HOURS 4 MINUTES
GAIN/LOSS SINCE YESTERDAY (HOUR:MIN:SEC)....+0:04:52

$$
HCH MAR 15
