000
CDAK48 PASN 261304
CLISNP


CLIMATE REPORT
NATIONAL WEATHER SERVICE ANCHORAGE, AK
504 AM AKDT SUN MAR 26 2017


...................................

...THE SAINT PAUL ISLAND CLIMATE SUMMARY FOR MARCH 25 2017...

CLIMATE NORMAL PERIOD 1981 TO 2010
CLIMATE RECORD PERIOD 1892 TO 2017


WEATHER ITEM   OBSERVED TIME   RECORD YEAR NORMAL DEPARTURE LAST
                VALUE   (LST)  VALUE       VALUE  FROM      YEAR
                                                  NORMAL
..................................................................
TEMPERATURE (F)
 YESTERDAY
  MAXIMUM         32    340 PM  42    1979  30      2       33
  MINIMUM         24    819 AM -13    1994  21      3       26
  AVERAGE         28                        25      3       30

PRECIPITATION (IN)
  YESTERDAY        0.00          0.80 1962   0.04  -0.04     0.02
  MONTH TO DATE    0.10                      0.86  -0.76     1.00
  SINCE MAR 1      0.10                      0.86  -0.76     1.00
  SINCE JAN 1      3.19                      3.74  -0.55     3.76

SNOWFALL (IN)
  YESTERDAY        0.0          MM      MM   0.3   -0.3     MM
  MONTH TO DATE    0.4                       6.5   -6.1      0.0
  SINCE MAR 1      0.4                       6.5   -6.1      0.0
  SINCE JUL 1     48.6                      51.5   -2.9     23.7
  SNOW DEPTH       0

DEGREE DAYS
 HEATING
  YESTERDAY       37                        40     -3       35
  MONTH TO DATE  945                      1000    -55      726
  SINCE MAR 1    945                      1000    -55      726
  SINCE JUL 1   6820                      7917  -1097     5911

 COOLING
  YESTERDAY        0                         0      0        0
  MONTH TO DATE    0                         0      0        0
  SINCE MAR 1      0                         0      0        0
  SINCE JAN 1      0                         0      0        0
..................................................................


WIND (MPH)
  RESULTANT WIND SPEED  23   RESULTANT WIND DIRECTION   E (80)
  HIGHEST WIND SPEED    29   HIGHEST WIND DIRECTION     E (90)
  HIGHEST GUST SPEED    34   HIGHEST GUST DIRECTION     E (100)
  AVERAGE WIND SPEED    22.3



WEATHER CONDITIONS
 THE FOLLOWING WEATHER WAS RECORDED YESTERDAY.
  LIGHT SNOW


..........................................................


THE SAINT PAUL ISLAND CLIMATE NORMALS FOR TODAY
                         NORMAL    RECORD    YEAR
 MAXIMUM TEMPERATURE (F)   30        41      1979
 MINIMUM TEMPERATURE (F)   21        -2      2008
                                             1976


SUNRISE AND SUNSET
MARCH 26 2017.........SUNRISE   905 AM AKDT  SUNSET   949 PM AKDT
MARCH 27 2017.........SUNRISE   902 AM AKDT  SUNSET   951 PM AKDT


-  INDICATES NEGATIVE NUMBERS.
R  INDICATES RECORD WAS SET OR TIED.
MM INDICATES DATA IS MISSING.
T  INDICATES TRACE AMOUNT.




$$
