000
CDAK48 PAFC 260110
CLISNP

CLIMATE REPORT
NATIONAL WEATHER SERVICE ANCHORAGE, AK
407 PM AKST SAT FEB 25 2017


...................................

...THE SAINT PAUL ISLAND CLIMATE SUMMARY FOR FEBRUARY 25 2017...
VALID TODAY AS OF 0400 PM LOCAL TIME.

CLIMATE NORMAL PERIOD 1981 TO 2010
CLIMATE RECORD PERIOD 1892 TO 2017


WEATHER ITEM   OBSERVED TIME   RECORD YEAR NORMAL DEPARTURE LAST
                VALUE   (LST)  VALUE       VALUE  FROM      YEAR
                                                  NORMAL
..................................................................
TEMPERATURE (F)
 TODAY
  MAXIMUM         37        MM  39    1951  29      8       36
  MINIMUM         36        MM -12    2013  20     16       27
                                      1954
  AVERAGE         37                        25     12       32

PRECIPITATION (IN)
  TODAY            0.11          0.29 2012   0.04   0.07     0.01
  MONTH TO DATE    1.29                      1.18   0.11     0.96
  SINCE DEC 1      6.00                      5.01   0.99     7.31
  SINCE JAN 1      2.80                      2.76   0.04     2.58

SNOWFALL (IN)
  TODAY            T            MM      MM   0.3   -0.3     MM
  MONTH TO DATE    9.9                       9.1    0.8      0.0
  SINCE DEC 1     41.4                      33.8    7.6     11.7
  SINCE JUL 1     48.0                      44.1    3.9     23.7
  SNOW DEPTH       0

DEGREE DAYS
 HEATING
  TODAY           28                        40    -12       33
  MONTH TO DATE 1019                      1020     -1      679
  SINCE DEC 1   3194                      3378   -184     2553
  SINCE JUL 1   5763                      6799  -1036     5101

 COOLING
  TODAY            0                         0      0        0
  MONTH TO DATE    0                         0      0        0
  SINCE DEC 1      0                         0      0        0
  SINCE JAN 1      0                         0      0        0
..................................................................


WIND (MPH)
  RESULTANT WIND SPEED  29   RESULTANT WIND DIRECTION   S (200)
  HIGHEST WIND SPEED    36   HIGHEST WIND DIRECTION     S (190)
  HIGHEST GUST SPEED    46   HIGHEST GUST DIRECTION     S (190)
  AVERAGE WIND SPEED    29.0



WEATHER CONDITIONS
 THE FOLLOWING WEATHER WAS RECORDED TODAY.
  LIGHT RAIN
  LIGHT SNOW
  FOG


..........................................................


THE SAINT PAUL ISLAND CLIMATE NORMALS FOR TOMORROW
                         NORMAL    RECORD    YEAR
 MAXIMUM TEMPERATURE (F)   29        38      2015
                                             2004
                                             2003
 MINIMUM TEMPERATURE (F)   20       -10      1954


SUNRISE AND SUNSET
FEBRUARY 25 2017......SUNRISE   923 AM AKST  SUNSET   746 PM AKST
FEBRUARY 26 2017......SUNRISE   920 AM AKST  SUNSET   748 PM AKST

CIVIL TWILIGHT
FEBRUARY 25 2017        START    845 AM GMT     END    825 PM GMT
FEBRUARY 26 2017        START    842 AM GMT     END    827 PM GMT



-  INDICATES NEGATIVE NUMBERS.
R  INDICATES RECORD WAS SET OR TIED.
MM INDICATES DATA IS MISSING.
T  INDICATES TRACE AMOUNT.




$$
&&
------------------------------------------------------
AMOUNT OF DAYLIGHT TODAY  (HOUR:MIN)........10:23
GAIN/LOSS SINCE YESTERDAY (HOUR:MIN:SEC)....+0:04:50
