364
CDAK48 PASN 112313
CLISNP

CLIMATE REPORT
NATIONAL WEATHER SERVICE ST PAUL, AK
213 PM AKST THU FEB 11 2016

...................................
...THE ST PAUL AIRPORT CLIMATE SUMMARY FOR FEBRUARY 11 2016...
VALID TODAY AS OF 2:00 PM LOCAL TIME

CLIMATE NORMAL PERIOD  1981 TO  2010
CLIMATE RECORD PERIOD  1892 TO  2016

WEATHER ITEM   OBSERVED TIME    RECORD YEAR NORMAL DEPARTURE LAST
               VALUE    (LST)   VALUE       VALUE  FROM      YEAR
                                                   NORMAL
...................................................................
TEMPERATURE
TODAY
 MAXIMUM            36  0159 PM    39  1988     28       8     22
 MINIMUM            33  0216 AM    -2  2002     20      13     18
 AVERAGE            35                          24      11     20

PRECIPITATION
(INCHES)
 TODAY               T           0.32  1976   0.05   -0.05      T
 MONTH TO DATE    0.28                        0.55   -0.27      T
 SINCE DEC 1      6.52                        4.38    2.14   4.16
 SINCE JAN 1      1.89                        2.13   -0.24   1.20

SNOWFALL
(INCHES)
 TODAY             0.0            6.2  2002    0.3    -0.3      T
 MONTH TO DATE     2.6                         4.1    -1.5    0.6
 SINCE DEC 1      26.7                        28.8    -2.1   19.1
 SINCE JUL 1      38.7                        39.1    -0.4   19.8
 SNOW DEPTH (IN)     T                                          3

DEGREE DAYS
 HEATING
  TODAY             30                          41     -11     45
  MONTH TO DATE    341                         451    -110    445
  SINCE DEC 1     2414                        2810    -396   2481
  SINCE JUL 1     5444                        6230    -786   5386

 COOLING
  TODAY              0                           0       0      0
  MONTH TO DATE      0                           0       0      0
  SINCE DEC 1        0                           0       0      0
  SINCE JAN 1        0                           0       0      0
...................................................................

WIND (MPH)
 HIGHEST WIND SPEED    21     HIGHEST WIND DIRECTION     50
 HIGHEST GUST SPEED    25     HIGHEST GUST DIRECTION     40
 AVERAGE WIND SPEED    MM

SKY COVER
  POSSIBLE SUNSHINE  MM            AVERAGE SKY COVER MM

WEATHER CONDITIONS
 THE FOLLOWING WEATHER WAS RECORDED TODAY.
  FOG
  DRIZZLE


RELATIVE HUMIDITY
 HIGHEST RH     MM PERCENT       MM
 LOWEST  RH     MM PERCENT       MM
 AVERAGE RH     MM PERCENT       MM
...................................................................

THE ST PAUL CLIMATE NORMALS FOR TOMORROW
                        NORMAL    RECORD   YEAR
 MAXIMUM TEMPERATURE      28        40     1989
 MINIMUM TEMPERATURE      20       -10     1984

SUNRISE AND SUNSET
 FEB 11 2016..........SUNRISE 10:00 AM      SUNSET  7:12 PM
 FEB 12 2016..........SUNRISE  9:57 AM      SUNSET  7:15 PM

-  INDICATES NEGATIVE NUMBERS.
R  INDICATES RECORD HAS BEEN SET OR TIED.
MM INDICATES DATA IS MISSING.
T  INDICATES TRACE OF PRECIPITATION.

&&
-------------------------------------------------------------------

AMOUNT OF DAYLIGHT TODAY  (HOUR:MIN)........9 HOURS 12 MINUTES
GAIN/LOSS SINCE YESTERDAY (HOUR:MIN:SEC)....+0:04:36

$$
SAH FEB 16
