000
CDAK48 PAFC 250047
CLISNP


CLIMATE REPORT
NATIONAL WEATHER SERVICE ANCHORAGE, AK
447 PM AKDT SUN SEP 24 2017


...................................

...THE SAINT PAUL ISLAND CLIMATE SUMMARY FOR SEPTEMBER 24 2017...
VALID TODAY AS OF 0400 PM LOCAL TIME.

CLIMATE NORMAL PERIOD 1981 TO 2010
CLIMATE RECORD PERIOD 1892 TO 2017


WEATHER ITEM   OBSERVED TIME   RECORD YEAR NORMAL DEPARTURE LAST
                VALUE   (LST)  VALUE       VALUE  FROM      YEAR
                                                  NORMAL
..................................................................
TEMPERATURE (F)
 TODAY
  MAXIMUM         47    158 PM  53    2014  48     -1       51
  MINIMUM         39    215 AM  22    1992  39      0       38
  AVERAGE         43                        44     -1       45

PRECIPITATION (IN)
  TODAY            0.04          0.63 2013   0.09  -0.05      T
  MONTH TO DATE    1.60                      2.40  -0.80     3.40
  SINCE SEP 1      1.60                      2.40  -0.80     3.40
  SINCE JAN 1     14.27                     14.83  -0.56    14.14

SNOWFALL (IN)
  TODAY            0.0          MM      MM   0.0    0.0      0.0
  MONTH TO DATE    0.0                       0.0    0.0      0.0
  SINCE SEP 1      0.0                       0.0    0.0      0.0
  SINCE JUL 1      0.0                       0.0    0.0      0.0
  SNOW DEPTH       0

DEGREE DAYS
 HEATING
  TODAY           22                        22      0       20
  MONTH TO DATE  448                       456     -8      327
  SINCE SEP 1    448                       456     -8      327
  SINCE JUL 1   1439                      1509    -70      940

 COOLING
  TODAY            0                         0      0        0
  MONTH TO DATE    0                         0      0        0
  SINCE SEP 1      0                         0      0        0
  SINCE JAN 1      0                         0      0        0
..................................................................


WIND (MPH)
  RESULTANT WIND SPEED  17   RESULTANT WIND DIRECTION  NW (320)
  HIGHEST WIND SPEED    28   HIGHEST WIND DIRECTION    NW (330)
  HIGHEST GUST SPEED    33   HIGHEST GUST DIRECTION    NW (330)
  AVERAGE WIND SPEED    16.8



WEATHER CONDITIONS
 THE FOLLOWING WEATHER WAS RECORDED TODAY.
  LIGHT RAIN
  FOG


..........................................................


THE SAINT PAUL ISLAND CLIMATE NORMALS FOR TOMORROW
                         NORMAL    RECORD    YEAR
 MAXIMUM TEMPERATURE (F)   48        52      1981
                                             1979
 MINIMUM TEMPERATURE (F)   39        22      1992


SUNRISE AND SUNSET
SEPTEMBER 24 2017.....SUNRISE   911 AM AKDT  SUNSET   913 PM AKDT
SEPTEMBER 25 2017.....SUNRISE   913 AM AKDT  SUNSET   910 PM AKDT


-  INDICATES NEGATIVE NUMBERS.
R  INDICATES RECORD WAS SET OR TIED.
MM INDICATES DATA IS MISSING.
T  INDICATES TRACE AMOUNT.




$$
