000
CDAK48 PASN 201200
CLISNP

CLIMATE REPORT
NATIONAL WEATHER SERVICE ST PAUL, AK
300 AM AKST SAT DEC 20 2014

...................................
...THE ST PAUL AIRPORT CLIMATE SUMMARY FOR DECEMBER 19 2014...

CLIMATE NORMAL PERIOD  1981 TO  2010
CLIMATE RECORD PERIOD  1892 TO  2014

WEATHER ITEM   OBSERVED TIME    RECORD YEAR NORMAL DEPARTURE LAST
               VALUE    (LST)   VALUE       VALUE  FROM      YEAR
                                                   NORMAL
...................................................................
TEMPERATURE
YESTERDAY
 MAXIMUM            38  0923 PM    44  1970     33       5     37
 MINIMUM            35  0232 AM     7  1999     24      11     32
 AVERAGE            37                          29       8     35

PRECIPITATION
(INCHES)
 YESTERDAY        0.08           0.42  1986   0.07    0.01   0.17
 MONTH TO DATE    1.82                        1.44    0.38   2.67
 SINCE DEC 1      1.82                        1.44    0.38   2.67
 SINCE JAN 1     22.60                       22.86   -0.26  26.96

SNOWFALL
(INCHES)
 YESTERDAY           T            2.8  2003    0.4    -0.4      T
 MONTH TO DATE     2.3                         7.3    -5.0    2.5
 SINCE DEC 1       2.3                         7.3    -5.0    2.5
 SINCE JUL 1       3.0                        17.6   -14.6    5.2
 SNOW DEPTH (IN)     0                                          0

DEGREE DAYS
 HEATING
  YESTERDAY         28                          36      -8     30
  MONTH TO DATE    595                         672     -77    587
  SINCE DEC 1      595                         672     -77    587
  SINCE JUL 1     3500                        4092    -592   3869

 COOLING
  YESTERDAY          0                           0       0      0
  MONTH TO DATE      0                           0       0      0
  SINCE DEC 1        0                           0       0      0
  SINCE JAN 1        0                           0       0      0
...................................................................

WIND (MPH)
 HIGHEST WIND SPEED    31     HIGHEST WIND DIRECTION     80
 HIGHEST GUST SPEED    37     HIGHEST GUST DIRECTION     80
 AVERAGE WIND SPEED  19.6

SKY COVER
  POSSIBLE SUNSHINE    MM          AVERAGE SKY COVER     MM

WEATHER CONDITIONS
 THE FOLLOWING WEATHER WAS RECORDED YESTERDAY.
FOG
RAIN
SNOW


RELATIVE HUMIDITY
 HIGHEST RH     MM PERCENT       MM
 LOWEST  RH     MM PERCENT       MM
 AVERAGE RH     MM PERCENT       MM
...................................................................

THE ST PAUL CLIMATE NORMALS FOR TODAY
                           NORMAL    RECORD   YEAR
 MAXIMUM TEMPERATURE (F)     33        41     1983
 MINIMUM TEMPERATURE (F)     24        -2     1999

SUNRISE AND SUNSET
 DEC 20 2014..........SUNRISE 10:59 AM      SUNSET  5:39 PM
 DEC 21 2014..........SUNRISE 10:59 AM      SUNSET  5:40 PM

-  INDICATES NEGATIVE NUMBERS.
R  INDICATES RECORD HAS BEEN SET OR TIED.
MM INDICATES DATA IS MISSING.
T  INDICATES TRACE OF PRECIPITATION.

&&
-------------------------------------------------------------------

AMOUNT OF DAYLIGHT TODAY  (HOUR:MIN)........6 HOURS 40 MINUTES
GAIN/LOSS SINCE YESTERDAY (HOUR:MIN:SEC)....-0:00:13

$$
WIW DEC 14
