000
CDAK48 PASN 012325
CLISNP

CLIMATE REPORT
NATIONAL WEATHER SERVICE ST PAUL, AK
325 PM AKDT MON SEP 1 2014

...................................
...THE ST PAUL AIRPORT CLIMATE SUMMARY FOR SEPTEMBER 1 2014...
VALID TODAY AS OF 2:00 PM LOCAL TIME

CLIMATE NORMAL PERIOD  1981 TO  2010
CLIMATE RECORD PERIOD  1892 TO  2014

WEATHER ITEM   OBSERVED TIME    RECORD YEAR NORMAL DEPARTURE LAST
               VALUE    (LST)   VALUE       VALUE  FROM      YEAR
                                                   NORMAL
...................................................................
TEMPERATURE
TODAY
 MAXIMUM            56R 0125 PM    56  1989     52       4     49
 MINIMUM            52  0716 AM    32  1963     45       7     46
 AVERAGE            54                          48       6     48

PRECIPITATION
(INCHES)
 TODAY               T           0.85  1984   0.11   -0.11   0.45
 MONTH TO DATE       T                        0.11   -0.11   0.45
 SINCE SEP 1      0.00                        0.11   -0.11   0.45
 SINCE JAN 1     13.23                       12.54    0.69  14.48

SNOWFALL
(INCHES)
 TODAY             0.0            0.0  2014    0.0     0.0    0.0
 MONTH TO DATE     0.0                         0.0     0.0    0.0
 SINCE SEP 1       0.0                         0.0     0.0    0.0
 SINCE JUL 1       0.0                         0.0     0.0    0.0
 SNOW DEPTH (IN)     0                                          0

DEGREE DAYS
 HEATING
  TODAY             11                          17      -6     17
  MONTH TO DATE     11                          17      -6     17
  SINCE SEP 1       11                          17      -6     17
  SINCE JUL 1      828                        1069    -241   1060

 COOLING
  TODAY              0                           0       0      0
  MONTH TO DATE      0                           0       0      0
  SINCE SEP 1        0                           0       0      0
  SINCE JAN 1        0                           0       0      0
...................................................................

WIND (MPH)
 HIGHEST WIND SPEED    29     HIGHEST WIND DIRECTION    250
 HIGHEST GUST SPEED    35     HIGHEST GUST DIRECTION    240
 AVERAGE WIND SPEED    MM

SKY COVER
  POSSIBLE SUNSHINE  MM            AVERAGE SKY COVER MM

WEATHER CONDITIONS
 THE FOLLOWING WEATHER WAS RECORDED TODAY.
FOG
RAIN


RELATIVE HUMIDITY
 HIGHEST RH     MM PERCENT       MM
 LOWEST  RH     MM PERCENT       MM
 AVERAGE RH     MM PERCENT       MM
...................................................................

THE ST PAUL CLIMATE NORMALS FOR TOMORROW
                        NORMAL    RECORD   YEAR
 MAXIMUM TEMPERATURE      52        59     1977
 MINIMUM TEMPERATURE      45        30     1963

SUNRISE AND SUNSET
 SEP 1 2014..........SUNRISE  8:24 AM      SUNSET 10:17 PM
 SEP 2 2014..........SUNRISE  8:26 AM      SUNSET 10:15 PM

-  INDICATES NEGATIVE NUMBERS.
R  INDICATES RECORD HAS BEEN SET OR TIED.
MM INDICATES DATA IS MISSING.
T  INDICATES TRACE OF PRECIPITATION.

&&
-------------------------------------------------------------------

AMOUNT OF DAYLIGHT TODAY  (HOUR:MIN)........13 HOURS 53 MINUTES
GAIN/LOSS SINCE YESTERDAY (HOUR:MIN:SEC)....-0:04:45

$$
HLC SEP 14
