287
CDAK48 PAFC 231311 RRB
CLISNP

CLIMATE REPORT
NATIONAL WEATHER SERVICE ANCHORAGE, AK
509 AM AKDT SUN APR 23 2017


...................................

...THE SAINT PAUL ISLAND CLIMATE SUMMARY FOR APRIL 22 2017...

CLIMATE NORMAL PERIOD 1981 TO 2010
CLIMATE RECORD PERIOD 1892 TO 2017


WEATHER ITEM   OBSERVED TIME   RECORD YEAR NORMAL DEPARTURE LAST
                VALUE   (LST)  VALUE       VALUE  FROM      YEAR
                                                  NORMAL
..................................................................
TEMPERATURE (F)
 YESTERDAY
  MAXIMUM         38    135 PM  46    1996  35      3       43
  MINIMUM         33   1023 PM  -4    1976  27      6       38
  AVERAGE         36                        31      5       41

PRECIPITATION (IN)
  YESTERDAY        0.08          0.52 1979   0.03   0.05     0.07
  MONTH TO DATE    0.94                      0.79   0.15     1.07
  SINCE MAR 1      1.04                      1.86  -0.82     2.09
  SINCE JAN 1      4.13                      4.74  -0.61     4.85

SNOWFALL (IN)
  YESTERDAY        0.0          MM      MM   0.2   -0.2     MM
  MONTH TO DATE    0.2                       4.7   -4.5      0.0
  SINCE MAR 1      0.6                      12.7  -12.1      0.0
  SINCE JUL 1     48.8                      57.7   -8.9     23.7
  SNOW DEPTH       0

DEGREE DAYS
 HEATING
  YESTERDAY       29                        34     -5       24
  MONTH TO DATE  750                       807    -57      548
  SINCE MAR 1   1959                      2052    -93     1500
  SINCE JUL 1   7834                      8969  -1135     6685

 COOLING
  YESTERDAY        0                         0      0        0
  MONTH TO DATE    0                         0      0        0
  SINCE MAR 1      0                         0      0        0
  SINCE JAN 1      0                         0      0        0
..................................................................


WIND (MPH)
  RESULTANT WIND SPEED  19   RESULTANT WIND DIRECTION  NE (60)
  HIGHEST WIND SPEED    25   HIGHEST WIND DIRECTION    NE (50)
  HIGHEST GUST SPEED    33   HIGHEST GUST DIRECTION    NE (50)
  AVERAGE WIND SPEED    19.4



WEATHER CONDITIONS
 THE FOLLOWING WEATHER WAS RECORDED YESTERDAY.
  LIGHT SNOW
  FOG


..........................................................


THE SAINT PAUL ISLAND CLIMATE NORMALS FOR TODAY
                         NORMAL    RECORD    YEAR
 MAXIMUM TEMPERATURE (F)   35        45      1978
 MINIMUM TEMPERATURE (F)   27        -8      1976


SUNRISE AND SUNSET
APRIL 23 2017.........SUNRISE   750 AM AKDT  SUNSET  1049 PM AKDT
APRIL 24 2017.........SUNRISE   748 AM AKDT  SUNSET  1051 PM AKDT

CIVIL TWILIGHT
APRIL 23 2017           START    707 AM GMT     END   1134 PM GMT
APRIL 24 2017           START    704 AM GMT     END   1137 PM GMT



-  INDICATES NEGATIVE NUMBERS.
R  INDICATES RECORD WAS SET OR TIED.
MM INDICATES DATA IS MISSING.
T  INDICATES TRACE AMOUNT.




$$
&&
------------------------------------------------------
AMOUNT OF DAYLIGHT TODAY  (HOUR:MIN)........14:59
GAIN/LOSS SINCE YESTERDAY (HOUR:MIN:SEC)....+0:04:40
