000
CDAK48 PASN 192323
CLISNP

CLIMATE REPORT
NATIONAL WEATHER SERVICE ST PAUL, AK
323 PM AKDT FRI SEP 19 2014

...................................
...THE ST PAUL AIRPORT CLIMATE SUMMARY FOR SEPTEMBER 19 2014...
VALID TODAY AS OF 2:00 PM LOCAL TIME

CLIMATE NORMAL PERIOD  1981 TO  2010
CLIMATE RECORD PERIOD  1892 TO  2014

WEATHER ITEM   OBSERVED TIME    RECORD YEAR NORMAL DEPARTURE LAST
               VALUE    (LST)   VALUE       VALUE  FROM      YEAR
                                                   NORMAL
...................................................................
TEMPERATURE
TODAY
 MAXIMUM            53  0253 PM    54  2004     49       4     51
 MINIMUM            45  0507 AM    26  1984     40       5     46
 AVERAGE            49                          45       4     49

PRECIPITATION
(INCHES)
 TODAY            0.03           0.80  1993   0.10   -0.07   0.00
 MONTH TO DATE    2.95                        1.92    1.03   0.80
 SINCE SEP 1      2.95                        1.92    1.03   0.80
 SINCE JAN 1     16.18                       14.35    1.83  14.83

SNOWFALL
(INCHES)
 TODAY             0.0              T  1958    0.0     0.0    0.0
 MONTH TO DATE     0.0                         0.0     0.0    0.0
 SINCE SEP 1       0.0                         0.0     0.0    0.0
 SINCE JUL 1       0.0                         0.0     0.0    0.0
 SNOW DEPTH (IN)     0                                          0

DEGREE DAYS
 HEATING
  TODAY             16                          20      -4     16
  MONTH TO DATE    261                         350     -89    358
  SINCE SEP 1      261                         350     -89    358
  SINCE JUL 1     1078                        1402    -324   1401

 COOLING
  TODAY              0                           0       0      0
  MONTH TO DATE      0                           0       0      0
  SINCE SEP 1        0                           0       0      0
  SINCE JAN 1        0                           0       0      0
...................................................................

WIND (MPH)
 HIGHEST WIND SPEED    24     HIGHEST WIND DIRECTION    350
 HIGHEST GUST SPEED    29     HIGHEST GUST DIRECTION    350
 AVERAGE WIND SPEED    MM

SKY COVER
  POSSIBLE SUNSHINE  MM            AVERAGE SKY COVER MM

WEATHER CONDITIONS
 THE FOLLOWING WEATHER WAS RECORDED TODAY.
 FOG
 RAIN


RELATIVE HUMIDITY
 HIGHEST RH     MM PERCENT       MM
 LOWEST  RH     MM PERCENT       MM
 AVERAGE RH     MM PERCENT       MM
...................................................................

THE ST PAUL CLIMATE NORMALS FOR TOMORROW
                        NORMAL    RECORD   YEAR
 MAXIMUM TEMPERATURE      49        56     1979
 MINIMUM TEMPERATURE      40        28     2012

SUNRISE AND SUNSET
 SEP 19 2014..........SUNRISE  9:01 AM      SUNSET  9:28 PM
 SEP 20 2014..........SUNRISE  9:03 AM      SUNSET  9:25 PM

-  INDICATES NEGATIVE NUMBERS.
R  INDICATES RECORD HAS BEEN SET OR TIED.
MM INDICATES DATA IS MISSING.
T  INDICATES TRACE OF PRECIPITATION.

&&
-------------------------------------------------------------------

AMOUNT OF DAYLIGHT TODAY  (HOUR:MIN)........12 HOURS 27 MINUTES
GAIN/LOSS SINCE YESTERDAY (HOUR:MIN:SEC)....-0:04:49

$$
HCH SEP 14
