000
CDUS46 KMTR 280045
CLISNS


CLIMATE REPORT
NATIONAL WEATHER SERVICE SAN FRANCISCO BAY AREA
545 PM PDT THU APR 27 2017


...................................

...THE SALINAS AIRPORT CLIMATE SUMMARY FOR APRIL 27 2017...
VALID TODAY AS OF 0500 PM LOCAL TIME.

CLIMATE NORMAL PERIOD 1981 TO 2010
CLIMATE RECORD PERIOD 1930 TO 2017


WEATHER ITEM   OBSERVED TIME   RECORD YEAR NORMAL DEPARTURE LAST
                VALUE   (LST)  VALUE       VALUE  FROM      YEAR
                                                  NORMAL
..................................................................
TEMPERATURE (F)
 TODAY
  MAXIMUM         68    155 PM  94    2004  68      0       65
  MINIMUM         54    603 AM  34    1955  48      6       48
  AVERAGE         61                        58      3       57

PRECIPITATION (IN)
  TODAY            0.00          0.83 1953   0.02  -0.02     0.05
  MONTH TO DATE    0.84                      0.87  -0.03     0.50
  SINCE OCT 1     16.36                     12.13   4.23    13.34
  SINCE JAN 1     12.36                      8.22   4.14     8.44

DEGREE DAYS
 HEATING
  TODAY            4                         7     -3        8
  MONTH TO DATE  175                       233    -58      148
  SINCE MAR 1    414                       553   -139      384
  SINCE JUL 1   2176                      2367   -191     1775

 COOLING
  TODAY            0                         0      0        0
  MONTH TO DATE    3                         0      3       18
  SINCE MAR 1      4                         1      3       18
  SINCE JAN 1      4                         1      3       21
..................................................................


WIND (MPH)
  RESULTANT WIND SPEED  11   RESULTANT WIND DIRECTION   W (250)
  HIGHEST WIND SPEED    22   HIGHEST WIND DIRECTION    SW (240)
  HIGHEST GUST SPEED    27   HIGHEST GUST DIRECTION    SW (230)
  AVERAGE WIND SPEED    11.4


SKY COVER
  POSSIBLE SUNSHINE  MM
  AVERAGE SKY COVER 0.5


WEATHER CONDITIONS
 THE FOLLOWING WEATHER WAS RECORDED TODAY.
  NO SIGNIFICANT WEATHER WAS OBSERVED.


RELATIVE HUMIDITY (PERCENT)
 HIGHEST    93           400 AM
 LOWEST     48           200 PM
 AVERAGE    71

..........................................................


THE SALINAS AIRPORT CLIMATE NORMALS FOR TOMORROW
                         NORMAL    RECORD    YEAR
 MAXIMUM TEMPERATURE (F)   68        93      1957
 MINIMUM TEMPERATURE (F)   48        34      1970


SUNRISE AND SUNSET
APRIL 27 2017.........SUNRISE   617 AM PDT   SUNSET   752 PM PDT
APRIL 28 2017.........SUNRISE   616 AM PDT   SUNSET   753 PM PDT


-  INDICATES NEGATIVE NUMBERS.
R  INDICATES RECORD WAS SET OR TIED.
MM INDICATES DATA IS MISSING.
T  INDICATES TRACE AMOUNT.




$$
