000
CDUS46 KMTR 240826
CLISNS


CLIMATE REPORT
NATIONAL WEATHER SERVICE SAN FRANCISCO BAY AREA
126 AM PDT THU JUL 24 2014


...................................

...THE SALINAS AIRPORT CLIMATE SUMMARY FOR JULY 23 2014...

CLIMATE NORMAL PERIOD 1981 TO 2010
CLIMATE RECORD PERIOD 1930 TO 2014


WEATHER ITEM   OBSERVED TIME   RECORD YEAR NORMAL DEPARTURE LAST
                VALUE   (LST)  VALUE       VALUE  FROM      YEAR
                                                  NORMAL
..................................................................
TEMPERATURE (F)
 YESTERDAY
  MAXIMUM         78   1242 PM  92    2005  71      7       77
  MINIMUM         58    557 AM  47    1982  55      3       56
  AVERAGE         68                        63      5       67

PRECIPITATION (IN)
  YESTERDAY        0.00          0.06 1948   0.00   0.00      T
  MONTH TO DATE    0.01                      0.00   0.01      T
  SINCE JUL 1      0.01                      0.00   0.01      T
  SINCE JAN 1      4.98                      8.72  -3.74     2.33

DEGREE DAYS
 HEATING
  YESTERDAY        0                         2     -2        0
  MONTH TO DATE   38                        66    -28       53
  SINCE JUN 1    152                       179    -27      151
  SINCE JUL 1     38                        66    -28       53

 COOLING
  YESTERDAY        3                         1      2        2
  MONTH TO DATE   18                        23     -5       13
  SINCE JUN 1     18                        35    -17       37
  SINCE JAN 1     68                        51     17       47
..................................................................


WIND (MPH)
  RESULTANT WIND SPEED   6   RESULTANT WIND DIRECTION   W (280)
  HIGHEST WIND SPEED    20   HIGHEST WIND DIRECTION     W (260)
  HIGHEST GUST SPEED    24   HIGHEST GUST DIRECTION     W (250)
  AVERAGE WIND SPEED     6.9


SKY COVER
  POSSIBLE SUNSHINE  MM
  AVERAGE SKY COVER 0.0


WEATHER CONDITIONS
 THE FOLLOWING WEATHER WAS RECORDED YESTERDAY.
  NO SIGNIFICANT WEATHER WAS OBSERVED.


RELATIVE HUMIDITY (PERCENT)
 HIGHEST    84           200 AM
 LOWEST     47          1100 AM
 AVERAGE    66

..........................................................


THE SALINAS AIRPORT CLIMATE NORMALS FOR TODAY
                         NORMAL    RECORD    YEAR
 MAXIMUM TEMPERATURE (F)   71        85      2006
 MINIMUM TEMPERATURE (F)   55        46      1936


SUNRISE AND SUNSET
JULY 24 2014..........SUNRISE   506 AM PST   SUNSET   719 PM PST
JULY 25 2014..........SUNRISE   507 AM PST   SUNSET   719 PM PST


-  INDICATES NEGATIVE NUMBERS.
R  INDICATES RECORD WAS SET OR TIED.
MM INDICATES DATA IS MISSING.
T  INDICATES TRACE AMOUNT.




$$
