004
CDUS46 KMTR 210834
CLISNS


CLIMATE REPORT
NATIONAL WEATHER SERVICE SAN FRANCISCO BAY AREA
1233 AM PST WED FEB 21 2018


...................................

...THE SALINAS AIRPORT CLIMATE SUMMARY FOR FEBRUARY 20 2018...

CLIMATE NORMAL PERIOD 1981 TO 2010
CLIMATE RECORD PERIOD 1930 TO 2018


WEATHER ITEM   OBSERVED TIME   RECORD YEAR NORMAL DEPARTURE LAST
                VALUE   (LST)  VALUE       VALUE  FROM      YEAR
                                                  NORMAL
..................................................................
TEMPERATURE (F)
 YESTERDAY
  MAXIMUM         54    228 PM  85    1995  63     -9       68
  MINIMUM         29    654 AM  28    1953  44    -15       52
  AVERAGE         42                        53    -11       60

PRECIPITATION (IN)
  YESTERDAY        0.00          1.72 2017   0.10  -0.10     1.72
  MONTH TO DATE    T                         1.79  -1.79     4.30
  SINCE OCT 1      2.51                      8.30  -5.79    14.16
  SINCE JAN 1      1.73                      4.39  -2.66    10.16

DEGREE DAYS
 HEATING
  YESTERDAY       23                        12     11        5
  MONTH TO DATE  167                       246    -79      167
  SINCE DEC 1    797                      1106   -309     1058
  SINCE JUL 1   1233                      1724   -491     1628

 COOLING
  YESTERDAY        0                         0      0        0
  MONTH TO DATE    0                         0      0        0
  SINCE DEC 1      0                         0      0        0
  SINCE JAN 1      0                         0      0        0
..................................................................


WIND (MPH)
  RESULTANT WIND SPEED   3   RESULTANT WIND DIRECTION  SW (230)
  HIGHEST WIND SPEED    20   HIGHEST WIND DIRECTION    SW (240)
  HIGHEST GUST SPEED    24   HIGHEST GUST DIRECTION    SW (240)
  AVERAGE WIND SPEED     6.0


SKY COVER
  POSSIBLE SUNSHINE  MM
  AVERAGE SKY COVER 0.1


WEATHER CONDITIONS
 THE FOLLOWING WEATHER WAS RECORDED YESTERDAY.
  NO SIGNIFICANT WEATHER WAS OBSERVED.


RELATIVE HUMIDITY (PERCENT)
 HIGHEST    92           500 AM
 LOWEST     32           100 PM
 AVERAGE    62

..........................................................


THE SALINAS AIRPORT CLIMATE NORMALS FOR TODAY
                         NORMAL    RECORD    YEAR
 MAXIMUM TEMPERATURE (F)   63        80      1995
 MINIMUM TEMPERATURE (F)   44        30      1953


SUNRISE AND SUNSET
FEBRUARY 21 2018......SUNRISE   647 AM PST   SUNSET   553 PM PST
FEBRUARY 22 2018......SUNRISE   646 AM PST   SUNSET   554 PM PST


-  INDICATES NEGATIVE NUMBERS.
R  INDICATES RECORD WAS SET OR TIED.
MM INDICATES DATA IS MISSING.
T  INDICATES TRACE AMOUNT.




$$
