000
CDUS46 KMTR 240026
CLISNS


CLIMATE REPORT
NATIONAL WEATHER SERVICE SAN FRANCISCO BAY AREA
526 PM PDT WED AUG 23 2017


...................................

...THE SALINAS AIRPORT CLIMATE SUMMARY FOR AUGUST 23 2017...
VALID TODAY AS OF 0500 PM LOCAL TIME.

CLIMATE NORMAL PERIOD 1981 TO 2010
CLIMATE RECORD PERIOD 1930 TO 2017


WEATHER ITEM   OBSERVED TIME   RECORD YEAR NORMAL DEPARTURE LAST
                VALUE   (LST)  VALUE       VALUE  FROM      YEAR
                                                  NORMAL
..................................................................
TEMPERATURE (F)
 TODAY
  MAXIMUM         67    239 PM  91    2010  73     -6       71
  MINIMUM         58    709 AM  45    1931  56      2       59
  AVERAGE         63                        64     -1       65

PRECIPITATION (IN)
  TODAY            0.00          0.03 2009   0.01  -0.01     0.00
  MONTH TO DATE    T                         0.03  -0.03      T
  SINCE OCT 1     16.45                     12.66   3.79    13.47
  SINCE JAN 1     12.45                      8.75   3.70     8.57

DEGREE DAYS
 HEATING
  TODAY            2                         2      0        0
  MONTH TO DATE   13                        46    -33       51
  SINCE JUN 1    155                       237    -82      219
  SINCE JUL 1     85                       124    -39      143

 COOLING
  TODAY            0                         1     -1        0
  MONTH TO DATE   29                        20      9        0
  SINCE JUN 1     48                        50     -2        8
  SINCE JAN 1     66                        66      0       31
..................................................................


WIND (MPH)
  RESULTANT WIND SPEED   6   RESULTANT WIND DIRECTION   W (280)
  HIGHEST WIND SPEED    18   HIGHEST WIND DIRECTION     W (290)
  HIGHEST GUST SPEED    23   HIGHEST GUST DIRECTION    NW (300)
  AVERAGE WIND SPEED     6.5


SKY COVER
  POSSIBLE SUNSHINE  MM
  AVERAGE SKY COVER 1.0


WEATHER CONDITIONS
 THE FOLLOWING WEATHER WAS RECORDED TODAY.
  NO SIGNIFICANT WEATHER WAS OBSERVED.


RELATIVE HUMIDITY (PERCENT)
 HIGHEST   100           600 AM
 LOWEST     73           300 PM
 AVERAGE    87

..........................................................


THE SALINAS AIRPORT CLIMATE NORMALS FOR TOMORROW
                         NORMAL    RECORD    YEAR
 MAXIMUM TEMPERATURE (F)   73       101      2010
 MINIMUM TEMPERATURE (F)   56        46      1937


SUNRISE AND SUNSET
AUGUST 23 2017........SUNRISE   631 AM PDT   SUNSET   747 PM PDT
AUGUST 24 2017........SUNRISE   631 AM PDT   SUNSET   745 PM PDT


-  INDICATES NEGATIVE NUMBERS.
R  INDICATES RECORD WAS SET OR TIED.
MM INDICATES DATA IS MISSING.
T  INDICATES TRACE AMOUNT.




$$
