000
CDUS46 KMTR 030836
CLISNS


CLIMATE REPORT
NATIONAL WEATHER SERVICE SAN FRANCISCO BAY AREA
1236 AM PST TUE MAR 3 2015


...................................

...THE SALINAS AIRPORT CLIMATE SUMMARY FOR MARCH 2 2015...

CLIMATE NORMAL PERIOD 1981 TO 2010
CLIMATE RECORD PERIOD 1930 TO 2015


WEATHER ITEM   OBSERVED TIME   RECORD YEAR NORMAL DEPARTURE LAST
                VALUE   (LST)  VALUE       VALUE  FROM      YEAR
                                                  NORMAL
..................................................................
TEMPERATURE (F)
 YESTERDAY
  MAXIMUM         59    442 PM  83    1994  64     -5       62
  MINIMUM         44    606 AM  27    1953  44      0       52
  AVERAGE         52                        54     -2       57

PRECIPITATION (IN)
  YESTERDAY        0.04          0.93 1976   0.08  -0.04     0.00
  MONTH TO DATE    0.04                      0.17  -0.13     0.36
  SINCE OCT 1      8.67                      9.17  -0.50     4.39
  SINCE JAN 1      0.68                      5.26  -4.58     3.56

DEGREE DAYS
 HEATING
  YESTERDAY       13                        11      2        8
  MONTH TO DATE   22                        22      0       11
  SINCE MAR 1     22                        22      0       11
  SINCE JUL 1    871                      1836   -965     1443

 COOLING
  YESTERDAY        0                         0      0        0
  MONTH TO DATE    0                         0      0        0
  SINCE MAR 1      0                         0      0        0
  SINCE JAN 1      8                         0      8        2
..................................................................


WIND (MPH)
  RESULTANT WIND SPEED   2   RESULTANT WIND DIRECTION  SE (140)
  HIGHEST WIND SPEED    17   HIGHEST WIND DIRECTION     E (110)
  HIGHEST GUST SPEED    20   HIGHEST GUST DIRECTION    SE (120)
  AVERAGE WIND SPEED     6.4


SKY COVER
  POSSIBLE SUNSHINE  MM
  AVERAGE SKY COVER 0.4


WEATHER CONDITIONS
 THE FOLLOWING WEATHER WAS RECORDED YESTERDAY.
  LIGHT RAIN


RELATIVE HUMIDITY (PERCENT)
 HIGHEST    83           400 AM
 LOWEST     57           300 PM
 AVERAGE    70

..........................................................


THE SALINAS AIRPORT CLIMATE NORMALS FOR TODAY
                         NORMAL    RECORD    YEAR
 MAXIMUM TEMPERATURE (F)   64        80      1931
 MINIMUM TEMPERATURE (F)   44        27      1946


SUNRISE AND SUNSET
MARCH  3 2015.........SUNRISE   635 AM PST   SUNSET   603 PM PST
MARCH  4 2015.........SUNRISE   633 AM PST   SUNSET   604 PM PST


-  INDICATES NEGATIVE NUMBERS.
R  INDICATES RECORD WAS SET OR TIED.
MM INDICATES DATA IS MISSING.
T  INDICATES TRACE AMOUNT.




$$
