000
CDUS45 KPIH 260732
CLISNT


CLIMATE REPORT
NATIONAL WEATHER SERVICE POCATELLO ID
131 AM MDT TUE SEP 26 2017


...................................

...THE STANLEY ID CLIMATE SUMMARY FOR SEPTEMBER 25 2017...

CLIMATE NORMAL PERIOD 1981 TO 2010
CLIMATE RECORD PERIOD 1916 TO 2017


WEATHER ITEM   OBSERVED TIME   RECORD YEAR NORMAL DEPARTURE LAST
                VALUE   (LST)  VALUE       VALUE  FROM      YEAR
                                                  NORMAL
..................................................................
TEMPERATURE (F)
 YESTERDAY
  MAXIMUM         54    341 PM  85    1922  64    -10       72
  MINIMUM         21    632 AM   1    1926  27     -6       26
  AVERAGE         38                        45     -7       49

PRECIPITATION (IN)
  YESTERDAY        0.00          0.36 1981   0.02  -0.02     0.00
  MONTH TO DATE    2.24                      0.80   1.44     1.40
  SINCE OCT 1     31.22                     16.94  14.28    18.55
  SINCE JAN 1     19.89                     12.09   7.80    10.98

SNOWFALL (IN)
  YESTERDAY       MM
  MONTH TO DATE   MM
  SINCE SEP 1     MM
  SINCE JUL 1     MM
  SNOW DEPTH      MM

DEGREE DAYS
 HEATING
  YESTERDAY       27                        20      7       16
  MONTH TO DATE  330                       418    -88      406
  SINCE SEP 1    330                       418    -88      406
  SINCE JUL 1    545                       938   -393      884

 COOLING
  YESTERDAY        0                         0      0        0
  MONTH TO DATE    0                         0      0        0
  SINCE SEP 1      0                         0      0        0
  SINCE JAN 1     25                         3     22        4
..................................................................


WIND (MPH)
  HIGHEST WIND SPEED    12   HIGHEST WIND DIRECTION     N (10)
  HIGHEST GUST SPEED    15   HIGHEST GUST DIRECTION     N (10)
  AVERAGE WIND SPEED     2.4


SKY COVER
  POSSIBLE SUNSHINE  MM
  AVERAGE SKY COVER 0.0


WEATHER CONDITIONS
 THE FOLLOWING WEATHER WAS RECORDED YESTERDAY.
  NO SIGNIFICANT WEATHER WAS OBSERVED.


RELATIVE HUMIDITY (PERCENT)
 HIGHEST    92           100 AM
 LOWEST     35           300 PM
 AVERAGE    64

..........................................................


THE STANLEY ID CLIMATE NORMALS FOR TODAY
                         NORMAL    RECORD    YEAR
 MAXIMUM TEMPERATURE (F)   63        82      1994
 MINIMUM TEMPERATURE (F)   27         2      1926


SUNRISE AND SUNSET
SEPTEMBER 26 2017.....SUNRISE   732 AM MDT   SUNSET   729 PM MDT
SEPTEMBER 27 2017.....SUNRISE   733 AM MDT   SUNSET   727 PM MDT


-  INDICATES NEGATIVE NUMBERS.
R  INDICATES RECORD WAS SET OR TIED.
MM INDICATES DATA IS MISSING.
T  INDICATES TRACE AMOUNT.




$$
