387
CDUS45 KPIH 200732
CLISNT


CLIMATE REPORT
NATIONAL WEATHER SERVICE POCATELLO ID
131 AM MDT THU JUL 20 2017


...................................

...THE STANLEY ID CLIMATE SUMMARY FOR JULY 19 2017...

CLIMATE NORMAL PERIOD 1981 TO 2010
CLIMATE RECORD PERIOD 1916 TO 2017


WEATHER ITEM   OBSERVED TIME   RECORD YEAR NORMAL DEPARTURE LAST
                VALUE   (LST)  VALUE       VALUE  FROM      YEAR
                                                  NORMAL
..................................................................
TEMPERATURE (F)
 YESTERDAY
  MAXIMUM         85    344 PM  90    2003  79      6       82
  MINIMUM         36    556 AM  24    1928  38     -2       34
  AVERAGE         61                        58      3       58

PRECIPITATION (IN)
  YESTERDAY        0.00          0.85 1973   0.02  -0.02     0.00
  MONTH TO DATE    0.19                      0.44  -0.25     0.10
  SINCE OCT 1     28.32                     15.21  13.11    17.13
  SINCE JAN 1     16.99                     10.36   6.63     9.56

SNOWFALL (IN)
  YESTERDAY       MM
  MONTH TO DATE   MM
  SINCE JUN 1     MM
  SINCE JUL 1     MM
  SNOW DEPTH      MM

DEGREE DAYS
 HEATING
  YESTERDAY        4                         7     -3        7
  MONTH TO DATE   40                       166   -126      186
  SINCE JUN 1    384                       620   -236      490
  SINCE JUL 1     40                       166   -126      186

 COOLING
  YESTERDAY        0                         0      0        0
  MONTH TO DATE   15                         0     15        0
  SINCE JUN 1     17                         0     17        3
  SINCE JAN 1     17                         0     17        3
..................................................................


WIND (MPH)
  HIGHEST WIND SPEED    15   HIGHEST WIND DIRECTION     S (170)
  HIGHEST GUST SPEED    21   HIGHEST GUST DIRECTION     S (180)
  AVERAGE WIND SPEED     4.5


SKY COVER
  POSSIBLE SUNSHINE  MM
  AVERAGE SKY COVER 0.0


WEATHER CONDITIONS
 THE FOLLOWING WEATHER WAS RECORDED YESTERDAY.
  NO SIGNIFICANT WEATHER WAS OBSERVED.


RELATIVE HUMIDITY (PERCENT)
 HIGHEST    76           500 AM
 LOWEST      7           700 PM
 AVERAGE    42

..........................................................


THE STANLEY ID CLIMATE NORMALS FOR TODAY
                         NORMAL    RECORD    YEAR
 MAXIMUM TEMPERATURE (F)   80        92      1989
 MINIMUM TEMPERATURE (F)   38        26      1926


SUNRISE AND SUNSET
JULY 20 2017..........SUNRISE   615 AM MDT   SUNSET   916 PM MDT
JULY 21 2017..........SUNRISE   616 AM MDT   SUNSET   915 PM MDT


-  INDICATES NEGATIVE NUMBERS.
R  INDICATES RECORD WAS SET OR TIED.
MM INDICATES DATA IS MISSING.
T  INDICATES TRACE AMOUNT.




$$
