000
CDUS45 KPIH 052341
CLISNT


CLIMATE REPORT
NATIONAL WEATHER SERVICE POCATELLO ID
535 PM MDT SUN JUL 5 2015


...................................

...THE STANLEY ID CLIMATE SUMMARY FOR JULY 5 2015...
VALID TODAY AS OF 0500 PM LOCAL TIME.

CLIMATE NORMAL PERIOD 1981 TO 2010
CLIMATE RECORD PERIOD 1916 TO 2015


WEATHER ITEM   OBSERVED TIME   RECORD YEAR NORMAL DEPARTURE LAST
                VALUE   (LST)  VALUE       VALUE  FROM      YEAR
                                                  NORMAL
..................................................................
TEMPERATURE (F)
 TODAY
  MAXIMUM         73    132 PM  92    2007  75     -2       83
  MINIMUM         49    456 AM  20    1968  36     13       41
  AVERAGE         61                        55      6       62

PRECIPITATION (IN)
  TODAY            0.00          0.29 1986   0.03  -0.03     0.00
  MONTH TO DATE    0.00                      0.15  -0.15     0.00
  SINCE OCT 1     15.52                     14.92   0.60    16.87
  SINCE JAN 1      8.81                     10.07  -1.26    13.26

SNOWFALL (IN)
  TODAY           MM
  MONTH TO DATE   MM
  SINCE JUN 1     MM
  SINCE JUL 1     MM
  SNOW DEPTH      MM

DEGREE DAYS
 HEATING
  TODAY            4                        10     -6        3
  MONTH TO DATE    5                        53    -48       22
  SINCE JUN 1    239                       507   -268      492
  SINCE JUL 1      5                        53    -48       22

 COOLING
  TODAY            0                         0      0        0
  MONTH TO DATE    1                         0      1        0
  SINCE JUN 1     18                         0     18        0
  SINCE JAN 1     18                         0     18        0
..................................................................


WIND (MPH)
  HIGHEST WIND SPEED     9   HIGHEST WIND DIRECTION    NW (320)
  HIGHEST GUST SPEED    15   HIGHEST GUST DIRECTION    NW (320)
  AVERAGE WIND SPEED     2.2


SKY COVER
  POSSIBLE SUNSHINE  MM
  AVERAGE SKY COVER 0.0


WEATHER CONDITIONS
 THE FOLLOWING WEATHER WAS RECORDED TODAY.
  NO SIGNIFICANT WEATHER WAS OBSERVED.


RELATIVE HUMIDITY (PERCENT)
 HIGHEST    61           600 AM
 LOWEST     31          1100 AM
 AVERAGE    46

..........................................................


THE STANLEY ID CLIMATE NORMALS FOR TOMORROW
                         NORMAL    RECORD    YEAR
 MAXIMUM TEMPERATURE (F)   75        92      2007
 MINIMUM TEMPERATURE (F)   36        23      1918


SUNRISE AND SUNSET
JULY  5 2015..........SUNRISE   602 AM MDT   SUNSET   926 PM MDT
JULY  6 2015..........SUNRISE   603 AM MDT   SUNSET   926 PM MDT


-  INDICATES NEGATIVE NUMBERS.
R  INDICATES RECORD WAS SET OR TIED.
MM INDICATES DATA IS MISSING.
T  INDICATES TRACE AMOUNT.




$$
