000
CDUS45 KPIH 310730
CLISNT


CLIMATE REPORT
NATIONAL WEATHER SERVICE POCATELLO ID
130 AM MDT FRI OCT 31 2014


...................................

...THE STANLEY ID CLIMATE SUMMARY FOR OCTOBER 30 2014...

CLIMATE NORMAL PERIOD 1981 TO 2010
CLIMATE RECORD PERIOD 1916 TO 2014


WEATHER ITEM   OBSERVED TIME   RECORD YEAR NORMAL DEPARTURE LAST
                VALUE   (LST)  VALUE       VALUE  FROM      YEAR
                                                  NORMAL
..................................................................
TEMPERATURE (F)
 YESTERDAY
  MAXIMUM         63R   252 PM  61    1983  46     17       40
  MINIMUM         30    753 AM -10    1991  19     11       20
  AVERAGE         47                        33     14       30

PRECIPITATION (IN)
  YESTERDAY        0.00          0.70 1977   0.07  -0.07     0.00
  MONTH TO DATE    1.31                      1.39  -0.08     0.37
  SINCE OCT 1      1.31                      1.39  -0.08     0.37
  SINCE JAN 1     17.22                     13.60   3.62    10.87

SNOWFALL (IN)
  YESTERDAY       MM
  MONTH TO DATE   MM
  SINCE SEP 1     MM
  SINCE JUL 1     MM
  SNOW DEPTH      MM

DEGREE DAYS
 HEATING
  YESTERDAY       18                        32    -14       35
  MONTH TO DATE  654                       789   -135      843
  SINCE SEP 1   1066                      1310   -244     1267
  SINCE JUL 1   1405                      1830   -425     1594

 COOLING
  YESTERDAY        0                         0      0        0
  MONTH TO DATE    0                         0      0        0
  SINCE SEP 1      0                         0      0        0
  SINCE JAN 1     16                         3     13       19
..................................................................


WIND (MPH)
  HIGHEST WIND SPEED    13   HIGHEST WIND DIRECTION     S (170)
  HIGHEST GUST SPEED    21   HIGHEST GUST DIRECTION     S (180)
  AVERAGE WIND SPEED     4.2


SKY COVER
  POSSIBLE SUNSHINE  MM
  AVERAGE SKY COVER 0.0


WEATHER CONDITIONS
 THE FOLLOWING WEATHER WAS RECORDED YESTERDAY.
  NO SIGNIFICANT WEATHER WAS OBSERVED.


RELATIVE HUMIDITY (PERCENT)
 HIGHEST    85           300 AM
 LOWEST     23           300 PM
 AVERAGE    54

..........................................................


THE STANLEY ID CLIMATE NORMALS FOR TODAY
                         NORMAL    RECORD    YEAR
 MAXIMUM TEMPERATURE (F)   45        64      2012
 MINIMUM TEMPERATURE (F)   19        -6      2002


SUNRISE AND SUNSET
OCTOBER 31 2014.......SUNRISE   815 AM MDT   SUNSET   631 PM MDT
NOVEMBER  1 2014......SUNRISE   817 AM MDT   SUNSET   629 PM MDT


-  INDICATES NEGATIVE NUMBERS.
R  INDICATES RECORD WAS SET OR TIED.
MM INDICATES DATA IS MISSING.
T  INDICATES TRACE AMOUNT.




$$
