000
CDUS45 KPIH 292324
CLISNT


CLIMATE REPORT
NATIONAL WEATHER SERVICE POCATELLO ID
522 PM MDT MON AUG 29 2016


...................................

...THE STANLEY ID CLIMATE SUMMARY FOR AUGUST 29 2016...
VALID TODAY AS OF 0500 PM LOCAL TIME.

CLIMATE NORMAL PERIOD 1981 TO 2010
CLIMATE RECORD PERIOD 1916 TO 2016


WEATHER ITEM   OBSERVED TIME   RECORD YEAR NORMAL DEPARTURE LAST
                VALUE   (LST)  VALUE       VALUE  FROM      YEAR
                                                  NORMAL
..................................................................
TEMPERATURE (F)
 TODAY
  MAXIMUM         83    359 PM  88    1998  74      9       80
  MINIMUM         32    614 AM  18    1928  32      0       52
  AVERAGE         58                        53      5       66

PRECIPITATION (IN)
  TODAY            0.00          0.45 1916   0.03  -0.03     0.00
  MONTH TO DATE    0.02                      0.62  -0.60     0.42
  SINCE OCT 1     17.15                     16.08   1.07    17.08
  SINCE JAN 1      9.58                     11.23  -1.65    10.37

SNOWFALL (IN)
  TODAY           MM
  MONTH TO DATE   MM
  SINCE JUN 1     MM
  SINCE JUL 1     MM
  SNOW DEPTH      MM

DEGREE DAYS
 HEATING
  TODAY            7                        12     -5        0
  MONTH TO DATE  238                       253    -15      173
  SINCE JUN 1    778                       948   -170      623
  SINCE JUL 1    474                       494    -20      389

 COOLING
  TODAY            0                         0      0        1
  MONTH TO DATE    0                         0      0        7
  SINCE JUN 1      3                         3      0       25
  SINCE JAN 1      3                         3      0       25
..................................................................


WIND (MPH)
  HIGHEST WIND SPEED    16   HIGHEST WIND DIRECTION     S (160)
  HIGHEST GUST SPEED    25   HIGHEST GUST DIRECTION     S (170)
  AVERAGE WIND SPEED     2.2


SKY COVER
  POSSIBLE SUNSHINE  MM
  AVERAGE SKY COVER 0.0


WEATHER CONDITIONS
 THE FOLLOWING WEATHER WAS RECORDED TODAY.
  NO SIGNIFICANT WEATHER WAS OBSERVED.


RELATIVE HUMIDITY (PERCENT)
 HIGHEST    82           500 AM
 LOWEST      9           300 PM
 AVERAGE    46

..........................................................


THE STANLEY ID CLIMATE NORMALS FOR TOMORROW
                         NORMAL    RECORD    YEAR
 MAXIMUM TEMPERATURE (F)   73        89      1970
 MINIMUM TEMPERATURE (F)   31        17      1969


SUNRISE AND SUNSET
AUGUST 29 2016........SUNRISE   700 AM MDT   SUNSET   820 PM MDT
AUGUST 30 2016........SUNRISE   701 AM MDT   SUNSET   818 PM MDT


-  INDICATES NEGATIVE NUMBERS.
R  INDICATES RECORD WAS SET OR TIED.
MM INDICATES DATA IS MISSING.
T  INDICATES TRACE AMOUNT.




$$
