000
CDUS45 KPIH 302330
CLISNT


CLIMATE REPORT
NATIONAL WEATHER SERVICE POCATELLO ID
528 PM MDT MON MAR 30 2015


...................................

...THE STANLEY ID CLIMATE SUMMARY FOR MARCH 30 2015...
VALID TODAY AS OF 0500 PM LOCAL TIME.

CLIMATE NORMAL PERIOD 1981 TO 2010
CLIMATE RECORD PERIOD 1916 TO 2015


WEATHER ITEM   OBSERVED TIME   RECORD YEAR NORMAL DEPARTURE LAST
                VALUE   (LST)  VALUE       VALUE  FROM      YEAR
                                                  NORMAL
..................................................................
TEMPERATURE (F)
 TODAY
  MAXIMUM         64R   258 PM  62    1994  44     20       37
  MINIMUM         22    637 AM -30    1924  16      6       12
  AVERAGE         43                        30     13       25

PRECIPITATION (IN)
  TODAY            0.00          0.97 2012   0.07  -0.07     0.10
  MONTH TO DATE    1.07                      1.74  -0.67     2.97
  SINCE OCT 1     11.05                      9.90   1.15    13.12
  SINCE JAN 1      4.34                      5.05  -0.71     9.51

SNOWFALL (IN)
  TODAY           MM
  MONTH TO DATE   MM
  SINCE MAR 1     MM
  SINCE JUL 1     MM
  SNOW DEPTH      MM

DEGREE DAYS
 HEATING
  TODAY           22                        35    -13       40
  MONTH TO DATE  915                      1148   -233     1103
  SINCE MAR 1    915                      1148   -233     1103
  SINCE JUL 1   7293                      8682  -1389     8271

 COOLING
  TODAY            0                         0      0        0
  MONTH TO DATE    0                         0      0        0
  SINCE MAR 1      0                         0      0        0
  SINCE JAN 1      0                         0      0        0
..................................................................


WIND (MPH)
  HIGHEST WIND SPEED    12   HIGHEST WIND DIRECTION     S (190)
  HIGHEST GUST SPEED    17   HIGHEST GUST DIRECTION     S (180)
  AVERAGE WIND SPEED     2.8


SKY COVER
  POSSIBLE SUNSHINE  MM
  AVERAGE SKY COVER 0.0


WEATHER CONDITIONS
 THE FOLLOWING WEATHER WAS RECORDED TODAY.
  NO SIGNIFICANT WEATHER WAS OBSERVED.


RELATIVE HUMIDITY (PERCENT)
 HIGHEST    81           400 AM
 LOWEST     20           100 PM
 AVERAGE    51

..........................................................


THE STANLEY ID CLIMATE NORMALS FOR TOMORROW
                         NORMAL    RECORD    YEAR
 MAXIMUM TEMPERATURE (F)   44        61      1994
 MINIMUM TEMPERATURE (F)   16       -18      1924


SUNRISE AND SUNSET
MARCH 30 2015.........SUNRISE   725 AM MDT   SUNSET   804 PM MDT
MARCH 31 2015.........SUNRISE   723 AM MDT   SUNSET   805 PM MDT


-  INDICATES NEGATIVE NUMBERS.
R  INDICATES RECORD WAS SET OR TIED.
MM INDICATES DATA IS MISSING.
T  INDICATES TRACE AMOUNT.




$$
