000
CDUS45 KPIH 160732
CLISNT


CLIMATE REPORT
NATIONAL WEATHER SERVICE POCATELLO ID
1230 AM MST MON JAN 16 2017


...................................

...THE STANLEY ID CLIMATE SUMMARY FOR JANUARY 15 2017...

CLIMATE NORMAL PERIOD 1981 TO 2010
CLIMATE RECORD PERIOD 1916 TO 2017


WEATHER ITEM   OBSERVED TIME   RECORD YEAR NORMAL DEPARTURE LAST
                VALUE   (LST)  VALUE       VALUE  FROM      YEAR
                                                  NORMAL
..................................................................
TEMPERATURE (F)
 YESTERDAY
  MAXIMUM          4    300 PM  42    1995  27    -23       24
  MINIMUM        -27    820 AM -39    1917   2    -29       -1
  AVERAGE        -11                        14    -25       12

PRECIPITATION (IN)
  YESTERDAY        0.00          0.46 1998   0.04  -0.04     0.05
  MONTH TO DATE    0.05                      0.80  -0.75     0.74
  SINCE OCT 1     11.38                      5.65   5.73     8.31
  SINCE JAN 1      0.05                      0.80  -0.75     0.74

SNOWFALL (IN)
  YESTERDAY       MM
  MONTH TO DATE   MM
  SINCE DEC 1     MM
  SINCE JUL 1     MM
  SNOW DEPTH      MM

DEGREE DAYS
 HEATING
  YESTERDAY       76                        51     25       53
  MONTH TO DATE  940                       765    175      749
  SINCE DEC 1   2685                      2330    355     2252
  SINCE JUL 1   5302                      5427   -125     5024

 COOLING
  YESTERDAY        0                         0      0        0
  MONTH TO DATE    0                         0      0        0
  SINCE DEC 1      0                         0      0        0
  SINCE JAN 1      0                         0      0        0
..................................................................


WIND (MPH)
  HIGHEST WIND SPEED     6   HIGHEST WIND DIRECTION     E (80)
  HIGHEST GUST SPEED     7   HIGHEST GUST DIRECTION     E (80)
  AVERAGE WIND SPEED     0.1


SKY COVER
  POSSIBLE SUNSHINE  MM
  AVERAGE SKY COVER 0.0


WEATHER CONDITIONS
 THE FOLLOWING WEATHER WAS RECORDED YESTERDAY.
  NO SIGNIFICANT WEATHER WAS OBSERVED.


RELATIVE HUMIDITY (PERCENT)
 HIGHEST   100          1000 AM
 LOWEST     68           300 PM
 AVERAGE    84

..........................................................


THE STANLEY ID CLIMATE NORMALS FOR TODAY
                         NORMAL    RECORD    YEAR
 MAXIMUM TEMPERATURE (F)   27        42      1973
 MINIMUM TEMPERATURE (F)    2       -44      1917


SUNRISE AND SUNSET
JANUARY 16 2017.......SUNRISE   811 AM MST   SUNSET   529 PM MST
JANUARY 17 2017.......SUNRISE   810 AM MST   SUNSET   530 PM MST


-  INDICATES NEGATIVE NUMBERS.
R  INDICATES RECORD WAS SET OR TIED.
MM INDICATES DATA IS MISSING.
T  INDICATES TRACE AMOUNT.




$$
