000
CDUS45 KPIH 270736
CLISNT


CLIMATE REPORT
NATIONAL WEATHER SERVICE POCATELLO ID
134 AM MDT SAT MAY 27 2017


...................................

...THE STANLEY ID CLIMATE SUMMARY FOR MAY 26 2017...

CLIMATE NORMAL PERIOD 1981 TO 2010
CLIMATE RECORD PERIOD 1916 TO 2017


WEATHER ITEM   OBSERVED TIME   RECORD YEAR NORMAL DEPARTURE LAST
                VALUE   (LST)  VALUE       VALUE  FROM      YEAR
                                                  NORMAL
..................................................................
TEMPERATURE (F)
 YESTERDAY
  MAXIMUM         57    209 PM  80    1992  61     -4       63
  MINIMUM         32   1153 PM  20    1989  31      1       28
  AVERAGE         45                        46     -1       46

PRECIPITATION (IN)
  YESTERDAY        0.05          0.61 1987   0.05   0.00     0.00
  MONTH TO DATE    1.22                      1.45  -0.23     1.15
  SINCE OCT 1     26.74                     13.14  13.60    16.57
  SINCE JAN 1     15.41                      8.29   7.12     9.00

SNOWFALL (IN)
  YESTERDAY       MM
  MONTH TO DATE   MM
  SINCE MAR 1     MM
  SINCE JUL 1     MM
  SNOW DEPTH      MM

DEGREE DAYS
 HEATING
  YESTERDAY       20                        19      1       19
  MONTH TO DATE  530                       589    -59      518
  SINCE MAR 1   2482                      2715   -233     2334
  SINCE JUL 1   9739                     10249   -510     9284

 COOLING
  YESTERDAY        0                         0      0        0
  MONTH TO DATE    0                         0      0        0
  SINCE MAR 1      0                         0      0        0
  SINCE JAN 1      0                         0      0        0
..................................................................


WIND (MPH)
  HIGHEST WIND SPEED    15   HIGHEST WIND DIRECTION     N (350)
  HIGHEST GUST SPEED    21   HIGHEST GUST DIRECTION     N (20)
  AVERAGE WIND SPEED     5.1


SKY COVER
  POSSIBLE SUNSHINE  MM
  AVERAGE SKY COVER 0.0


WEATHER CONDITIONS
 THE FOLLOWING WEATHER WAS RECORDED YESTERDAY.
  NO SIGNIFICANT WEATHER WAS OBSERVED.


RELATIVE HUMIDITY (PERCENT)
 HIGHEST    92           100 AM
 LOWEST     38           300 PM
 AVERAGE    65

..........................................................


THE STANLEY ID CLIMATE NORMALS FOR TODAY
                         NORMAL    RECORD    YEAR
 MAXIMUM TEMPERATURE (F)   61        80      1986
 MINIMUM TEMPERATURE (F)   31        19      1991


SUNRISE AND SUNSET
MAY 27 2017...........SUNRISE   602 AM MDT   SUNSET   912 PM MDT
MAY 28 2017...........SUNRISE   601 AM MDT   SUNSET   913 PM MDT


-  INDICATES NEGATIVE NUMBERS.
R  INDICATES RECORD WAS SET OR TIED.
MM INDICATES DATA IS MISSING.
T  INDICATES TRACE AMOUNT.




$$
