000
CDUS45 KCYS 020736
CLISNY


CLIMATE REPORT
NATIONAL WEATHER SERVICE CHEYENNE WY
135 AM MDT TUE JUN 2 2015


...................................

...THE SIDNEY NE AIRPORT CLIMATE SUMMARY FOR JUNE 1 2015...

CLIMATE NORMAL PERIOD 1981 TO 2010
CLIMATE RECORD PERIOD 1948 TO 2015


WEATHER ITEM   OBSERVED TIME   RECORD YEAR NORMAL DEPARTURE LAST
                VALUE   (LST)  VALUE       VALUE  FROM      YEAR
                                                  NORMAL
..................................................................
TEMPERATURE (F)
 YESTERDAY
  MAXIMUM         83    339 PM  94    2002  76      7       76
  MINIMUM         48    432 AM  30    1951  49     -1       51
  AVERAGE         66                        62      4       64

PRECIPITATION (IN)
  YESTERDAY        0.92          1.84 2009   0.11   0.81     0.10
  MONTH TO DATE    0.92                      0.11   0.81     0.10
  SINCE JAN 1     15.36                      6.87   8.49     5.10

DEGREE DAYS
 HEATING
  YESTERDAY        0                         4     -4        1
  MONTH TO DATE    0                         4     -4        1
  SINCE JUN 1      0                         4     -4        1
  SINCE JUL 1   6299                      6166    133     6576

 COOLING
  YESTERDAY        1                         2     -1        0
  MONTH TO DATE    1                         2     -1        0
  SINCE JUN 1      1                         2     -1        0
  SINCE JAN 1      1                        24    -23       16
..................................................................


WIND (MPH)
  HIGHEST WIND SPEED    38   HIGHEST WIND DIRECTION     W (270)
  HIGHEST GUST SPEED    48   HIGHEST GUST DIRECTION     W (270)
  AVERAGE WIND SPEED     9.9


SKY COVER
  AVERAGE SKY COVER 0.0


WEATHER CONDITIONS
 THE FOLLOWING WEATHER WAS RECORDED YESTERDAY.
  THUNDERSTORM
  HEAVY RAIN
  RAIN
  LIGHT RAIN
  FOG


RELATIVE HUMIDITY (PERCENT)
 HIGHEST   100           200 AM
 LOWEST     43           200 PM
 AVERAGE    72

..........................................................


THE SIDNEY NE AIRPORT CLIMATE NORMALS FOR TODAY
                         NORMAL    RECORD    YEAR
 MAXIMUM TEMPERATURE (F)   77        93      2012
 MINIMUM TEMPERATURE (F)   49        28      1969


SUNRISE AND SUNSET
JUNE  2 2015..........SUNRISE   521 AM MDT   SUNSET   819 PM MDT
JUNE  3 2015..........SUNRISE   521 AM MDT   SUNSET   819 PM MDT


-  INDICATES NEGATIVE NUMBERS.
R  INDICATES RECORD WAS SET OR TIED.
MM INDICATES DATA IS MISSING.
T  INDICATES TRACE AMOUNT.




$$
