000
CDUS45 KCYS 170731
CLISNY


CLIMATE REPORT
NATIONAL WEATHER SERVICE CHEYENNE WY
130 AM MDT THU APR 17 2014


...................................

...THE SIDNEY NE AIRPORT CLIMATE SUMMARY FOR APRIL 16 2014...

CLIMATE NORMAL PERIOD 1981 TO 2010
CLIMATE RECORD PERIOD 1948 TO 2014


WEATHER ITEM   OBSERVED TIME   RECORD YEAR NORMAL DEPARTURE LAST
                VALUE   (LST)  VALUE       VALUE  FROM      YEAR
                                                  NORMAL
..................................................................
TEMPERATURE (F)
 YESTERDAY
  MAXIMUM         57    132 PM  85    1985  62     -5       31
  MINIMUM         30   1012 PM  11    1951  33     -3       25
  AVERAGE         44                        48     -4       28

PRECIPITATION (IN)
  YESTERDAY        0.00          0.40 1960   0.08  -0.08     0.11
  MONTH TO DATE    0.20                      0.95  -0.75     1.66
  SINCE JAN 1      1.71                      2.57  -0.86     2.61

DEGREE DAYS
 HEATING
  YESTERDAY       21                        18      3       37
  MONTH TO DATE  328                       321      7      433
  SINCE MAR 1   1141                      1124     17     1310
  SINCE JUL 1   6130                      5706    424     6040

 COOLING
  YESTERDAY        0                         0      0        0
  MONTH TO DATE    0                         0      0        0
  SINCE MAR 1      0                         0      0        0
  SINCE JAN 1      0                         0      0        0
..................................................................


WIND (MPH)
  HIGHEST WIND SPEED    39   HIGHEST WIND DIRECTION    NW (330)
  HIGHEST GUST SPEED    50   HIGHEST GUST DIRECTION     W (290)
  AVERAGE WIND SPEED    22.0


SKY COVER
  AVERAGE SKY COVER 0.5


WEATHER CONDITIONS
 THE FOLLOWING WEATHER WAS RECORDED YESTERDAY.
  FOG


RELATIVE HUMIDITY (PERCENT)
 HIGHEST    92          1100 PM
 LOWEST     29           100 PM
 AVERAGE    61

..........................................................


THE SIDNEY NE AIRPORT CLIMATE NORMALS FOR TODAY
                         NORMAL    RECORD    YEAR
 MAXIMUM TEMPERATURE (F)   62        84      1948
 MINIMUM TEMPERATURE (F)   33        11      1953


SUNRISE AND SUNSET
APRIL 17 2014.........SUNRISE   610 AM MDT   SUNSET   734 PM MDT
APRIL 18 2014.........SUNRISE   608 AM MDT   SUNSET   735 PM MDT


-  INDICATES NEGATIVE NUMBERS.
R  INDICATES RECORD WAS SET OR TIED.
MM INDICATES DATA IS MISSING.
T  INDICATES TRACE AMOUNT.




$$
