000
CDUS45 KCYS 300327
CLISNY


CLIMATE REPORT
NATIONAL WEATHER SERVICE CHEYENNE WY
926 PM MDT SUN MAY 29 2016


...................................

...THE SIDNEY NE AIRPORT CLIMATE SUMMARY FOR MAY 29 2016...
VALID TODAY AS OF 0900 PM LOCAL TIME.

CLIMATE NORMAL PERIOD 1981 TO 2010
CLIMATE RECORD PERIOD 1948 TO 2016


WEATHER ITEM   OBSERVED TIME   RECORD YEAR NORMAL DEPARTURE LAST
                VALUE   (LST)  VALUE       VALUE  FROM      YEAR
                                                  NORMAL
..................................................................
TEMPERATURE (F)
 TODAY
  MAXIMUM         81    214 PM  96    2003  75      6       63
                                      2000
  MINIMUM         40    347 AM  32    1954  48     -8       46
  AVERAGE         61                        61      0       55

PRECIPITATION (IN)
  TODAY            0.04          2.07 1975   0.11  -0.07     0.02
  MONTH TO DATE    1.98                      2.87  -0.89     7.99
  SINCE JAN 1      6.43                      6.54  -0.11    14.52

DEGREE DAYS
 HEATING
  TODAY            4                         5     -1       10
  MONTH TO DATE  329                       241     88      381
  SINCE MAR 1   1633                      1571     62     1557
  SINCE JUL 1   6199                      6153     46     6289

 COOLING
  TODAY            0                         1     -1        0
  MONTH TO DATE    3                        20    -17        0
  SINCE MAR 1      3                        21    -18        0
  SINCE JAN 1      3                        21    -18        0
..................................................................


WIND (MPH)
  HIGHEST WIND SPEED    31   HIGHEST WIND DIRECTION    NW (300)
  HIGHEST GUST SPEED    40   HIGHEST GUST DIRECTION     W (290)
  AVERAGE WIND SPEED     6.3


SKY COVER
  AVERAGE SKY COVER 0.0


WEATHER CONDITIONS
 THE FOLLOWING WEATHER WAS RECORDED TODAY.
  THUNDERSTORM
  RAIN
  LIGHT RAIN


RELATIVE HUMIDITY (PERCENT)
 HIGHEST   100           300 AM
 LOWEST     25           200 PM
 AVERAGE    63

..........................................................


THE SIDNEY NE AIRPORT CLIMATE NORMALS FOR TOMORROW
                         NORMAL    RECORD    YEAR
 MAXIMUM TEMPERATURE (F)   76        92      2002
 MINIMUM TEMPERATURE (F)   48        32      1972


SUNRISE AND SUNSET
MAY 29 2016...........SUNRISE   523 AM MDT   SUNSET   816 PM MDT
MAY 30 2016...........SUNRISE   522 AM MDT   SUNSET   817 PM MDT


-  INDICATES NEGATIVE NUMBERS.
R  INDICATES RECORD WAS SET OR TIED.
MM INDICATES DATA IS MISSING.
T  INDICATES TRACE AMOUNT.




$$
