000
CDUS45 KCYS 070906
CLISNY


CLIMATE REPORT
NATIONAL WEATHER SERVICE CHEYENNE WY
154 AM MST WED DEC 7 2016


...................................

...THE SIDNEY NE AIRPORT CLIMATE SUMMARY FOR DECEMBER 6 2016...

CLIMATE NORMAL PERIOD 1981 TO 2010
CLIMATE RECORD PERIOD 1948 TO 2016


WEATHER ITEM   OBSERVED TIME   RECORD YEAR NORMAL DEPARTURE LAST
                VALUE   (LST)  VALUE       VALUE  FROM      YEAR
                                                  NORMAL
..................................................................
TEMPERATURE (F)
 YESTERDAY
  MAXIMUM         30   1234 PM  66    1988  42    -12       54
  MINIMUM          0    623 AM -22    1972  17    -17       11
  AVERAGE         15                        30    -15       33

PRECIPITATION (IN)
  YESTERDAY        0.00          0.33 1951   0.02  -0.02     0.00
  MONTH TO DATE    0.00                      0.12  -0.12     0.00
  SINCE JAN 1     12.71                     18.12  -5.41    21.85

DEGREE DAYS
 HEATING
  YESTERDAY       50                        35     15       32
  MONTH TO DATE  220                       208     12      183
  SINCE DEC 1    220                       208     12      183
  SINCE JUL 1   1371                      1630   -259     1533

 COOLING
  YESTERDAY        0                         0      0        0
  MONTH TO DATE    0                         0      0        0
  SINCE DEC 1      0                         0      0        0
  SINCE JAN 1    770                       830    -60      669
..................................................................


WIND (MPH)
  HIGHEST WIND SPEED    15   HIGHEST WIND DIRECTION    NW (310)
  HIGHEST GUST SPEED    22   HIGHEST GUST DIRECTION    NW (320)
  AVERAGE WIND SPEED     8.7


SKY COVER
  AVERAGE SKY COVER 0.4


WEATHER CONDITIONS
 THE FOLLOWING WEATHER WAS RECORDED YESTERDAY.
  NO SIGNIFICANT WEATHER WAS OBSERVED.


RELATIVE HUMIDITY (PERCENT)
 HIGHEST    86           600 AM
 LOWEST     25           200 PM
 AVERAGE    56

..........................................................


THE SIDNEY NE AIRPORT CLIMATE NORMALS FOR TODAY
                         NORMAL    RECORD    YEAR
 MAXIMUM TEMPERATURE (F)   42        70      1984
                                             1981
 MINIMUM TEMPERATURE (F)   17       -16      2005


SUNRISE AND SUNSET
DECEMBER  7 2016......SUNRISE   704 AM MST   SUNSET   423 PM MST
DECEMBER  8 2016......SUNRISE   705 AM MST   SUNSET   423 PM MST


-  INDICATES NEGATIVE NUMBERS.
R  INDICATES RECORD WAS SET OR TIED.
MM INDICATES DATA IS MISSING.
T  INDICATES TRACE AMOUNT.




$$
