000
CDUS45 KCYS 302137
CLISNY


CLIMATE REPORT
NATIONAL WEATHER SERVICE CHEYENNE WY
337 PM MDT TUE JUN 30 2015


...................................

...THE SIDNEY NE AIRPORT CLIMATE SUMMARY FOR JUNE 30 2015...
VALID AS OF 0300 PM LOCAL TIME.

CLIMATE NORMAL PERIOD 1981 TO 2010
CLIMATE RECORD PERIOD 1948 TO 2015


WEATHER ITEM   OBSERVED TIME   RECORD YEAR NORMAL DEPARTURE LAST
                VALUE   (LST)  VALUE       VALUE  FROM      YEAR
                                                  NORMAL
..................................................................
TEMPERATURE (F)
 TODAY
  MAXIMUM         94    133 PM 103    2012  88      6       80
  MINIMUM         57    315 AM  41    1995  57      0       50
  AVERAGE         76                        73      3       65

PRECIPITATION (IN)
  TODAY            0.00          1.65 1984   0.09  -0.09     0.00
  MONTH TO DATE    1.84                      3.18  -1.34     3.42
  SINCE JAN 1     16.36                      9.94   6.42     8.42

DEGREE DAYS
 HEATING
  TODAY            0                         0      0        0
  MONTH TO DATE    3                        58    -55       55
  SINCE JUN 1      3                        59    -56       55
  SINCE JUL 1   6302                      6221     81     6630

 COOLING
  TODAY           11                         8      3        0
  MONTH TO DATE  109                       137    -28       68
  SINCE JUN 1    109                       137    -28       68
  SINCE JAN 1    109                       159    -50       84
..................................................................


WIND (MPH)
  HIGHEST WIND SPEED    13   HIGHEST WIND DIRECTION    SW (230)
  HIGHEST GUST SPEED    18   HIGHEST GUST DIRECTION     W (250)
  AVERAGE WIND SPEED     5.9


SKY COVER
  AVERAGE SKY COVER 0.0


WEATHER CONDITIONS
 THE FOLLOWING WEATHER WAS RECORDED TODAY.
  NO SIGNIFICANT WEATHER WAS OBSERVED.


RELATIVE HUMIDITY (PERCENT)
 HIGHEST    93           200 AM
 LOWEST     24          1100 AM
 AVERAGE    59

..........................................................


THE SIDNEY NE AIRPORT CLIMATE NORMALS FOR TOMORROW
                         NORMAL    RECORD    YEAR
 MAXIMUM TEMPERATURE (F)   89       102      2002
                                             1980
 MINIMUM TEMPERATURE (F)   58        39      1959


SUNRISE AND SUNSET
JUNE 30 2015..........SUNRISE   523 AM MDT   SUNSET   828 PM MDT
JULY  1 2015..........SUNRISE   523 AM MDT   SUNSET   828 PM MDT


-  INDICATES NEGATIVE NUMBERS.
R  INDICATES RECORD WAS SET OR TIED.
MM INDICATES DATA IS MISSING.
T  INDICATES TRACE AMOUNT.




$$
