000
CDUS45 KCYS 230729
CLISNY


CLIMATE REPORT
NATIONAL WEATHER SERVICE CHEYENNE WY
128 AM MDT SAT AUG 23 2014


...................................

...THE SIDNEY NE AIRPORT CLIMATE SUMMARY FOR AUGUST 22 2014...

CLIMATE NORMAL PERIOD 1981 TO 2010
CLIMATE RECORD PERIOD 1948 TO 2014


WEATHER ITEM   OBSERVED TIME   RECORD YEAR NORMAL DEPARTURE LAST
                VALUE   (LST)  VALUE       VALUE  FROM      YEAR
                                                  NORMAL
..................................................................
TEMPERATURE (F)
 YESTERDAY
  MAXIMUM         72   1203 AM 100    2003  88    -16       89
  MINIMUM         61   1159 PM  40    1966  58      3       60
  AVERAGE         67                        72     -5       75

PRECIPITATION (IN)
  YESTERDAY        1.44R         0.92 1958   0.07   1.37     0.00
  MONTH TO DATE    2.56                      1.66   0.90     0.69
  SINCE JAN 1     11.33                     14.56  -3.23     8.17

DEGREE DAYS
 HEATING
  YESTERDAY        0                         0      0        0
  MONTH TO DATE    0                         0      0        1
  SINCE JUN 1     64                        62      2       46
  SINCE JUL 1      9                         3      6        9

 COOLING
  YESTERDAY        2                         8     -6       10
  MONTH TO DATE  189                       203    -14      166
  SINCE JUN 1    516                       659   -143      604
  SINCE JAN 1    532                       681   -149      637
..................................................................


WIND (MPH)
  HIGHEST WIND SPEED    17   HIGHEST WIND DIRECTION    NE (40)
  HIGHEST GUST SPEED    21   HIGHEST GUST DIRECTION    NE (40)
  AVERAGE WIND SPEED     5.4


SKY COVER
  AVERAGE SKY COVER 0.9


WEATHER CONDITIONS
 THE FOLLOWING WEATHER WAS RECORDED YESTERDAY.
  THUNDERSTORM
  HEAVY RAIN
  RAIN
  LIGHT RAIN
  FOG


RELATIVE HUMIDITY (PERCENT)
 HIGHEST    93           700 AM
 LOWEST     49          1200 AM
 AVERAGE    71

..........................................................


THE SIDNEY NE AIRPORT CLIMATE NORMALS FOR TODAY
                         NORMAL    RECORD    YEAR
 MAXIMUM TEMPERATURE (F)   87       102      2011
 MINIMUM TEMPERATURE (F)   57        37      1964


SUNRISE AND SUNSET
AUGUST 23 2014........SUNRISE   610 AM MDT   SUNSET   739 PM MDT
AUGUST 24 2014........SUNRISE   611 AM MDT   SUNSET   737 PM MDT


-  INDICATES NEGATIVE NUMBERS.
R  INDICATES RECORD WAS SET OR TIED.
MM INDICATES DATA IS MISSING.
T  INDICATES TRACE AMOUNT.




$$
