000
CDUS45 KCYS 190735
CLISNY


CLIMATE REPORT
NATIONAL WEATHER SERVICE CHEYENNE WY
134 AM MDT FRI SEP 19 2014


...................................

...THE SIDNEY NE AIRPORT CLIMATE SUMMARY FOR SEPTEMBER 18 2014...

CLIMATE NORMAL PERIOD 1981 TO 2010
CLIMATE RECORD PERIOD 1948 TO 2014


WEATHER ITEM   OBSERVED TIME   RECORD YEAR NORMAL DEPARTURE LAST
                VALUE   (LST)  VALUE       VALUE  FROM      YEAR
                                                  NORMAL
..................................................................
TEMPERATURE (F)
 YESTERDAY
  MAXIMUM         90    249 PM  93    1998  78     12       91
                                      1948
  MINIMUM         55    407 AM  30    1987  47      8       56
                                      1949
  AVERAGE         73                        62     11       74

PRECIPITATION (IN)
  YESTERDAY        0.00          1.05 1990   0.03  -0.03     0.10
  MONTH TO DATE    0.67                      0.84  -0.17     4.35
  SINCE JAN 1     12.35                     16.00  -3.65    12.52

DEGREE DAYS
 HEATING
  YESTERDAY        0                         5     -5        0
  MONTH TO DATE   96                        44     52       17
  SINCE SEP 1     96                        44     52       17
  SINCE JUL 1    108                        55     53       26

 COOLING
  YESTERDAY        8                         2      6        9
  MONTH TO DATE   43                        69    -26      146
  SINCE SEP 1     43                        69    -26      146
  SINCE JAN 1    601                       811   -210      909
..................................................................


WIND (MPH)
  HIGHEST WIND SPEED    20   HIGHEST WIND DIRECTION     S (160)
  HIGHEST GUST SPEED    24   HIGHEST GUST DIRECTION     S (160)
  AVERAGE WIND SPEED    10.2


SKY COVER
  AVERAGE SKY COVER 0.2


WEATHER CONDITIONS
 THE FOLLOWING WEATHER WAS RECORDED YESTERDAY.
  FOG
  FOG W/VISIBILITY <= 1/4 MILE


RELATIVE HUMIDITY (PERCENT)
 HIGHEST   100           400 AM
 LOWEST     26           300 PM
 AVERAGE    63

..........................................................


THE SIDNEY NE AIRPORT CLIMATE NORMALS FOR TODAY
                         NORMAL    RECORD    YEAR
 MAXIMUM TEMPERATURE (F)   77        91      1984
 MINIMUM TEMPERATURE (F)   47        28      1971


SUNRISE AND SUNSET
SEPTEMBER 19 2014.....SUNRISE   636 AM MDT   SUNSET   654 PM MDT
SEPTEMBER 20 2014.....SUNRISE   637 AM MDT   SUNSET   652 PM MDT


-  INDICATES NEGATIVE NUMBERS.
R  INDICATES RECORD WAS SET OR TIED.
MM INDICATES DATA IS MISSING.
T  INDICATES TRACE AMOUNT.




$$
