000
CDUS45 KPUB 271037
CLISPD


CLIMATE REPORT
NATIONAL WEATHER SERVICE PUEBLO
437 AM MDT MON MAR 27 2017


...................................

...THE SPRINGFIELD CO CLIMATE SUMMARY FOR MARCH 26 2017...

CLIMATE NORMAL PERIOD 1981 TO 2010
CLIMATE RECORD PERIOD 9999 TO 9999


WEATHER ITEM   OBSERVED TIME   NORMAL DEPARTURE LAST
                VALUE   (LST)  VALUE  FROM      YEAR
                                      NORMAL
......................................................
TEMPERATURE (F)
 YESTERDAY
  MAXIMUM         51   1021 AM  61    -10       40
  MINIMUM         30   1159 PM  30      0       22
  AVERAGE         41                            31

PRECIPITATION (IN)
  YESTERDAY        0.00          0.05  -0.05     0.02
  MONTH TO DATE    0.02          0.90  -0.88     0.06
  SINCE MAR 1      0.02          0.90  -0.88     0.06
  SINCE JAN 1      0.21          1.71  -1.50     0.38

DEGREE DAYS
 HEATING
  YESTERDAY       24            19      5       34
  MONTH TO DATE  426           594   -168      559
  SINCE MAR 1    426           594   -168      559
  SINCE JUL 1   4016          4600   -584     4235

 COOLING
  YESTERDAY        0             0      0        0
  MONTH TO DATE    0             0      0        0
  SINCE MAR 1      0             0      0        0
  SINCE JAN 1      0             0      0        0
......................................................


WIND (MPH)
  HIGHEST WIND SPEED    32   HIGHEST WIND DIRECTION    NW (330)
  HIGHEST GUST SPEED    38   HIGHEST GUST DIRECTION    NW (330)
  AVERAGE WIND SPEED    14.5


SKY COVER
  POSSIBLE SUNSHINE  MM



RELATIVE HUMIDITY (PERCENT)
 HIGHEST   100          1100 PM
 LOWEST     44           800 AM
 AVERAGE    72

..........................................................


THE SPRINGFIELD CO CLIMATE NORMALS FOR TODAY
                         NORMAL    RECORD    YEAR
 MAXIMUM TEMPERATURE (F)   61        MM        MM
 MINIMUM TEMPERATURE (F)   31        MM        MM


SUNRISE AND SUNSET
MARCH 27 2017.........SUNRISE   643 AM MDT   SUNSET   709 PM MDT
MARCH 28 2017.........SUNRISE   642 AM MDT   SUNSET   710 PM MDT


-  INDICATES NEGATIVE NUMBERS.
R  INDICATES RECORD WAS SET OR TIED.
MM INDICATES DATA IS MISSING.
T  INDICATES TRACE AMOUNT.




$$
