000
CDUS45 KPUB 171208
CLISPD


CLIMATE REPORT
NATIONAL WEATHER SERVICE PUEBLO
507 AM MST TUE JAN 17 2017


...................................

...THE SPRINGFIELD CO CLIMATE SUMMARY FOR JANUARY 16 2017...

CLIMATE NORMAL PERIOD 1981 TO 2010
CLIMATE RECORD PERIOD 9999 TO 9999


WEATHER ITEM   OBSERVED TIME   NORMAL DEPARTURE LAST
                VALUE   (LST)  VALUE  FROM      YEAR
                                      NORMAL
......................................................
TEMPERATURE (F)
 YESTERDAY
  MAXIMUM         34    243 PM  47    -13       41
  MINIMUM         29    719 AM  18     11       17
  AVERAGE         32                            29

PRECIPITATION (IN)
  YESTERDAY        0.10          0.01   0.09     0.00
  MONTH TO DATE    0.17          0.13   0.04     0.12
  SINCE DEC 1      0.24          0.64  -0.40     0.21
  SINCE JAN 1      0.17          0.13   0.04     0.12

DEGREE DAYS
 HEATING
  YESTERDAY       33            33      0       36
  MONTH TO DATE  585           533     52      548
  SINCE DEC 1   1678          1545    133     1525
  SINCE JUL 1   2495          2691   -196     2530

 COOLING
  YESTERDAY        0             0      0        0
  MONTH TO DATE    0             0      0        0
  SINCE DEC 1      0             0      0        0
  SINCE JAN 1      0             0      0        0
......................................................


WIND (MPH)
  HIGHEST WIND SPEED    26   HIGHEST WIND DIRECTION    NW (320)
  HIGHEST GUST SPEED    35   HIGHEST GUST DIRECTION    NW (320)
  AVERAGE WIND SPEED    18.2


SKY COVER
  POSSIBLE SUNSHINE  MM



RELATIVE HUMIDITY (PERCENT)
 HIGHEST   100          1200 AM
 LOWEST     89          1200 PM
 AVERAGE    95

..........................................................


THE SPRINGFIELD CO CLIMATE NORMALS FOR TODAY
                         NORMAL    RECORD    YEAR
 MAXIMUM TEMPERATURE (F)   47        MM        MM
 MINIMUM TEMPERATURE (F)   18        MM        MM


SUNRISE AND SUNSET
JANUARY 17 2017.......SUNRISE   703 AM MST   SUNSET   459 PM MST
JANUARY 18 2017.......SUNRISE   702 AM MST   SUNSET   500 PM MST


-  INDICATES NEGATIVE NUMBERS.
R  INDICATES RECORD WAS SET OR TIED.
MM INDICATES DATA IS MISSING.
T  INDICATES TRACE AMOUNT.




$$
