000
CDUS45 KPUB 181028
CLISPD


CLIMATE REPORT
NATIONAL WEATHER SERVICE PUEBLO
428 AM MDT THU SEP 18 2014


...................................

...THE SPRINGFIELD CO CLIMATE SUMMARY FOR SEPTEMBER 17 2014...

CLIMATE NORMAL PERIOD 1981 TO 2010
CLIMATE RECORD PERIOD 9999 TO 9999


WEATHER ITEM   OBSERVED TIME   NORMAL DEPARTURE LAST
                VALUE   (LST)  VALUE  FROM      YEAR
                                      NORMAL
......................................................
TEMPERATURE (F)
 YESTERDAY
  MAXIMUM         87    241 PM  80      7       84
  MINIMUM         53    603 AM  51      2       60
  AVERAGE         70                            72

PRECIPITATION (IN)
  YESTERDAY        0.00          0.04  -0.04     0.00
  MONTH TO DATE    1.21          0.83   0.38     3.13
  SINCE SEP 1      1.21          0.83   0.38     3.13
  SINCE JAN 1     11.85         14.57  -2.72    12.87

DEGREE DAYS
 HEATING
  YESTERDAY        0             3     -3        0
  MONTH TO DATE   56            25     31        1
  SINCE SEP 1     56            25     31        1
  SINCE JUL 1     62            32     30        2

 COOLING
  YESTERDAY        5             3      2        7
  MONTH TO DATE   75            87    -12      160
  SINCE SEP 1     75            87    -12      160
  SINCE JAN 1    990           988      2     1324
......................................................


WIND (MPH)
  HIGHEST WIND SPEED    14   HIGHEST WIND DIRECTION     S (180)
  HIGHEST GUST SPEED    16   HIGHEST GUST DIRECTION     S (170)
  AVERAGE WIND SPEED     5.9


SKY COVER
  POSSIBLE SUNSHINE  MM



RELATIVE HUMIDITY (PERCENT)
 HIGHEST    93          1200 AM
 LOWEST     22           200 PM
 AVERAGE    58

..........................................................


THE SPRINGFIELD CO CLIMATE NORMALS FOR TODAY
                         NORMAL    RECORD    YEAR
 MAXIMUM TEMPERATURE (F)   80        MM        MM
 MINIMUM TEMPERATURE (F)   51        MM        MM


SUNRISE AND SUNSET
SEPTEMBER 18 2014.....SUNRISE   635 AM MDT   SUNSET   653 PM MDT
SEPTEMBER 19 2014.....SUNRISE   636 AM MDT   SUNSET   652 PM MDT


-  INDICATES NEGATIVE NUMBERS.
R  INDICATES RECORD WAS SET OR TIED.
MM INDICATES DATA IS MISSING.
T  INDICATES TRACE AMOUNT.




$$
