000
CDUS43 KILX 190647
CLISPI


CLIMATE REPORT
NATIONAL WEATHER SERVICE LINCOLN IL
146 AM CDT TUE SEP 19 2017


...................................

...THE SPRINGFIELD IL CLIMATE SUMMARY FOR SEPTEMBER 18 2017...

CLIMATE NORMAL PERIOD 1981 TO 2010
CLIMATE RECORD PERIOD 1879 TO 2017


WEATHER ITEM   OBSERVED TIME   RECORD YEAR NORMAL DEPARTURE LAST
                VALUE   (LST)  VALUE       VALUE  FROM      YEAR
                                                  NORMAL
..................................................................
TEMPERATURE (F)
 YESTERDAY
  MAXIMUM         88    257 PM  95    1893  78     10       86
  MINIMUM         61    600 AM  35    1901  54      7       59
  AVERAGE         75                        66      9       73

PRECIPITATION (IN)
  YESTERDAY        0.01          1.10 1990   0.09  -0.08     0.00
  MONTH TO DATE    0.01                      1.76  -1.75     1.45
  SINCE SEP 1      0.01                      1.76  -1.75     1.45
  SINCE JAN 1     25.05                     27.41  -2.36    37.30

SNOWFALL (IN)
  YESTERDAY        0.0           T    1918   0.0    0.0      0.0
  MONTH TO DATE    0.0                       0.0    0.0      0.0
  SINCE SEP 1      0.0                       0.0    0.0      0.0
  SINCE JUL 1      0.0                       0.0    0.0      0.0
  SNOW DEPTH       0

DEGREE DAYS
 HEATING
  YESTERDAY        0                         3     -3        0
  MONTH TO DATE   26                        23      3        0
  SINCE SEP 1     26                        23      3        0
  SINCE JUL 1     26                        28     -2        1

 COOLING
  YESTERDAY       10                         4      6        8
  MONTH TO DATE   78                        98    -20      166
  SINCE SEP 1     78                        98    -20      166
  SINCE JAN 1   1190                      1068    122     1442
..................................................................


WIND (MPH)
  HIGHEST WIND SPEED    14   HIGHEST WIND DIRECTION     W (260)
  HIGHEST GUST SPEED    20   HIGHEST GUST DIRECTION     W (260)
  AVERAGE WIND SPEED     4.2


SKY COVER
  POSSIBLE SUNSHINE  MM
  AVERAGE SKY COVER 0.4


WEATHER CONDITIONS
 THE FOLLOWING WEATHER WAS RECORDED YESTERDAY.
  THUNDERSTORM
  LIGHT RAIN
  FOG


RELATIVE HUMIDITY (PERCENT)
 HIGHEST   100          1100 PM
 LOWEST     46           300 PM
 AVERAGE    73

..........................................................


THE SPRINGFIELD IL CLIMATE NORMALS FOR TODAY
                         NORMAL    RECORD    YEAR
 MAXIMUM TEMPERATURE (F)   78        95      1978
                                             1931
                                             1925
 MINIMUM TEMPERATURE (F)   53        38      1991


SUNRISE AND SUNSET
SEPTEMBER 19 2017.....SUNRISE   644 AM CDT   SUNSET   700 PM CDT
SEPTEMBER 20 2017.....SUNRISE   645 AM CDT   SUNSET   659 PM CDT


-  INDICATES NEGATIVE NUMBERS.
R  INDICATES RECORD WAS SET OR TIED.
MM INDICATES DATA IS MISSING.
T  INDICATES TRACE AMOUNT.




$$
