787
CDUS43 KILX 302135
CLISPI


CLIMATE REPORT
NATIONAL WEATHER SERVICE LINCOLN IL
434 PM CDT THU MAR 30 2017


...................................

...THE SPRINGFIELD IL CLIMATE SUMMARY FOR MARCH 30 2017...
VALID TODAY AS OF 0400 PM LOCAL TIME.

CLIMATE NORMAL PERIOD 1981 TO 2010
CLIMATE RECORD PERIOD 1879 TO 2017


WEATHER ITEM   OBSERVED TIME   RECORD YEAR NORMAL DEPARTURE LAST
                VALUE   (LST)  VALUE       VALUE  FROM      YEAR
                                                  NORMAL
..................................................................
TEMPERATURE (F)
 TODAY
  MAXIMUM         66   1157 AM  83    1986  58      8       62
                                      1895
  MINIMUM         53    525 AM  17    1964  37     16       48
  AVERAGE         60                        48     12       55

PRECIPITATION (IN)
  TODAY            1.57          2.16 2016   0.10   1.47     2.16
  MONTH TO DATE    4.07                      2.53   1.54     5.59
  SINCE MAR 1      4.07                      2.53   1.54     5.59
  SINCE JAN 1      5.54                      6.16  -0.62     7.92

SNOWFALL (IN)
  TODAY            0.0           6.0  1926   0.1   -0.1      0.0
  MONTH TO DATE    4.6                       2.5    2.1      0.1
  SINCE MAR 1      4.6                       2.5    2.1      0.1
  SINCE JUL 1     10.3                      20.6  -10.3     15.7
  SNOW DEPTH       0

DEGREE DAYS
 HEATING
  TODAY            5                        18    -13       10
  MONTH TO DATE  575                       693   -118      457
  SINCE MAR 1    575                       693   -118      457
  SINCE JUL 1   3830                      4964  -1134     3883

 COOLING
  TODAY            0                         0      0        0
  MONTH TO DATE    0                         0      0        0
  SINCE MAR 1      0                         0      0        0
  SINCE JAN 1      0                         0      0        0
..................................................................


WIND (MPH)
  HIGHEST WIND SPEED    20   HIGHEST WIND DIRECTION    SW (210)
  HIGHEST GUST SPEED    27   HIGHEST GUST DIRECTION    SW (220)
  AVERAGE WIND SPEED     9.8


SKY COVER
  POSSIBLE SUNSHINE  MM
  AVERAGE SKY COVER 0.8


WEATHER CONDITIONS
 THE FOLLOWING WEATHER WAS RECORDED TODAY.
  THUNDERSTORM
  HEAVY RAIN
  RAIN
  LIGHT RAIN
  FOG


RELATIVE HUMIDITY (PERCENT)
 HIGHEST   100           300 AM
 LOWEST     81          1200 PM
 AVERAGE    91

..........................................................


THE SPRINGFIELD IL CLIMATE NORMALS FOR TOMORROW
                         NORMAL    RECORD    YEAR
 MAXIMUM TEMPERATURE (F)   59        87      1981
 MINIMUM TEMPERATURE (F)   37        15      1923


SUNRISE AND SUNSET
MARCH 30 2017.........SUNRISE   646 AM CDT   SUNSET   721 PM CDT
MARCH 31 2017.........SUNRISE   644 AM CDT   SUNSET   722 PM CDT


-  INDICATES NEGATIVE NUMBERS.
R  INDICATES RECORD WAS SET OR TIED.
MM INDICATES DATA IS MISSING.
T  INDICATES TRACE AMOUNT.




$$
