000
CDUS43 KILX 292201
CLISPI


CLIMATE REPORT
NATIONAL WEATHER SERVICE LINCOLN IL
457 PM CDT MON JUN 29 2015


...................................

...THE SPRINGFIELD IL CLIMATE SUMMARY FOR JUNE 29 2015...
VALID TODAY AS OF 0400 PM LOCAL TIME.

CLIMATE NORMAL PERIOD 1981 TO 2010
CLIMATE RECORD PERIOD 1879 TO 2015


WEATHER ITEM   OBSERVED TIME   RECORD YEAR NORMAL DEPARTURE LAST
                VALUE   (LST)  VALUE       VALUE  FROM      YEAR
                                                  NORMAL
..................................................................
TEMPERATURE (F)
 TODAY
  MAXIMUM         81    232 PM 103    1936  86     -5       86
  MINIMUM         63    127 AM  50    2004  65     -2       71
  AVERAGE         72                        75     -3       79

PRECIPITATION (IN)
  TODAY            0.00          1.45 1998   0.14  -0.14     0.01
  MONTH TO DATE    9.14                      4.33   4.81     8.83
  SINCE JUN 1      9.14                      4.33   4.81     8.83
  SINCE JAN 1     22.05                     18.34   3.71    23.12

SNOWFALL (IN)
  TODAY            0.0           0.0    MM   0.0    0.0      0.0
  MONTH TO DATE    0.0                       0.0    0.0      0.0
  SINCE JUN 1      0.0                       0.0    0.0      0.0
  SINCE JUL 1     33.9                      20.9   13.0     45.7
  SNOW DEPTH       0

DEGREE DAYS
 HEATING
  TODAY            0                         0      0        0
  MONTH TO DATE    3                        11     -8        0
  SINCE JUN 1      3                        11     -8        0
  SINCE JUL 1   5669                      5481    188     6206

 COOLING
  TODAY            7                        10     -3       14
  MONTH TO DATE  287                       228     59      290
  SINCE JUN 1    287                       228     59      290
  SINCE JAN 1    453                       332    121      466
..................................................................


WIND (MPH)
  HIGHEST WIND SPEED    15   HIGHEST WIND DIRECTION     W (280)
  HIGHEST GUST SPEED    21   HIGHEST GUST DIRECTION    NW (320)
  AVERAGE WIND SPEED     7.7


SKY COVER
  POSSIBLE SUNSHINE  MM
  AVERAGE SKY COVER 0.6


WEATHER CONDITIONS
 THE FOLLOWING WEATHER WAS RECORDED TODAY.
  FOG


RELATIVE HUMIDITY (PERCENT)
 HIGHEST   100           200 AM
 LOWEST     58           200 PM
 AVERAGE    79

..........................................................


THE SPRINGFIELD IL CLIMATE NORMALS FOR TOMORROW
                         NORMAL    RECORD    YEAR
 MAXIMUM TEMPERATURE (F)   86       102      1931
 MINIMUM TEMPERATURE (F)   65        52      2004
                                             1943
                                             1923


SUNRISE AND SUNSET
JUNE 29 2015..........SUNRISE   533 AM CDT   SUNSET   831 PM CDT
JUNE 30 2015..........SUNRISE   534 AM CDT   SUNSET   831 PM CDT


-  INDICATES NEGATIVE NUMBERS.
R  INDICATES RECORD WAS SET OR TIED.
MM INDICATES DATA IS MISSING.
T  INDICATES TRACE AMOUNT.




$$
