000
CDUS43 KILX 210646
CLISPI


CLIMATE REPORT
NATIONAL WEATHER SERVICE LINCOLN IL
1238 AM CST SUN DEC 21 2014


...................................

...THE SPRINGFIELD IL CLIMATE SUMMARY FOR DECEMBER 20 2014...

CLIMATE NORMAL PERIOD 1981 TO 2010
CLIMATE RECORD PERIOD 1879 TO 2014


WEATHER ITEM   OBSERVED TIME   RECORD YEAR NORMAL DEPARTURE LAST
                VALUE   (LST)  VALUE       VALUE  FROM      YEAR
                                                  NORMAL
..................................................................
TEMPERATURE (F)
 YESTERDAY
  MAXIMUM         39    258 PM  64    1949  37      2       62
  MINIMUM         31    306 AM -14    1989  21     10       31
  AVERAGE         35                        29      6       47

PRECIPITATION (IN)
  YESTERDAY        0.00          0.96 2012   0.08  -0.08     0.01
  MONTH TO DATE    1.11                      1.73  -0.62     0.92
  SINCE DEC 1      1.11                      1.73  -0.62     0.92
  SINCE JAN 1     44.60                     36.64   7.96    37.67

SNOWFALL (IN)
  YESTERDAY        0.0           3.7  1960   0.2   -0.2      0.0
  MONTH TO DATE    0.5                       3.2   -2.7      8.2
  SINCE DEC 1      0.5                       3.2   -2.7      8.2
  SINCE JUL 1      4.2                       3.8    0.4      8.9
  SNOW DEPTH       0

DEGREE DAYS
 HEATING
  YESTERDAY       30                        36     -6       18
  MONTH TO DATE  615                       665    -50      734
  SINCE DEC 1    615                       665    -50      734
  SINCE JUL 1   1851                      1733    118     1916

 COOLING
  YESTERDAY        0                         0      0        0
  MONTH TO DATE    0                         0      0        0
  SINCE DEC 1      0                         0      0        0
  SINCE JAN 1   1162                      1122     40     1145
..................................................................


WIND (MPH)
  HIGHEST WIND SPEED    14   HIGHEST WIND DIRECTION     S (170)
  HIGHEST GUST SPEED    16   HIGHEST GUST DIRECTION     S (170)
  AVERAGE WIND SPEED     6.4


SKY COVER
  POSSIBLE SUNSHINE  MM
  AVERAGE SKY COVER 1.0


WEATHER CONDITIONS
 THE FOLLOWING WEATHER WAS RECORDED YESTERDAY.
  NO SIGNIFICANT WEATHER WAS OBSERVED.


RELATIVE HUMIDITY (PERCENT)
 HIGHEST    85           300 AM
 LOWEST     70          1000 AM
 AVERAGE    78

..........................................................


THE SPRINGFIELD IL CLIMATE NORMALS FOR TODAY
                         NORMAL    RECORD    YEAR
 MAXIMUM TEMPERATURE (F)   36        63      1967
 MINIMUM TEMPERATURE (F)   21       -17      1973


SUNRISE AND SUNSET
DECEMBER 21 2014......SUNRISE   717 AM CST   SUNSET   437 PM CST
DECEMBER 22 2014......SUNRISE   717 AM CST   SUNSET   438 PM CST


-  INDICATES NEGATIVE NUMBERS.
R  INDICATES RECORD WAS SET OR TIED.
MM INDICATES DATA IS MISSING.
T  INDICATES TRACE AMOUNT.




$$
