000
CDUS43 KILX 050647
CLISPI


CLIMATE REPORT
NATIONAL WEATHER SERVICE LINCOLN IL
1246 AM CST MON DEC 5 2016


...................................

...THE SPRINGFIELD IL CLIMATE SUMMARY FOR DECEMBER 4 2016...

CLIMATE NORMAL PERIOD 1981 TO 2010
CLIMATE RECORD PERIOD 1879 TO 2016


WEATHER ITEM   OBSERVED TIME   RECORD YEAR NORMAL DEPARTURE LAST
                VALUE   (LST)  VALUE       VALUE  FROM      YEAR
                                                  NORMAL
..................................................................
TEMPERATURE (F)
 YESTERDAY
  MAXIMUM         36    801 PM  72    1998  42     -6       50
  MINIMUM         34    732 PM   0    2006  26      8       26
                                      1893
  AVERAGE         35                        34      1       38

PRECIPITATION (IN)
  YESTERDAY        0.43          1.54 1973   0.09   0.34     0.00
  MONTH TO DATE    0.43                      0.38   0.05     0.06
  SINCE DEC 1      0.43                      0.38   0.05     0.06
  SINCE JAN 1     42.29                     35.29   7.00    37.61

SNOWFALL (IN)
  YESTERDAY        2.3           2.7  1908   0.2    2.1      0.0
  MONTH TO DATE    2.3                       0.5    1.8      0.1
  SINCE DEC 1      2.3                       0.5    1.8      0.1
  SINCE JUL 1      2.3                       1.1    1.2      0.6
  SNOW DEPTH       0

DEGREE DAYS
 HEATING
  YESTERDAY       30                        31     -1       27
  MONTH TO DATE  108                       121    -13      112
  SINCE DEC 1    108                       121    -13      112
  SINCE JUL 1    759                      1189   -430      882

 COOLING
  YESTERDAY        0                         0      0        0
  MONTH TO DATE    0                         0      0        0
  SINCE DEC 1      0                         0      0        0
  SINCE JAN 1   1626                      1122    504     1375
..................................................................


WIND (MPH)
  HIGHEST WIND SPEED    14   HIGHEST WIND DIRECTION     W (260)
  HIGHEST GUST SPEED    16   HIGHEST GUST DIRECTION     W (250)
  AVERAGE WIND SPEED     6.1


SKY COVER
  POSSIBLE SUNSHINE  MM
  AVERAGE SKY COVER 1.0


WEATHER CONDITIONS
 THE FOLLOWING WEATHER WAS RECORDED YESTERDAY.
  RAIN
  SNOW
  LIGHT SNOW
  FOG
  FOG W/VISIBILITY <= 1/4 MILE


RELATIVE HUMIDITY (PERCENT)
 HIGHEST   100           700 PM
 LOWEST     82          1200 AM
 AVERAGE    91

..........................................................


THE SPRINGFIELD IL CLIMATE NORMALS FOR TODAY
                         NORMAL    RECORD    YEAR
 MAXIMUM TEMPERATURE (F)   42        67      1956
 MINIMUM TEMPERATURE (F)   26         4      1895


SUNRISE AND SUNSET
DECEMBER  5 2016......SUNRISE   705 AM CST   SUNSET   434 PM CST
DECEMBER  6 2016......SUNRISE   706 AM CST   SUNSET   434 PM CST


-  INDICATES NEGATIVE NUMBERS.
R  INDICATES RECORD WAS SET OR TIED.
MM INDICATES DATA IS MISSING.
T  INDICATES TRACE AMOUNT.




$$
