000
CDUS44 KOUN 132318 RRA
CLISPS

CLIMATE REPORT
NATIONAL WEATHER SERVICE NORMAN OK
518 PM CST SAT FEB 13 2016


...................................

...THE WICHITA FALLS CLIMATE SUMMARY FOR FEBRUARY 13 2016...
VALID TODAY AS OF 0500 PM LOCAL TIME.

CLIMATE NORMAL PERIOD 1981 TO 2010
CLIMATE RECORD PERIOD 1897 TO 2016


WEATHER ITEM   OBSERVED TIME   RECORD YEAR NORMAL DEPARTURE LAST
                VALUE   (LST)  VALUE       VALUE  FROM      YEAR
                                                  NORMAL
..................................................................
TEMPERATURE (F)
 TODAY
  MAXIMUM         67    436 PM  87    1962  58      9       70
  MINIMUM         30    746 AM  10    1958  33     -3       32
  AVERAGE         49                        45      4       51

PRECIPITATION (IN)
  TODAY            0.00          1.26 1969   0.06  -0.06     0.00
  MONTH TO DATE    0.01                      0.68  -0.67      T
  SINCE JAN 1      0.44                      1.82  -1.38     2.17

SNOWFALL (IN)
  TODAY            0.0                       0.0    0.0      0.0
  MONTH TO DATE    0.0                       0.3   -0.3      0.0
  SINCE JUL 1      2.6                       3.0   -0.4      2.3
  SNOW DEPTH       0

DEGREE DAYS
 HEATING
  TODAY           16                        20     -4       14
  MONTH TO DATE  237                       271    -34      231
  SINCE JUL 1   1806                      2181   -375     2047
..................................................................


WIND (MPH)
  HIGHEST WIND SPEED    18   HIGHEST WIND DIRECTION     S (170)
  HIGHEST GUST SPEED    23   HIGHEST GUST DIRECTION     S (180)
  AVERAGE WIND SPEED     9.7


SKY COVER
  AVERAGE SKY COVER 0.0


WEATHER CONDITIONS
 THE FOLLOWING WEATHER WAS RECORDED TODAY.
  NO SIGNIFICANT WEATHER WAS OBSERVED.


RELATIVE HUMIDITY (PERCENT)
 HIGHEST    85          1200 AM
 LOWEST     34           300 PM
 AVERAGE    60

..........................................................


THE WICHITA FALLS CLIMATE NORMALS FOR TOMORROW
                         NORMAL    RECORD    YEAR
 MAXIMUM TEMPERATURE (F)   58        92      1979
 MINIMUM TEMPERATURE (F)   33         8      1936


SUNRISE AND SUNSET
FEBRUARY 13 2016......SUNRISE   721 AM CST   SUNSET   616 PM CST
FEBRUARY 14 2016......SUNRISE   720 AM CST   SUNSET   617 PM CST


-  INDICATES NEGATIVE NUMBERS.
R  INDICATES RECORD WAS SET OR TIED.
MM INDICATES DATA IS MISSING.
T  INDICATES TRACE AMOUNT.

$$
