000
CDUS44 KOUN 290629 RRA
CLISPS

CLIMATE REPORT
NATIONAL WEATHER SERVICE NORMAN OK
128 AM CDT MON MAY 29 2017


...................................

...THE WICHITA FALLS CLIMATE SUMMARY FOR MAY 28 2017...

CLIMATE NORMAL PERIOD 1981 TO 2010
CLIMATE RECORD PERIOD 1897 TO 2017


WEATHER ITEM   OBSERVED TIME   RECORD YEAR NORMAL DEPARTURE LAST
                VALUE   (LST)  VALUE       VALUE  FROM      YEAR
                                                  NORMAL
..................................................................
TEMPERATURE (F)
 YESTERDAY
  MAXIMUM         85    457 PM 110    2011  87     -2       89
  MINIMUM         65   1150 PM  48    1947  63      2       60
  AVERAGE         75                        75      0       75

PRECIPITATION (IN)
  YESTERDAY        T             2.70 1987   0.14  -0.14     0.15
  MONTH TO DATE    4.55                      3.36   1.19     5.61
  SINCE MAR 1      6.34                      8.17  -1.83    14.27
  SINCE JAN 1     10.31                     11.06  -0.75    15.97

SNOWFALL (IN)
  YESTERDAY        0.0           0.0  2002   0.0    0.0      0.0
  MONTH TO DATE    0.0                       0.0    0.0      0.0
  SINCE MAR 1      0.0                       0.5   -0.5       T
  SINCE JUL 1      T                         3.9   -3.9      2.6
  SNOW DEPTH       0

DEGREE DAYS
 HEATING
  YESTERDAY        0                         0      0        0
  MONTH TO DATE   13                        20     -7       41
  SINCE MAR 1    318                       519   -201      350
  SINCE JUL 1   2162                      2965   -803     2312

 COOLING
  YESTERDAY       10                        10      0       10
  MONTH TO DATE  171                       194    -23      155
  SINCE MAR 1    302                       283     19      214
  SINCE JAN 1    320                       286     34      223
..................................................................


WIND (MPH)
  HIGHEST WIND SPEED    35   HIGHEST WIND DIRECTION     N (10)
  HIGHEST GUST SPEED    45   HIGHEST GUST DIRECTION     N (10)
  AVERAGE WIND SPEED    13.4


SKY COVER
  AVERAGE SKY COVER 0.1


WEATHER CONDITIONS
 THE FOLLOWING WEATHER WAS RECORDED YESTERDAY.
  NO SIGNIFICANT WEATHER WAS OBSERVED.


RELATIVE HUMIDITY (PERCENT)
 HIGHEST    81           500 AM
 LOWEST     37           400 PM
 AVERAGE    59

..........................................................


THE WICHITA FALLS CLIMATE NORMALS FOR TODAY
                         NORMAL    RECORD    YEAR
 MAXIMUM TEMPERATURE (F)   87       106      1927
 MINIMUM TEMPERATURE (F)   64        42      1947


SUNRISE AND SUNSET
MAY 29 2017...........SUNRISE   625 AM CDT   SUNSET   838 PM CDT
MAY 30 2017...........SUNRISE   624 AM CDT   SUNSET   839 PM CDT


-  INDICATES NEGATIVE NUMBERS.
R  INDICATES RECORD WAS SET OR TIED.
MM INDICATES DATA IS MISSING.
T  INDICATES TRACE AMOUNT.




$$
