000
CDUS44 KOUN 272216
CLISPS

CLIMATE REPORT
NATIONAL WEATHER SERVICE NORMAN OK
514 PM CDT THU JUL 27 2017


...................................

...THE WICHITA FALLS CLIMATE SUMMARY FOR JULY 27 2017...
VALID TODAY AS OF 0500 PM LOCAL TIME.

CLIMATE NORMAL PERIOD 1981 TO 2010
CLIMATE RECORD PERIOD 1897 TO 2017


WEATHER ITEM   OBSERVED TIME   RECORD YEAR NORMAL DEPARTURE LAST
                VALUE   (LST)  VALUE       VALUE  FROM      YEAR
                                                  NORMAL
..................................................................
TEMPERATURE (F)
 TODAY
  MAXIMUM        102    313 PM 110    1944  98      4       97
  MINIMUM         76    245 AM  61    1994  73      3       74
  AVERAGE         89                        85      4       86

PRECIPITATION (IN)
  TODAY            0.00          1.29 1991   0.05  -0.05     0.10
  MONTH TO DATE    3.14                      1.39   1.75     1.82
  SINCE JUN 1      5.60                      5.54   0.06     5.11
  SINCE JAN 1     15.92                     17.03  -1.11    21.60

SNOWFALL (IN)
  TODAY            0.0

DEGREE DAYS
 HEATING
  TODAY            0                         0      0        0
  MONTH TO DATE    0                         0      0        0
  SINCE JUN 1      0                         1     -1        0
  SINCE JUL 1      0                         0      0        0

 COOLING
  TODAY           24                        20      4       21
  MONTH TO DATE  520                       520      0      559
  SINCE JUN 1    935                       956    -21     1023
  SINCE JAN 1   1284                      1275      9     1276
..................................................................


WIND (MPH)
  HIGHEST WIND SPEED    16   HIGHEST WIND DIRECTION    SW (230)
  HIGHEST GUST SPEED    21   HIGHEST GUST DIRECTION     S (180)
  AVERAGE WIND SPEED    11.9


SKY COVER
  AVERAGE SKY COVER 0.3


WEATHER CONDITIONS
 THE FOLLOWING WEATHER WAS RECORDED TODAY.
  NO SIGNIFICANT WEATHER WAS OBSERVED.


RELATIVE HUMIDITY (PERCENT)
 HIGHEST    67           300 AM
 LOWEST     29           100 PM
 AVERAGE    48

..........................................................


THE WICHITA FALLS CLIMATE NORMALS FOR TOMORROW
                         NORMAL    RECORD    YEAR
 MAXIMUM TEMPERATURE (F)   98       110      2008
 MINIMUM TEMPERATURE (F)   73        60      1994


SUNRISE AND SUNSET
JULY 27 2017..........SUNRISE   642 AM CDT   SUNSET   838 PM CDT
JULY 28 2017..........SUNRISE   643 AM CDT   SUNSET   838 PM CDT


-  INDICATES NEGATIVE NUMBERS.
R  INDICATES RECORD WAS SET OR TIED.
MM INDICATES DATA IS MISSING.
T  INDICATES TRACE AMOUNT.




$$
