000
CDUS44 KOUN 040728
CLISPS

CLIMATE REPORT
NATIONAL WEATHER SERVICE NORMAN OK
127 AM CST SUN DEC 4 2016


...................................

...THE WICHITA FALLS CLIMATE SUMMARY FOR DECEMBER 3 2016...

CLIMATE NORMAL PERIOD 1981 TO 2010
CLIMATE RECORD PERIOD 1897 TO 2016


WEATHER ITEM   OBSERVED TIME   RECORD YEAR NORMAL DEPARTURE LAST
                VALUE   (LST)  VALUE       VALUE  FROM      YEAR
                                                  NORMAL
..................................................................
TEMPERATURE (F)
 YESTERDAY
  MAXIMUM         47   1241 AM  84    2012  58    -11       64
  MINIMUM         44   1058 PM  21    1945  33     11       31
  AVERAGE         46                        45      1       48

PRECIPITATION (IN)
  YESTERDAY        0.47          1.21 1993   0.05   0.42     0.00
  MONTH TO DATE    0.67                      0.16   0.51     0.00
  SINCE JAN 1     37.01                     27.46   9.55    44.76

SNOWFALL (IN)
  YESTERDAY        0.0                       0.1   -0.1      0.0
  MONTH TO DATE    0.0                       0.1   -0.1      0.0
  SINCE JUL 1      0.0                       0.4   -0.4      0.0
  SNOW DEPTH       0

DEGREE DAYS
 HEATING
  YESTERDAY       19                        20     -1       17
  MONTH TO DATE   54                        58     -4       61
  SINCE JUL 1    305                       565   -260      437
..................................................................


WIND (MPH)
  HIGHEST WIND SPEED    23   HIGHEST WIND DIRECTION    NE (60)
  HIGHEST GUST SPEED    28   HIGHEST GUST DIRECTION    NE (60)
  AVERAGE WIND SPEED    11.2


SKY COVER
  AVERAGE SKY COVER 1.0


WEATHER CONDITIONS
 THE FOLLOWING WEATHER WAS RECORDED YESTERDAY.
  RAIN
  LIGHT RAIN
  FOG


RELATIVE HUMIDITY (PERCENT)
 HIGHEST   100           300 PM
 LOWEST     86          1200 AM
 AVERAGE    93

..........................................................


THE WICHITA FALLS CLIMATE NORMALS FOR TODAY
                         NORMAL    RECORD    YEAR
 MAXIMUM TEMPERATURE (F)   57        88      1954
 MINIMUM TEMPERATURE (F)   33        19      1978
                                             1945


SUNRISE AND SUNSET
DECEMBER  4 2016......SUNRISE   724 AM CST   SUNSET   525 PM CST
DECEMBER  5 2016......SUNRISE   725 AM CST   SUNSET   525 PM CST


-  INDICATES NEGATIVE NUMBERS.
R  INDICATES RECORD WAS SET OR TIED.
MM INDICATES DATA IS MISSING.
T  INDICATES TRACE AMOUNT.




$$
