000
CDUS44 KOUN 262218
CLISPS

CLIMATE REPORT
NATIONAL WEATHER SERVICE NORMAN OK
516 PM CDT TUE JUL 26 2016


...................................

...THE WICHITA FALLS CLIMATE SUMMARY FOR JULY 26 2016...
VALID TODAY AS OF 0500 PM LOCAL TIME.

CLIMATE NORMAL PERIOD 1981 TO 2010
CLIMATE RECORD PERIOD 1897 TO 2016


WEATHER ITEM   OBSERVED TIME   RECORD YEAR NORMAL DEPARTURE LAST
                VALUE   (LST)  VALUE       VALUE  FROM      YEAR
                                                  NORMAL
..................................................................
TEMPERATURE (F)
 TODAY
  MAXIMUM         97    357 PM 109    2011  98     -1      100
                                      1964
  MINIMUM         74    233 AM  63    2004  73      1       72
  AVERAGE         86                        85      1       86

PRECIPITATION (IN)
  TODAY            0.00          2.99 1962   0.05  -0.05     0.00
  MONTH TO DATE    1.72                      1.34   0.38     2.75
  SINCE JAN 1     21.50                     16.98   4.52    32.05

DEGREE DAYS
 COOLING
  TODAY           21                        20      1       21
  MONTH TO DATE  538                       500     38      496
  SINCE JAN 1   1255                      1255      0     1188
..................................................................


WIND (MPH)
  HIGHEST WIND SPEED    13   HIGHEST WIND DIRECTION     E (80)
  HIGHEST GUST SPEED    17   HIGHEST GUST DIRECTION    SE (120)
  AVERAGE WIND SPEED     6.3


SKY COVER
  AVERAGE SKY COVER 0.5


WEATHER CONDITIONS
 THE FOLLOWING WEATHER WAS RECORDED TODAY.
  NO SIGNIFICANT WEATHER WAS OBSERVED.


RELATIVE HUMIDITY (PERCENT)
 HIGHEST    87           100 AM
 LOWEST     42           300 PM
 AVERAGE    65

..........................................................


THE WICHITA FALLS CLIMATE NORMALS FOR TOMORROW
                         NORMAL    RECORD    YEAR
 MAXIMUM TEMPERATURE (F)   98       110      1944
 MINIMUM TEMPERATURE (F)   73        61      1994


SUNRISE AND SUNSET
JULY 26 2016..........SUNRISE   642 AM CDT   SUNSET   839 PM CDT
JULY 27 2016..........SUNRISE   642 AM CDT   SUNSET   838 PM CDT


-  INDICATES NEGATIVE NUMBERS.
R  INDICATES RECORD WAS SET OR TIED.
MM INDICATES DATA IS MISSING.
T  INDICATES TRACE AMOUNT.




$$
