000
CDUS44 KOUN 230643
CLISPS

CLIMATE REPORT
NATIONAL WEATHER SERVICE NORMAN OK
131 AM CDT SAT MAY 23 2015


...................................

...THE WICHITA FALLS CLIMATE SUMMARY FOR MAY 22 2015...

CLIMATE NORMAL PERIOD 1981 TO 2010
CLIMATE RECORD PERIOD 1897 TO 2015


WEATHER ITEM   OBSERVED TIME   RECORD YEAR NORMAL DEPARTURE LAST
                VALUE   (LST)  VALUE       VALUE  FROM      YEAR
                                                  NORMAL
..................................................................
TEMPERATURE (F)
 YESTERDAY
  MAXIMUM         61   1253 AM 106    1939  85    -24       91
  MINIMUM         56   1253 PM  45    1931  62     -6       67
  AVERAGE         59                        73    -14       79

PRECIPITATION (IN)
  YESTERDAY        1.30          5.12 1975   0.13   1.17     0.00
  MONTH TO DATE   13.79                      2.55  11.24     0.77
  SINCE JAN 1     21.90                     10.25  11.65     4.79

DEGREE DAYS
 COOLING
  YESTERDAY        0                         9     -9       14
  MONTH TO DATE  104                       137    -33      195
  SINCE JAN 1    184                       229    -45      301
..................................................................


WIND (MPH)
  HIGHEST WIND SPEED    18   HIGHEST WIND DIRECTION     E (110)
  HIGHEST GUST SPEED    21   HIGHEST GUST DIRECTION     E (110)
  AVERAGE WIND SPEED    10.9


SKY COVER
  AVERAGE SKY COVER 1.0


WEATHER CONDITIONS
 THE FOLLOWING WEATHER WAS RECORDED YESTERDAY.
  THUNDERSTORM
  HEAVY RAIN
  RAIN
  LIGHT RAIN
  FOG


RELATIVE HUMIDITY (PERCENT)
 HIGHEST   100           700 AM
 LOWEST     78           200 AM
 AVERAGE    89

..........................................................


THE WICHITA FALLS CLIMATE NORMALS FOR TODAY
                         NORMAL    RECORD    YEAR
 MAXIMUM TEMPERATURE (F)   85       110      2000
 MINIMUM TEMPERATURE (F)   62        51      1963
                                             1931


SUNRISE AND SUNSET
MAY 23 2015...........SUNRISE   628 AM CDT   SUNSET   834 PM CDT
MAY 24 2015...........SUNRISE   627 AM CDT   SUNSET   835 PM CDT


-  INDICATES NEGATIVE NUMBERS.
R  INDICATES RECORD WAS SET OR TIED.
MM INDICATES DATA IS MISSING.
T  INDICATES TRACE AMOUNT.




$$
