000
CDUS44 KOUN 280633
CLISPS

CLIMATE REPORT
NATIONAL WEATHER SERVICE NORMAN OK
129 AM CDT FRI AUG 28 2015


...................................

...THE WICHITA FALLS CLIMATE SUMMARY FOR AUGUST 27 2015...

CLIMATE NORMAL PERIOD 1981 TO 2010
CLIMATE RECORD PERIOD 1897 TO 2015


WEATHER ITEM   OBSERVED TIME   RECORD YEAR NORMAL DEPARTURE LAST
                VALUE   (LST)  VALUE       VALUE  FROM      YEAR
                                                  NORMAL
..................................................................
TEMPERATURE (F)
 YESTERDAY
  MAXIMUM         98    243 PM 109    2011  95      3       99
  MINIMUM         71    633 AM  59    1962  70      1       72
  AVERAGE         85                        82      3       86

PRECIPITATION (IN)
  YESTERDAY        0.00          0.74 1941   0.09  -0.09     0.00
  MONTH TO DATE    1.49                      2.12  -0.63     1.12
  SINCE JAN 1     33.58                     19.35  14.23    14.89

DEGREE DAYS
 COOLING
  YESTERDAY       20                        17      3       21
  MONTH TO DATE  515                       521     -6      533
  SINCE JAN 1   1812                      1877    -65     1923
..................................................................


WIND (MPH)
  HIGHEST WIND SPEED    21   HIGHEST WIND DIRECTION    SE (130)
  HIGHEST GUST SPEED    24   HIGHEST GUST DIRECTION    SE (150)
  AVERAGE WIND SPEED    10.8


SKY COVER
  AVERAGE SKY COVER 0.4


WEATHER CONDITIONS
 THE FOLLOWING WEATHER WAS RECORDED YESTERDAY.
  NO SIGNIFICANT WEATHER WAS OBSERVED.


RELATIVE HUMIDITY (PERCENT)
 HIGHEST    90           300 AM
 LOWEST     35           200 PM
 AVERAGE    63

..........................................................


THE WICHITA FALLS CLIMATE NORMALS FOR TODAY
                         NORMAL    RECORD    YEAR
 MAXIMUM TEMPERATURE (F)   95       110      2011
 MINIMUM TEMPERATURE (F)   70        53      1992


SUNRISE AND SUNSET
AUGUST 28 2015........SUNRISE   705 AM CDT   SUNSET   805 PM CDT
AUGUST 29 2015........SUNRISE   705 AM CDT   SUNSET   804 PM CDT


-  INDICATES NEGATIVE NUMBERS.
R  INDICATES RECORD WAS SET OR TIED.
MM INDICATES DATA IS MISSING.
T  INDICATES TRACE AMOUNT.




$$
