000
CDUS42 KTBW 242119
CLISRQ


CLIMATE REPORT
NATIONAL WEATHER SERVICE TAMPA BAY FL
518 PM EDT FRI MAR 24 2017


...................................

...THE SARASOTA BRADENTON CLIMATE SUMMARY FOR MARCH 24 2017...
VALID TODAY AS OF 0500 PM LOCAL TIME.

CLIMATE NORMAL PERIOD 1981 TO 2010
CLIMATE RECORD PERIOD 1911 TO 2017


WEATHER ITEM   OBSERVED TIME   RECORD YEAR NORMAL DEPARTURE LAST
                VALUE   (LST)  VALUE       VALUE  FROM      YEAR
                                                  NORMAL
..................................................................
TEMPERATURE (F)
 TODAY
  MAXIMUM         83    355 PM  88    1974  77      6       86
  MINIMUM         61    701 AM  38    1986  58      3       60
  AVERAGE         72                        68      4       73

PRECIPITATION (IN)
  TODAY            0.00          1.59 1958   0.12  -0.12     0.00
  MONTH TO DATE    0.48                      3.02  -2.54     0.50
  SINCE MAR 1      0.48                      3.02  -2.54     0.50
  SINCE JAN 1      2.97                      8.21  -5.24     6.18

DEGREE DAYS
 HEATING
  TODAY            0                         1     -1        0
  MONTH TO DATE   53                        43     10       14
  SINCE MAR 1     53                        43     10       14
  SINCE JUL 1    201                       461   -260      320

 COOLING
  TODAY            7                         4      3        8
  MONTH TO DATE   72                        74     -2      131
  SINCE MAR 1     72                        74     -2      131
  SINCE JAN 1    246                       178     68      197
..................................................................


WIND (MPH)
  RESULTANT WIND SPEED  13   RESULTANT WIND DIRECTION   E (80)
  HIGHEST WIND SPEED    23   HIGHEST WIND DIRECTION     E (80)
  HIGHEST GUST SPEED    29   HIGHEST GUST DIRECTION     E (80)
  AVERAGE WIND SPEED    12.9


SKY COVER
  POSSIBLE SUNSHINE  MM
  AVERAGE SKY COVER 0.1


WEATHER CONDITIONS
 THE FOLLOWING WEATHER WAS RECORDED TODAY.
  NO SIGNIFICANT WEATHER WAS OBSERVED.


RELATIVE HUMIDITY (PERCENT)
 HIGHEST    90           300 AM
 LOWEST     34           200 PM

..........................................................


THE SARASOTA BRADENTON CLIMATE NORMALS FOR TOMORROW
                         NORMAL    RECORD    YEAR
 MAXIMUM TEMPERATURE (F)   77        90      1929
 MINIMUM TEMPERATURE (F)   58        32      1915


SUNRISE AND SUNSET
MARCH 24 2017.........SUNRISE   729 AM EDT   SUNSET   744 PM EDT
MARCH 25 2017.........SUNRISE   728 AM EDT   SUNSET   744 PM EDT


-  INDICATES NEGATIVE NUMBERS.
R  INDICATES RECORD WAS SET OR TIED.
MM INDICATES DATA IS MISSING.
T  INDICATES TRACE AMOUNT.




$$


&&
------------------------------------------------------------------
******************** SUPPLEMENTAL DATA ***************************

...GULF WATER TEMPERATURE AT VENICE 70 DEGREES
