000
CDUS42 KTBW 290829
CLISRQ


CLIMATE REPORT
NATIONAL WEATHER SERVICE TAMPA BAY FL
426 AM EDT FRI MAY 29 2015


...................................

...THE SARASOTA BRADENTON CLIMATE SUMMARY FOR MAY 28 2015...

CLIMATE NORMAL PERIOD 1981 TO 2010
CLIMATE RECORD PERIOD 1911 TO 2015


WEATHER ITEM   OBSERVED TIME   RECORD YEAR NORMAL DEPARTURE LAST
                VALUE   (LST)  VALUE       VALUE  FROM      YEAR
                                                  NORMAL
..................................................................
TEMPERATURE (F)
 YESTERDAY
  MAXIMUM         89    432 PM  98    1953  87      2       86
  MINIMUM         69    554 AM  59    1942  70     -1       71
  AVERAGE         79                        78      1       79

PRECIPITATION (IN)
  YESTERDAY        0.00          1.53 1963   0.10  -0.10     0.00
  MONTH TO DATE    4.69                      1.89   2.80     6.49
  SINCE MAR 1      7.33                      8.19  -0.86    14.20
  SINCE JAN 1     12.21                     13.38  -1.17    17.82

DEGREE DAYS
 HEATING
  YESTERDAY        0                         0      0        0
  MONTH TO DATE    0                         0      0        0
  SINCE MAR 1     13                        59    -46       37
  SINCE JUL 1    470                       477     -7      345

 COOLING
  YESTERDAY       14                        14      0       14
  MONTH TO DATE  374                       313     61      351
  SINCE MAR 1    930                       606    324      653
  SINCE JAN 1    999                       710    289      769
..................................................................


WIND (MPH)
  HIGHEST WIND SPEED    17   HIGHEST WIND DIRECTION     E (100)
  HIGHEST GUST SPEED    24   HIGHEST GUST DIRECTION     E (80)
  AVERAGE WIND SPEED     9.5


SKY COVER
  POSSIBLE SUNSHINE  MM
  AVERAGE SKY COVER 0.2


WEATHER CONDITIONS
 THE FOLLOWING WEATHER WAS RECORDED YESTERDAY.
  NO SIGNIFICANT WEATHER WAS OBSERVED.


RELATIVE HUMIDITY (PERCENT)
 HIGHEST    90           500 AM
 LOWEST     40           600 PM

..........................................................


THE SARASOTA BRADENTON CLIMATE NORMALS FOR TODAY
                         NORMAL    RECORD    YEAR
 MAXIMUM TEMPERATURE (F)   87        95      2011
                                             2006
                                             1989
 MINIMUM TEMPERATURE (F)   70        57      1935


SUNRISE AND SUNSET
MAY 29 2015...........SUNRISE   636 AM EDT   SUNSET   819 PM EDT
MAY 30 2015...........SUNRISE   636 AM EDT   SUNSET   820 PM EDT


-  INDICATES NEGATIVE NUMBERS.
R  INDICATES RECORD WAS SET OR TIED.
MM INDICATES DATA IS MISSING.
T  INDICATES TRACE AMOUNT.




$$


&&
------------------------------------------------------------------
******************** SUPPLEMENTAL DATA ***************************

...GULF WATER TEMPERATURE AT NEW PASS 82
