000
CDUS42 KTBW 180831
CLISRQ


CLIMATE REPORT
NATIONAL WEATHER SERVICE TAMPA BAY FL
428 AM EDT WED OCT 18 2017


...................................

...THE SARASOTA BRADENTON CLIMATE SUMMARY FOR OCTOBER 17 2017...

CLIMATE NORMAL PERIOD 1981 TO 2010
CLIMATE RECORD PERIOD 1911 TO 2017


WEATHER ITEM   OBSERVED TIME   RECORD YEAR NORMAL DEPARTURE LAST
                VALUE   (LST)  VALUE       VALUE  FROM      YEAR
                                                  NORMAL
..................................................................
TEMPERATURE (F)
 YESTERDAY
  MAXIMUM         82    143 PM  94    1925  85     -3       91
  MINIMUM         73   1159 PM  49    1943  67      6       72
  AVERAGE         78                        76      2       82

PRECIPITATION (IN)
  YESTERDAY        0.00          3.30 1933   0.09  -0.09     0.00
  MONTH TO DATE    0.31                      1.98  -1.67     2.64
  SINCE SEP 1     11.92                      9.08   2.84     8.12
  SINCE JAN 1     61.43                     47.41  14.02    47.84

DEGREE DAYS
 HEATING
  YESTERDAY        0                         0      0        0
  MONTH TO DATE    0                         0      0        0
  SINCE SEP 1      0                         0      0        0
  SINCE JUL 1      0                         0      0        0

 COOLING
  YESTERDAY       13                        11      2       17
  MONTH TO DATE  287                       222     65      287
  SINCE SEP 1    750                       714     36      862
  SINCE JAN 1   3409                      3011    398     3641
..................................................................


WIND (MPH)
  HIGHEST WIND SPEED    21   HIGHEST WIND DIRECTION     N (20)
  HIGHEST GUST SPEED    27   HIGHEST GUST DIRECTION     N (20)
  AVERAGE WIND SPEED     9.8


SKY COVER
  POSSIBLE SUNSHINE  MM
  AVERAGE SKY COVER 0.2


WEATHER CONDITIONS
 THE FOLLOWING WEATHER WAS RECORDED YESTERDAY.
  NO SIGNIFICANT WEATHER WAS OBSERVED.


RELATIVE HUMIDITY (PERCENT)
 HIGHEST    94           200 AM
 LOWEST     74          1100 AM

..........................................................


THE SARASOTA BRADENTON CLIMATE NORMALS FOR TODAY
                         NORMAL    RECORD    YEAR
 MAXIMUM TEMPERATURE (F)   85        93      1989
 MINIMUM TEMPERATURE (F)   67        44      1977


SUNRISE AND SUNSET
OCTOBER 18 2017.......SUNRISE   732 AM EDT   SUNSET   658 PM EDT
OCTOBER 19 2017.......SUNRISE   733 AM EDT   SUNSET   657 PM EDT


-  INDICATES NEGATIVE NUMBERS.
R  INDICATES RECORD WAS SET OR TIED.
MM INDICATES DATA IS MISSING.
T  INDICATES TRACE AMOUNT.




$$


&&
------------------------------------------------------------------
******************** SUPPLEMENTAL DATA ***************************

...GULF WATER TEMPERATURE AT VENICE 82 DEGREES
