304
CDUS42 KTBW 162123
CLISRQ


CLIMATE REPORT
NATIONAL WEATHER SERVICE TAMPA BAY FL
520 PM EDT WED AUG 16 2017


...................................

...THE SARASOTA BRADENTON CLIMATE SUMMARY FOR AUGUST 16 2017...
VALID TODAY AS OF 0500 PM LOCAL TIME.

CLIMATE NORMAL PERIOD 1981 TO 2010
CLIMATE RECORD PERIOD 1911 TO 2017


WEATHER ITEM   OBSERVED TIME   RECORD YEAR NORMAL DEPARTURE LAST
                VALUE   (LST)  VALUE       VALUE  FROM      YEAR
                                                  NORMAL
..................................................................
TEMPERATURE (F)
 TODAY
  MAXIMUM         91   1258 PM  99    1995  90      1       97
  MINIMUM         78    551 AM  67    1972  74      4       79
                                      1970
                                      1920
  AVERAGE         85                        82      3       88

PRECIPITATION (IN)
  TODAY            0.02          2.10 1970   0.33  -0.31     0.00
  MONTH TO DATE    1.46                      4.64  -3.18     3.86
  SINCE JUN 1     21.72                     20.13   1.59    16.80
  SINCE JAN 1     30.00                     33.83  -3.83    29.08

DEGREE DAYS
 HEATING
  TODAY            0                         0      0        0
  MONTH TO DATE    0                         0      0        0
  SINCE JUN 1      0                         0      0        0
  SINCE JUL 1      0                         0      0        0

 COOLING
  TODAY           20                        17      3       23
  MONTH TO DATE  303                       272     31      309
  SINCE JUN 1   1352                      1283     69     1506
  SINCE JAN 1   2389                      2034    355     2470
..................................................................


WIND (MPH)
  RESULTANT WIND SPEED   1   RESULTANT WIND DIRECTION  NW (320)
  HIGHEST WIND SPEED    20   HIGHEST WIND DIRECTION    NE (50)
  HIGHEST GUST SPEED    26   HIGHEST GUST DIRECTION    NE (50)
  AVERAGE WIND SPEED     3.5


SKY COVER
  POSSIBLE SUNSHINE  MM
  AVERAGE SKY COVER 0.3


WEATHER CONDITIONS
 THE FOLLOWING WEATHER WAS RECORDED TODAY.
  THUNDERSTORM
  LIGHT RAIN


RELATIVE HUMIDITY (PERCENT)
 HIGHEST    91           300 AM
 LOWEST     56          1000 AM

..........................................................


THE SARASOTA BRADENTON CLIMATE NORMALS FOR TOMORROW
                         NORMAL    RECORD    YEAR
 MAXIMUM TEMPERATURE (F)   90        97      1973
                                             1925
 MINIMUM TEMPERATURE (F)   74        67      1927
                                             1920


SUNRISE AND SUNSET
AUGUST 16 2017........SUNRISE   702 AM EDT   SUNSET   807 PM EDT
AUGUST 17 2017........SUNRISE   702 AM EDT   SUNSET   806 PM EDT


-  INDICATES NEGATIVE NUMBERS.
R  INDICATES RECORD WAS SET OR TIED.
MM INDICATES DATA IS MISSING.
T  INDICATES TRACE AMOUNT.




$$


&&
------------------------------------------------------------------
******************** SUPPLEMENTAL DATA ***************************

...GULF WATER TEMPERATURE AT VENICE 92 DEGREES
