000
CDUS42 KTBW 212213
CLISRQ


CLIMATE REPORT
NATIONAL WEATHER SERVICE TAMPA BAY FL
512 PM EST TUE FEB 21 2017


...................................

...THE SARASOTA BRADENTON CLIMATE SUMMARY FOR FEBRUARY 21 2017...
VALID TODAY AS OF 0500 PM LOCAL TIME.

CLIMATE NORMAL PERIOD 1981 TO 2010
CLIMATE RECORD PERIOD 1911 TO 2017


WEATHER ITEM   OBSERVED TIME   RECORD YEAR NORMAL DEPARTURE LAST
                VALUE   (LST)  VALUE       VALUE  FROM      YEAR
                                                  NORMAL
..................................................................
TEMPERATURE (F)
 TODAY
  MAXIMUM         79    124 PM  87    1997  74      5       77
                                      1977
  MINIMUM         61    247 AM  32    1958  54      7       51
  AVERAGE         70                        64      6       64

PRECIPITATION (IN)
  TODAY            0.00          1.25 1967   0.13  -0.13     0.00
  MONTH TO DATE    0.72                      1.71  -0.99     0.99
  SINCE DEC 1      3.67                      6.73  -3.06     6.69
  SINCE JAN 1      2.42                      4.20  -1.78     5.40

DEGREE DAYS
 HEATING
  TODAY            0                         3     -3        1
  MONTH TO DATE   26                        77    -51      102
  SINCE DEC 1    137                       364   -227      272
  SINCE JUL 1    148                       397   -249      276

 COOLING
  TODAY            5                         2      3        0
  MONTH TO DATE   46                        38      8       28
  SINCE DEC 1    295                       164    131      312
  SINCE JAN 1    132                        90     42       53
..................................................................


WIND (MPH)
  RESULTANT WIND SPEED   6   RESULTANT WIND DIRECTION  SE (140)
  HIGHEST WIND SPEED    16   HIGHEST WIND DIRECTION    SE (150)
  HIGHEST GUST SPEED    21   HIGHEST GUST DIRECTION    SE (150)
  AVERAGE WIND SPEED     7.9


SKY COVER
  POSSIBLE SUNSHINE  MM
  AVERAGE SKY COVER 0.1


WEATHER CONDITIONS
 THE FOLLOWING WEATHER WAS RECORDED TODAY.
  HAZE


RELATIVE HUMIDITY (PERCENT)
 HIGHEST    93           100 AM
 LOWEST     54          1200 PM

..........................................................


THE SARASOTA BRADENTON CLIMATE NORMALS FOR TOMORROW
                         NORMAL    RECORD    YEAR
 MAXIMUM TEMPERATURE (F)   74        87      1990
 MINIMUM TEMPERATURE (F)   54        30      1977


SUNRISE AND SUNSET
FEBRUARY 21 2017......SUNRISE   702 AM EST   SUNSET   626 PM EST
FEBRUARY 22 2017......SUNRISE   701 AM EST   SUNSET   627 PM EST


-  INDICATES NEGATIVE NUMBERS.
R  INDICATES RECORD WAS SET OR TIED.
MM INDICATES DATA IS MISSING.
T  INDICATES TRACE AMOUNT.




$$


&&
------------------------------------------------------------------
******************** SUPPLEMENTAL DATA ***************************

...GULF WATER TEMPERATURE AT VENICE 71 DEGREES
