000
CDUS42 KTBW 172216
CLISRQ


CLIMATE REPORT
NATIONAL WEATHER SERVICE TAMPA BAY FL
514 PM EST SUN DEC 17 2017


...................................

...THE SARASOTA BRADENTON CLIMATE SUMMARY FOR DECEMBER 17 2017...
VALID TODAY AS OF 0500 PM LOCAL TIME.

CLIMATE NORMAL PERIOD 1981 TO 2010
CLIMATE RECORD PERIOD 1911 TO 2017


WEATHER ITEM   OBSERVED TIME   RECORD YEAR NORMAL DEPARTURE LAST
                VALUE   (LST)  VALUE       VALUE  FROM      YEAR
                                                  NORMAL
..................................................................
TEMPERATURE (F)
 TODAY
  MAXIMUM         79    203 PM  88    1965  73      6       83
  MINIMUM         57    742 AM  29    1968  53      4       61
  AVERAGE         68                        63      5       72

PRECIPITATION (IN)
  TODAY            0.00          1.70 1911   0.10  -0.10     0.00
  MONTH TO DATE    1.05                      1.29  -0.24     1.22
  SINCE DEC 1      1.05                      1.29  -0.24     1.22
  SINCE JAN 1     65.24                     51.77  13.47    49.08

DEGREE DAYS
 HEATING
  TODAY            0                         4     -4        0
  MONTH TO DATE   51                        55     -4        9
  SINCE DEC 1     51                        55     -4        9
  SINCE JUL 1     64                        88    -24       20

 COOLING
  TODAY            3                         2      1        7
  MONTH TO DATE   61                        48     13       78
  SINCE DEC 1     61                        48     13       78
  SINCE JAN 1   3764                      3348    416     4104
..................................................................


WIND (MPH)
  RESULTANT WIND SPEED   4   RESULTANT WIND DIRECTION   E (110)
  HIGHEST WIND SPEED    14   HIGHEST WIND DIRECTION    SE (130)
  HIGHEST GUST SPEED    18   HIGHEST GUST DIRECTION    SE (120)
  AVERAGE WIND SPEED     7.2


SKY COVER
  POSSIBLE SUNSHINE  MM
  AVERAGE SKY COVER 0.2


WEATHER CONDITIONS
 THE FOLLOWING WEATHER WAS RECORDED TODAY.
  NO SIGNIFICANT WEATHER WAS OBSERVED.


RELATIVE HUMIDITY (PERCENT)
 HIGHEST   100           800 AM
 LOWEST     64          1200 PM

..........................................................


THE SARASOTA BRADENTON CLIMATE NORMALS FOR TOMORROW
                         NORMAL    RECORD    YEAR
 MAXIMUM TEMPERATURE (F)   73        90      1967
 MINIMUM TEMPERATURE (F)   53        32      1973


SUNRISE AND SUNSET
DECEMBER 17 2017......SUNRISE   714 AM EST   SUNSET   539 PM EST
DECEMBER 18 2017......SUNRISE   714 AM EST   SUNSET   539 PM EST


-  INDICATES NEGATIVE NUMBERS.
R  INDICATES RECORD WAS SET OR TIED.
MM INDICATES DATA IS MISSING.
T  INDICATES TRACE AMOUNT.




$$


&&
------------------------------------------------------------------
******************** SUPPLEMENTAL DATA ***************************

...GULF WATER TEMPERATURE AT VENICE 69 DEGREES
