470
CDUS42 KTBW 292119
CLISRQ


CLIMATE REPORT
NATIONAL WEATHER SERVICE TAMPA BAY FL
517 PM EDT MON AUG 29 2016


...................................

...THE SARASOTA BRADENTON CLIMATE SUMMARY FOR AUGUST 29 2016...
VALID TODAY AS OF 0500 PM LOCAL TIME.

CLIMATE NORMAL PERIOD 1981 TO 2010
CLIMATE RECORD PERIOD 1911 TO 2016


WEATHER ITEM   OBSERVED TIME   RECORD YEAR NORMAL DEPARTURE LAST
                VALUE   (LST)  VALUE       VALUE  FROM      YEAR
                                                  NORMAL
..................................................................
TEMPERATURE (F)
 TODAY
  MAXIMUM         93    117 PM  98    1938  90      3       93
  MINIMUM         79    640 AM  68    1960  75      4       73
  AVERAGE         86                        82      4       83

PRECIPITATION (IN)
  TODAY            0.03          2.64 1954   0.30  -0.27     0.04
  MONTH TO DATE    6.58                      8.56  -1.98     4.42
  SINCE JUN 1     19.52                     24.05  -4.53    14.96
  SINCE JAN 1     31.80                     37.75  -5.95    27.28

DEGREE DAYS
 HEATING
  TODAY            0                         0      0        0
  MONTH TO DATE    0                         0      0        0
  SINCE JUN 1      0                         0      0        0
  SINCE JUL 1      0                         0      0        0

 COOLING
  TODAY           21                        17      4       18
  MONTH TO DATE  587                       493     94      513
  SINCE JUN 1   1784                      1504    280     1561
  SINCE JAN 1   2748                      2255    493     2601
..................................................................


WIND (MPH)
  RESULTANT WIND SPEED   9   RESULTANT WIND DIRECTION   E (80)
  HIGHEST WIND SPEED    23   HIGHEST WIND DIRECTION     E (110)
  HIGHEST GUST SPEED    28   HIGHEST GUST DIRECTION     E (100)
  AVERAGE WIND SPEED     9.5


SKY COVER
  POSSIBLE SUNSHINE  MM
  AVERAGE SKY COVER 0.4


WEATHER CONDITIONS
 THE FOLLOWING WEATHER WAS RECORDED TODAY.
  THUNDERSTORM
  LIGHT RAIN


RELATIVE HUMIDITY (PERCENT)
 HIGHEST    91           300 AM
 LOWEST     56          1200 PM

..........................................................


THE SARASOTA BRADENTON CLIMATE NORMALS FOR TOMORROW
                         NORMAL    RECORD    YEAR
 MAXIMUM TEMPERATURE (F)   90        97      2014
 MINIMUM TEMPERATURE (F)   75        64      1930


SUNRISE AND SUNSET
AUGUST 29 2016........SUNRISE   708 AM EDT   SUNSET   753 PM EDT
AUGUST 30 2016........SUNRISE   709 AM EDT   SUNSET   752 PM EDT


-  INDICATES NEGATIVE NUMBERS.
R  INDICATES RECORD WAS SET OR TIED.
MM INDICATES DATA IS MISSING.
T  INDICATES TRACE AMOUNT.




$$


&&
------------------------------------------------------------------
******************** SUPPLEMENTAL DATA ***************************

...GULF WATER TEMPERATURE AT VENICE 86 DEGREES
