000
CDUS42 KJAX 220532
CLISSI


CLIMATE REPORT
NATIONAL WEATHER SERVICE JACKSONVILLE FL
132 AM EDT FRI AUG 22 2014


...................................

...THE ST SIMONS ISLAND CLIMATE SUMMARY FOR AUGUST 21 2014...

CLIMATE NORMAL PERIOD 1981 TO 2010
CLIMATE RECORD PERIOD 1948 TO 2014


WEATHER ITEM   OBSERVED TIME   RECORD YEAR NORMAL DEPARTURE LAST
                VALUE   (LST)  VALUE       VALUE  FROM      YEAR
                                                  NORMAL
..................................................................
TEMPERATURE (F)
 YESTERDAY
  MAXIMUM         98R   359 PM  98    1983  88     10       88
  MINIMUM         75    608 AM  65    1961  75      0       78
  AVERAGE         87                        82      5       83

PRECIPITATION (IN)
  YESTERDAY        0.00          1.15 2010   0.23  -0.23     0.18
  MONTH TO DATE    2.36                      3.89  -1.53     5.69
  SINCE JUN 1      9.82                     12.81  -2.99    20.31
  SINCE JAN 1     28.31                     27.73   0.58    32.73

SNOWFALL (IN)
  YESTERDAY        0.0           0.0    MM                   0.0
  MONTH TO DATE    0.0                                       0.0
  SINCE JUN 1      0.0                                       0.0
  SINCE JUL 1      0.0                                       0.0
  SNOW DEPTH       0

DEGREE DAYS
 HEATING
  YESTERDAY        0                         0      0        0
  MONTH TO DATE    0                         0      0        0
  SINCE JUN 1      0                         0      0        0
  SINCE JUL 1      0                         0      0        0

 COOLING
  YESTERDAY       22                        17      5       18
  MONTH TO DATE  392                       364     28      379
  SINCE JUN 1   1398                      1376     22     1389
  SINCE JAN 1   1841                      1818     23     1790
..................................................................


WIND (MPH)
  HIGHEST WIND SPEED    12   HIGHEST WIND DIRECTION    NW (310)
  HIGHEST GUST SPEED    16   HIGHEST GUST DIRECTION    NW (320)
  AVERAGE WIND SPEED     6.2


SKY COVER
  POSSIBLE SUNSHINE  MM
  AVERAGE SKY COVER 0.0


WEATHER CONDITIONS
 THE FOLLOWING WEATHER WAS RECORDED YESTERDAY.
  NO SIGNIFICANT WEATHER WAS OBSERVED.


RELATIVE HUMIDITY (PERCENT)
 HIGHEST    82           600 AM
 LOWEST     39           100 PM
 AVERAGE    61

..........................................................


THE ST SIMONS ISLAND CLIMATE NORMALS FOR TODAY
                         NORMAL    RECORD    YEAR
 MAXIMUM TEMPERATURE (F)   88        97      1966
 MINIMUM TEMPERATURE (F)   75        65      1973


SUNRISE AND SUNSET
AUGUST 22 2014........SUNRISE   656 AM EDT   SUNSET   801 PM EDT
AUGUST 23 2014........SUNRISE   656 AM EDT   SUNSET   800 PM EDT


-  INDICATES NEGATIVE NUMBERS.
R  INDICATES RECORD WAS SET OR TIED.
MM INDICATES DATA IS MISSING.
T  INDICATES TRACE AMOUNT.




$$
