000
CDUS42 KJAX 160534
CLISSI


CLIMATE REPORT
NATIONAL WEATHER SERVICE JACKSONVILLE FL
134 AM EDT WED AUG 16 2017


...................................

...THE ST SIMONS ISLAND CLIMATE SUMMARY FOR AUGUST 15 2017...

CLIMATE NORMAL PERIOD 1981 TO 2010
CLIMATE RECORD PERIOD 1948 TO 2017


WEATHER ITEM   OBSERVED TIME   RECORD YEAR NORMAL DEPARTURE LAST
                VALUE   (LST)  VALUE       VALUE  FROM      YEAR
                                                  NORMAL
..................................................................
TEMPERATURE (F)
 YESTERDAY
  MAXIMUM         95    404 PM  97    2011  89      6       91
  MINIMUM         78    619 AM  66    1967  75      3       76
  AVERAGE         87                        82      5       84

PRECIPITATION (IN)
  YESTERDAY        0.00          5.61 1987   0.20  -0.20     0.00
  MONTH TO DATE    1.90                      2.63  -0.73     1.39
  SINCE JUN 1     13.87                     11.55   2.32     8.37
  SINCE JAN 1     26.01                     26.47  -0.46    21.40

SNOWFALL (IN)
  YESTERDAY        0.0           0.0    MM                   0.0
  MONTH TO DATE    0.0                                       0.0
  SINCE JUN 1      0.0                                       0.0
  SINCE JUL 1      0.0                                       0.0
  SNOW DEPTH       0

DEGREE DAYS
 HEATING
  YESTERDAY        0                         0      0        0
  MONTH TO DATE    0                         0      0        0
  SINCE JUN 1      0                         0      0        0
  SINCE JUL 1      0                         0      0        0

 COOLING
  YESTERDAY       22                        17      5       19
  MONTH TO DATE  275                       262     13      278
  SINCE JUN 1   1328                      1274     54     1434
  SINCE JAN 1   2036                      1716    320     1958
..................................................................


WIND (MPH)
  HIGHEST WIND SPEED    13   HIGHEST WIND DIRECTION     W (270)
  HIGHEST GUST SPEED    17   HIGHEST GUST DIRECTION     W (260)
  AVERAGE WIND SPEED     8.0


SKY COVER
  POSSIBLE SUNSHINE  MM
  AVERAGE SKY COVER 0.1


WEATHER CONDITIONS
 THE FOLLOWING WEATHER WAS RECORDED YESTERDAY.
  NO SIGNIFICANT WEATHER WAS OBSERVED.


RELATIVE HUMIDITY (PERCENT)
 HIGHEST    97           700 AM
 LOWEST     52           400 PM
 AVERAGE    75

..........................................................


THE ST SIMONS ISLAND CLIMATE NORMALS FOR TODAY
                         NORMAL    RECORD    YEAR
 MAXIMUM TEMPERATURE (F)   89        97      1984
 MINIMUM TEMPERATURE (F)   75        67      1967


SUNRISE AND SUNSET
AUGUST 16 2017........SUNRISE   652 AM EDT   SUNSET   807 PM EDT
AUGUST 17 2017........SUNRISE   653 AM EDT   SUNSET   806 PM EDT


-  INDICATES NEGATIVE NUMBERS.
R  INDICATES RECORD WAS SET OR TIED.
MM INDICATES DATA IS MISSING.
T  INDICATES TRACE AMOUNT.




$$
