000
CDUS42 KJAX 022143
CLISSI


CLIMATE REPORT
NATIONAL WEATHER SERVICE JACKSONVILLE FL
542 PM EDT TUE JUN 2 2015


...................................

...THE ST SIMONS ISLAND CLIMATE SUMMARY FOR JUNE 2 2015...
VALID TODAY AS OF 0500 PM LOCAL TIME.

CLIMATE NORMAL PERIOD 1981 TO 2010
CLIMATE RECORD PERIOD 1948 TO 2015


WEATHER ITEM   OBSERVED TIME   RECORD YEAR NORMAL DEPARTURE LAST
                VALUE   (LST)  VALUE       VALUE  FROM      YEAR
                                                  NORMAL
..................................................................
TEMPERATURE (F)
 TODAY
  MAXIMUM         82    222 PM 102    1998  86     -4       83
  MINIMUM         69    510 AM  58    1972  71     -2       73
  AVERAGE         76                        78     -2       78

PRECIPITATION (IN)
  TODAY            3.00          3.64 2007   0.15   2.85     0.00
  MONTH TO DATE    3.03                      0.29   2.74     0.10
  SINCE JUN 1      3.03                      0.29   2.74     0.10
  SINCE JAN 1     17.15                     15.21   1.94    18.59

SNOWFALL (IN)
  TODAY            0.0           0.0    MM                   0.0
  MONTH TO DATE    0.0                                       0.0
  SINCE JUN 1      0.0                                       0.0
  SINCE JUL 1      0.0                                        T

DEGREE DAYS
 HEATING
  TODAY            0                         0      0        0
  MONTH TO DATE    0                         0      0        0
  SINCE JUN 1      0                         0      0        0
  SINCE JUL 1   1495                      1488      7     1494

 COOLING
  TODAY           11                        13     -2       13
  MONTH TO DATE   23                        26     -3       23
  SINCE JUN 1     23                        26     -3       23
  SINCE JAN 1    571                       468    103      466
..................................................................


WIND (MPH)
  HIGHEST WIND SPEED    13   HIGHEST WIND DIRECTION    SE (130)
  HIGHEST GUST SPEED    16   HIGHEST GUST DIRECTION    SE (130)
  AVERAGE WIND SPEED    MM


SKY COVER
  POSSIBLE SUNSHINE  MM
  AVERAGE SKY COVER  MM


WEATHER CONDITIONS
 THE FOLLOWING WEATHER WAS RECORDED TODAY.
  NO SIGNIFICANT WEATHER WAS OBSERVED.


RELATIVE HUMIDITY (PERCENT)
 HIGHEST    MM
 LOWEST     MM
 AVERAGE    MM

..........................................................


THE ST SIMONS ISLAND CLIMATE NORMALS FOR TOMORROW
                         NORMAL    RECORD    YEAR
 MAXIMUM TEMPERATURE (F)   86       103      1985
 MINIMUM TEMPERATURE (F)   71        58      1956


SUNRISE AND SUNSET
JUNE  2 2015..........SUNRISE   622 AM EDT   SUNSET   825 PM EDT
JUNE  3 2015..........SUNRISE   622 AM EDT   SUNSET   826 PM EDT


-  INDICATES NEGATIVE NUMBERS.
R  INDICATES RECORD WAS SET OR TIED.
MM INDICATES DATA IS MISSING.
T  INDICATES TRACE AMOUNT.




$$
