000
CDUS42 KJAX 020531
CLISSI


CLIMATE REPORT
NATIONAL WEATHER SERVICE JACKSONVILLE FL
131 AM EDT MON MAY 2 2016


...................................

...THE ST SIMONS ISLAND CLIMATE SUMMARY FOR MAY 1 2016...

CLIMATE NORMAL PERIOD 1981 TO 2010
CLIMATE RECORD PERIOD 1948 TO 2016


WEATHER ITEM   OBSERVED TIME   RECORD YEAR NORMAL DEPARTURE LAST
                VALUE   (LST)  VALUE       VALUE  FROM      YEAR
                                                  NORMAL
..................................................................
TEMPERATURE (F)
 YESTERDAY
  MAXIMUM         82    143 PM  93    1981  79      3       75
  MINIMUM         72   1111 PM  50    1999  62     10       57
  AVERAGE         77                        70      7       66

PRECIPITATION (IN)
  YESTERDAY        T             1.19 1976   0.05  -0.05     0.00
  MONTH TO DATE    T                         0.05  -0.05     0.00
  SINCE MAR 1      4.21                      6.42  -2.21     5.80
  SINCE JAN 1     11.35                     13.11  -1.76    11.52

SNOWFALL (IN)
  YESTERDAY        0.0           0.0    MM                   0.0
  MONTH TO DATE    0.0                                       0.0
  SINCE MAR 1      0.0                                       0.0
  SINCE JUL 1      0.0                                       0.0
  SNOW DEPTH       0

DEGREE DAYS
 HEATING
  YESTERDAY        0                         1     -1        0
  MONTH TO DATE    0                         1     -1        0
  SINCE MAR 1    111                       234   -123      114
  SINCE JUL 1   1017                      1485   -468     1494

 COOLING
  YESTERDAY       12                         6      6        1
  MONTH TO DATE   12                         6      6        1
  SINCE MAR 1    215                       140     75      206
  SINCE JAN 1    219                       149     70      212
..................................................................


WIND (MPH)
  HIGHEST WIND SPEED    17   HIGHEST WIND DIRECTION    SE (130)
  HIGHEST GUST SPEED    21   HIGHEST GUST DIRECTION    SE (140)
  AVERAGE WIND SPEED     7.8


SKY COVER
  POSSIBLE SUNSHINE  MM
  AVERAGE SKY COVER 0.4


WEATHER CONDITIONS
 THE FOLLOWING WEATHER WAS RECORDED YESTERDAY.
  LIGHT RAIN


RELATIVE HUMIDITY (PERCENT)
 HIGHEST   100           300 AM
 LOWEST     69           100 PM
 AVERAGE    85

..........................................................


THE ST SIMONS ISLAND CLIMATE NORMALS FOR TODAY
                         NORMAL    RECORD    YEAR
 MAXIMUM TEMPERATURE (F)   79        93      2002
 MINIMUM TEMPERATURE (F)   63        46      1963


SUNRISE AND SUNSET
MAY  2 2016...........SUNRISE   640 AM EDT   SUNSET   806 PM EDT
MAY  3 2016...........SUNRISE   639 AM EDT   SUNSET   806 PM EDT


-  INDICATES NEGATIVE NUMBERS.
R  INDICATES RECORD WAS SET OR TIED.
MM INDICATES DATA IS MISSING.
T  INDICATES TRACE AMOUNT.




$$
