000
CDUS42 KJAX 290531
CLISSI


CLIMATE REPORT
NATIONAL WEATHER SERVICE JACKSONVILLE FL
131 AM EDT SUN MAY 29 2016


...................................

...THE ST SIMONS ISLAND CLIMATE SUMMARY FOR MAY 28 2016...

CLIMATE NORMAL PERIOD 1981 TO 2010
CLIMATE RECORD PERIOD 1948 TO 2016


WEATHER ITEM   OBSERVED TIME   RECORD YEAR NORMAL DEPARTURE LAST
                VALUE   (LST)  VALUE       VALUE  FROM      YEAR
                                                  NORMAL
..................................................................
TEMPERATURE (F)
 YESTERDAY
  MAXIMUM         84    244 PM  97    1964  85     -1       83
  MINIMUM         71   1159 PM  54    1961  70      1       74
  AVERAGE         78                        78      0       79

PRECIPITATION (IN)
  YESTERDAY        0.00          1.33 1992   0.08  -0.08     0.00
  MONTH TO DATE    1.68                      1.57   0.11     1.22
  SINCE MAR 1      5.89                      7.94  -2.05     7.02
  SINCE JAN 1     13.03                     14.63  -1.60    12.74

SNOWFALL (IN)
  YESTERDAY        0.0           0.0    MM                   0.0
  MONTH TO DATE    0.0                                       0.0
  SINCE MAR 1      0.0                                       0.0
  SINCE JUL 1      0.0                                       0.0
  SNOW DEPTH       0

DEGREE DAYS
 HEATING
  YESTERDAY        0                         0      0        0
  MONTH TO DATE    4                         2      2        1
  SINCE MAR 1    115                       235   -120      115
  SINCE JUL 1   1021                      1486   -465     1495

 COOLING
  YESTERDAY       13                        12      1       14
  MONTH TO DATE  273                       259     14      300
  SINCE MAR 1    476                       393     83      505
  SINCE JAN 1    480                       402     78      511
..................................................................


WIND (MPH)
  HIGHEST WIND SPEED    25   HIGHEST WIND DIRECTION    NE (40)
  HIGHEST GUST SPEED    33   HIGHEST GUST DIRECTION    NE (30)
  AVERAGE WIND SPEED    11.7


SKY COVER
  POSSIBLE SUNSHINE  MM
  AVERAGE SKY COVER 0.3


WEATHER CONDITIONS
 THE FOLLOWING WEATHER WAS RECORDED YESTERDAY.
  NO SIGNIFICANT WEATHER WAS OBSERVED.


RELATIVE HUMIDITY (PERCENT)
 HIGHEST    93           200 AM
 LOWEST     61           100 PM
 AVERAGE    77

..........................................................


THE ST SIMONS ISLAND CLIMATE NORMALS FOR TODAY
                         NORMAL    RECORD    YEAR
 MAXIMUM TEMPERATURE (F)   85        93      1986
 MINIMUM TEMPERATURE (F)   70        57      1968


SUNRISE AND SUNSET
MAY 29 2016...........SUNRISE   623 AM EDT   SUNSET   823 PM EDT
MAY 30 2016...........SUNRISE   623 AM EDT   SUNSET   824 PM EDT


-  INDICATES NEGATIVE NUMBERS.
R  INDICATES RECORD WAS SET OR TIED.
MM INDICATES DATA IS MISSING.
T  INDICATES TRACE AMOUNT.




$$
