000
CDUS43 KMPX 150631
CLISTC


CLIMATE REPORT
NATIONAL WEATHER SERVICE CHANHASSEN MN
129 AM CDT MON SEP 15 2014


...................................

...THE ST CLOUD MN CLIMATE SUMMARY FOR SEPTEMBER 14 2014...

CLIMATE NORMAL PERIOD 1981 TO 2010
CLIMATE RECORD PERIOD 1893 TO 2014


WEATHER ITEM   OBSERVED TIME   RECORD YEAR NORMAL DEPARTURE LAST
                VALUE   (LST)  VALUE       VALUE  FROM      YEAR
                                                  NORMAL
..................................................................
TEMPERATURE (F)
 YESTERDAY
  MAXIMUM         63    230 PM  95    1939  71     -8       69
  MINIMUM         46    625 AM  31    1996  48     -2       45
  AVERAGE         55                        59     -4       57

PRECIPITATION (IN)
  YESTERDAY        0.00          1.75 1914   0.11  -0.11     1.23
  MONTH TO DATE    3.73                      1.76   1.97     1.33
  SINCE SEP 1      3.73                      1.76   1.97     1.33
  SINCE JAN 1     33.10                     21.34  11.76    21.66

SNOWFALL (IN)
  YESTERDAY        0.0           0.0    MM   0.0    0.0      0.0
  MONTH TO DATE    0.0                       0.0    0.0      0.0
  SINCE SEP 1      0.0                       0.0    0.0      0.0
  SINCE JUL 1      0.0                       0.0    0.0      0.0
  SNOW DEPTH       0

DEGREE DAYS
 HEATING
  YESTERDAY       10                         7      3        8
  MONTH TO DATE   81                        69     12       40
  SINCE SEP 1     81                        69     12       40
  SINCE JUL 1     90                       127    -37       89

 COOLING
  YESTERDAY        0                         1     -1        0
  MONTH TO DATE   20                        24     -4       60
  SINCE SEP 1     20                        24     -4       60
  SINCE JAN 1    574                       453    121      564
..................................................................


WIND (MPH)
  HIGHEST WIND SPEED    17   HIGHEST WIND DIRECTION     W (260)
  HIGHEST GUST SPEED    21   HIGHEST GUST DIRECTION     W (270)
  AVERAGE WIND SPEED     8.8


SKY COVER
  POSSIBLE SUNSHINE  MM
  AVERAGE SKY COVER 0.2


WEATHER CONDITIONS
 THE FOLLOWING WEATHER WAS RECORDED YESTERDAY.
  NO SIGNIFICANT WEATHER WAS OBSERVED.


RELATIVE HUMIDITY (PERCENT)
 HIGHEST    86           600 AM
 LOWEST     43          1200 PM
 AVERAGE    65

..........................................................


THE ST CLOUD MN CLIMATE NORMALS FOR TODAY
                         NORMAL    RECORD    YEAR
 MAXIMUM TEMPERATURE (F)   71        94      1948
 MINIMUM TEMPERATURE (F)   47        27      2007


SUNRISE AND SUNSET
SEPTEMBER 15 2014.....SUNRISE   655 AM CDT   SUNSET   727 PM CDT
SEPTEMBER 16 2014.....SUNRISE   656 AM CDT   SUNSET   725 PM CDT


-  INDICATES NEGATIVE NUMBERS.
R  INDICATES RECORD WAS SET OR TIED.
MM INDICATES DATA IS MISSING.
T  INDICATES TRACE AMOUNT.




$$
