000
CDUS43 KMPX 300633
CLISTC


CLIMATE REPORT
NATIONAL WEATHER SERVICE CHANHASSEN MN
133 AM CDT SUN AUG 30 2015


...................................

...THE ST CLOUD MN CLIMATE SUMMARY FOR AUGUST 29 2015...

CLIMATE NORMAL PERIOD 1981 TO 2010
CLIMATE RECORD PERIOD 1893 TO 2015


WEATHER ITEM   OBSERVED TIME   RECORD YEAR NORMAL DEPARTURE LAST
                VALUE   (LST)  VALUE       VALUE  FROM      YEAR
                                                  NORMAL
..................................................................
TEMPERATURE (F)
 YESTERDAY
  MAXIMUM         74    305 PM  94    1969  77     -3       74
                                      1961
  MINIMUM         52    600 AM  36    1946  54     -2       67
  AVERAGE         63                        65     -2       71

PRECIPITATION (IN)
  YESTERDAY        0.00          2.03 2014   0.14  -0.14     2.03
  MONTH TO DATE    3.10                      3.52  -0.42     4.80
  SINCE JUN 1     14.94                     11.00   3.94    12.23
  SINCE JAN 1     23.61                     19.31   4.30    28.58

SNOWFALL (IN)
  YESTERDAY        0.0           0.0    MM   0.0    0.0      0.0
  MONTH TO DATE    0.0                       0.0    0.0      0.0
  SINCE JUN 1      0.0                       0.0    0.0      0.0
  SINCE JUL 1      0.0                       0.0    0.0      0.0
  SNOW DEPTH       0

DEGREE DAYS
 HEATING
  YESTERDAY        2                         2      0        0
  MONTH TO DATE   40                        36      4        2
  SINCE JUN 1     80                       131    -51       35
  SINCE JUL 1     52                        53     -1        9

 COOLING
  YESTERDAY        0                         3     -3        6
  MONTH TO DATE   99                       121    -22      189
  SINCE JUN 1    368                       398    -30      497
  SINCE JAN 1    373                       423    -50      541
..................................................................


WIND (MPH)
  HIGHEST WIND SPEED    12   HIGHEST WIND DIRECTION    SE (150)
  HIGHEST GUST SPEED    18   HIGHEST GUST DIRECTION    SE (150)
  AVERAGE WIND SPEED     5.2


SKY COVER
  POSSIBLE SUNSHINE  MM
  AVERAGE SKY COVER 0.0


WEATHER CONDITIONS
 THE FOLLOWING WEATHER WAS RECORDED YESTERDAY.
  FOG
  FOG W/VISIBILITY <= 1/4 MILE


RELATIVE HUMIDITY (PERCENT)
 HIGHEST   100          1200 AM
 LOWEST     64           200 PM
 AVERAGE    82

..........................................................


THE ST CLOUD MN CLIMATE NORMALS FOR TODAY
                         NORMAL    RECORD    YEAR
 MAXIMUM TEMPERATURE (F)   77        98      1921
 MINIMUM TEMPERATURE (F)   53        38      1974


SUNRISE AND SUNSET
AUGUST 30 2015........SUNRISE   635 AM CDT   SUNSET   758 PM CDT
AUGUST 31 2015........SUNRISE   636 AM CDT   SUNSET   756 PM CDT


-  INDICATES NEGATIVE NUMBERS.
R  INDICATES RECORD WAS SET OR TIED.
MM INDICATES DATA IS MISSING.
T  INDICATES TRACE AMOUNT.




$$
