000
CDUS43 KEAX 210636
CLISTJ


CLIMATE REPORT
NATIONAL WEATHER SERVICE KANSAS CITY/PLEASANT HILL MO
136 AM CDT SUN SEP 21 2014


...................................

...THE ST. JOSEPH MO CLIMATE SUMMARY FOR SEPTEMBER 20 2014...

CLIMATE NORMAL PERIOD 1981 TO 2010
CLIMATE RECORD PERIOD 1892 TO 2014


WEATHER ITEM   OBSERVED TIME   RECORD YEAR NORMAL DEPARTURE LAST
                VALUE   (LST)  VALUE       VALUE  FROM      YEAR
                                                  NORMAL
..................................................................
TEMPERATURE (F)
 YESTERDAY
  MAXIMUM         84    355 PM  95    1980  78      6       71
  MINIMUM         62   1058 PM  32    1991  52     10       48
  AVERAGE         73                        65      8       60

PRECIPITATION (IN)
  YESTERDAY        0.00          2.20 1931   0.11  -0.11     0.00
  MONTH TO DATE    1.67                      2.50  -0.83     3.48
  SINCE SEP 1      1.67                      2.50  -0.83     3.48
  SINCE JAN 1     24.22                     28.80  -4.58    23.15

DEGREE DAYS
 HEATING
  YESTERDAY        0                         3     -3        5
  MONTH TO DATE   66                        29     37       12
  SINCE SEP 1     66                        29     37       12
  SINCE JUL 1     72                        34     38       14

 COOLING
  YESTERDAY        8                         3      5        0
  MONTH TO DATE   89                        97     -8      169
  SINCE SEP 1     89                        97     -8      169
  SINCE JAN 1   1138                      1174    -36     1239
..................................................................


WIND (MPH)
  HIGHEST WIND SPEED    21   HIGHEST WIND DIRECTION     N (340)
  HIGHEST GUST SPEED    28   HIGHEST GUST DIRECTION     N (340)
  AVERAGE WIND SPEED     7.3


SKY COVER
  POSSIBLE SUNSHINE  MM
  AVERAGE SKY COVER 0.1


WEATHER CONDITIONS
 THE FOLLOWING WEATHER WAS RECORDED YESTERDAY.
  FOG
  HAZE


RELATIVE HUMIDITY (PERCENT)
 HIGHEST   100           100 AM
 LOWEST     61           400 PM
 AVERAGE    81

..........................................................


THE ST. JOSEPH MO CLIMATE NORMALS FOR TODAY
                         NORMAL    RECORD    YEAR
 MAXIMUM TEMPERATURE (F)   77        98      1956
 MINIMUM TEMPERATURE (F)   52        31      1999


SUNRISE AND SUNSET
SEPTEMBER 21 2014.....SUNRISE   706 AM CDT   SUNSET   718 PM CDT
SEPTEMBER 22 2014.....SUNRISE   707 AM CDT   SUNSET   717 PM CDT


-  INDICATES NEGATIVE NUMBERS.
R  INDICATES RECORD WAS SET OR TIED.
MM INDICATES DATA IS MISSING.
T  INDICATES TRACE AMOUNT.




$$
