000
CDUS43 KEAX 312133
CLISTJ


CLIMATE REPORT
NATIONAL WEATHER SERVICE KANSAS CITY/PLEASANT HILL MO
432 PM CDT WED AUG 31 2016


...................................

...THE ST. JOSEPH MO CLIMATE SUMMARY FOR AUGUST 31 2016...
VALID AS OF 0400 PM LOCAL TIME.

CLIMATE NORMAL PERIOD 1981 TO 2010
CLIMATE RECORD PERIOD 1892 TO 2016


WEATHER ITEM   OBSERVED TIME   RECORD YEAR NORMAL DEPARTURE LAST
                VALUE   (LST)  VALUE       VALUE  FROM      YEAR
                                                  NORMAL
..................................................................
TEMPERATURE (F)
 TODAY
  MAXIMUM         81    223 PM 103    1913  84     -3       88
  MINIMUM         71    540 AM  44    1967  60     11       63
  AVERAGE         76                        72      4       76

PRECIPITATION (IN)
  TODAY            0.09          2.97 2003   0.14  -0.05     0.00
  MONTH TO DATE    6.74                      3.98   2.76     0.22
  SINCE JUN 1     15.99                     13.35   2.64    12.91
  SINCE JAN 1     30.12                     26.30   3.82    28.60

DEGREE DAYS
 HEATING
  TODAY            0                         0      0        0
  MONTH TO DATE    0                         0      0        4
  SINCE JUN 1      2                        13    -11        5
  SINCE JUL 1      2                         5     -3        4

 COOLING
  TODAY           11                         8      3       11
  MONTH TO DATE  351                       323     28      260
  SINCE JUN 1   1193                       964    229      959
  SINCE JAN 1   1276                      1077    199     1027
..................................................................


WIND (MPH)
  HIGHEST WIND SPEED    15   HIGHEST WIND DIRECTION     N (20)
  HIGHEST GUST SPEED    19   HIGHEST GUST DIRECTION     N (20)
  AVERAGE WIND SPEED     4.7


SKY COVER
  AVERAGE SKY COVER 0.7


WEATHER CONDITIONS
 THE FOLLOWING WEATHER WAS RECORDED TODAY.
  THUNDERSTORM
  LIGHT RAIN
  FOG


RELATIVE HUMIDITY (PERCENT)
 HIGHEST    93           100 AM
 LOWEST     67           100 PM
 AVERAGE    80

..........................................................


THE ST. JOSEPH MO CLIMATE NORMALS FOR TOMORROW
                         NORMAL    RECORD    YEAR
 MAXIMUM TEMPERATURE (F)   84       104      1922
 MINIMUM TEMPERATURE (F)   60        41      1967


SUNRISE AND SUNSET
AUGUST 31 2016........SUNRISE   647 AM CDT   SUNSET   752 PM CDT
SEPTEMBER  1 2016.....SUNRISE   648 AM CDT   SUNSET   750 PM CDT


-  INDICATES NEGATIVE NUMBERS.
R  INDICATES RECORD WAS SET OR TIED.
MM INDICATES DATA IS MISSING.
T  INDICATES TRACE AMOUNT.




$$
