000
CDUS43 KEAX 050638
CLISTJ


CLIMATE REPORT
NATIONAL WEATHER SERVICE KANSAS CITY/PLEASANT HILL MO
137 AM CDT SAT SEP 5 2015


...................................

...THE ST. JOSEPH MO CLIMATE SUMMARY FOR SEPTEMBER 4 2015...

CLIMATE NORMAL PERIOD 1981 TO 2010
CLIMATE RECORD PERIOD 1892 TO 2015


WEATHER ITEM   OBSERVED TIME   RECORD YEAR NORMAL DEPARTURE LAST
                VALUE   (LST)  VALUE       VALUE  FROM      YEAR
                                                  NORMAL
..................................................................
TEMPERATURE (F)
 YESTERDAY
  MAXIMUM         91    317 PM 102    1913  83      8       92
  MINIMUM         68    603 AM  34    1974  59      9       75
  AVERAGE         80                        71      9       84

PRECIPITATION (IN)
  YESTERDAY        0.00          1.33 1951   0.15  -0.15     0.00
  MONTH TO DATE    0.46                      0.61  -0.15     0.54
  SINCE SEP 1      0.46                      0.61  -0.15     0.54
  SINCE JAN 1     29.06                     26.91   2.15    23.09

DEGREE DAYS
 HEATING
  YESTERDAY        0                         1     -1        0
  MONTH TO DATE    0                         2     -2        0
  SINCE SEP 1      0                         2     -2        0
  SINCE JUL 1      4                         7     -3        6

 COOLING
  YESTERDAY       15                         6      9       19
  MONTH TO DATE   62                        27     35       46
  SINCE SEP 1     62                        27     35       46
  SINCE JAN 1   1089                      1104    -15     1095
..................................................................


WIND (MPH)
  HIGHEST WIND SPEED    18   HIGHEST WIND DIRECTION     S (170)
  HIGHEST GUST SPEED    23   HIGHEST GUST DIRECTION     S (190)
  AVERAGE WIND SPEED     8.0


SKY COVER
  POSSIBLE SUNSHINE  MM
  AVERAGE SKY COVER 0.0


WEATHER CONDITIONS
 THE FOLLOWING WEATHER WAS RECORDED YESTERDAY.
  NO SIGNIFICANT WEATHER WAS OBSERVED.


RELATIVE HUMIDITY (PERCENT)
 HIGHEST    93           600 AM
 LOWEST     50           400 PM
 AVERAGE    72

..........................................................


THE ST. JOSEPH MO CLIMATE NORMALS FOR TODAY
                         NORMAL    RECORD    YEAR
 MAXIMUM TEMPERATURE (F)   83       102      1913
 MINIMUM TEMPERATURE (F)   58        35      1974


SUNRISE AND SUNSET
SEPTEMBER  5 2015.....SUNRISE   651 AM CDT   SUNSET   745 PM CDT
SEPTEMBER  6 2015.....SUNRISE   652 AM CDT   SUNSET   743 PM CDT


-  INDICATES NEGATIVE NUMBERS.
R  INDICATES RECORD WAS SET OR TIED.
MM INDICATES DATA IS MISSING.
T  INDICATES TRACE AMOUNT.




$$
