000
CDUS43 KEAX 280634
CLISTJ


CLIMATE REPORT
NATIONAL WEATHER SERVICE KANSAS CITY/PLEASANT HILL MO
133 AM CDT THU AUG 28 2014


...................................

...THE ST. JOSEPH MO CLIMATE SUMMARY FOR AUGUST 27 2014...

CLIMATE NORMAL PERIOD 1981 TO 2010
CLIMATE RECORD PERIOD 1892 TO 2014


WEATHER ITEM   OBSERVED TIME   RECORD YEAR NORMAL DEPARTURE LAST
                VALUE   (LST)  VALUE       VALUE  FROM      YEAR
                                                  NORMAL
..................................................................
TEMPERATURE (F)
 YESTERDAY
  MAXIMUM         82    336 PM 103    1936  85     -3       94
  MINIMUM         69   1005 AM  43    1967  62      7       71
  AVERAGE         76                        73      3       83

PRECIPITATION (IN)
  YESTERDAY        0.26          2.07 1998   0.14   0.12     0.00
  MONTH TO DATE    1.49                      3.41  -1.92     1.26
  SINCE JUN 1     13.81                     12.78   1.03     5.62
  SINCE JAN 1     21.58                     25.73  -4.15    19.67

DEGREE DAYS
 HEATING
  YESTERDAY        0                         0      0        0
  MONTH TO DATE    0                         0      0        0
  SINCE JUN 1      7                         9     -2       17
  SINCE JUL 1      6                         1      5        2

 COOLING
  YESTERDAY       11                         9      2       18
  MONTH TO DATE  299                       292      7      259
  SINCE JUN 1    837                       933    -96      880
  SINCE JAN 1    998                      1046    -48     1006
..................................................................


WIND (MPH)
  HIGHEST WIND SPEED    25   HIGHEST WIND DIRECTION     N (20)
  HIGHEST GUST SPEED    30   HIGHEST GUST DIRECTION     N (10)
  AVERAGE WIND SPEED     6.7


SKY COVER
  POSSIBLE SUNSHINE  MM
  AVERAGE SKY COVER 0.3


WEATHER CONDITIONS
 THE FOLLOWING WEATHER WAS RECORDED YESTERDAY.
  THUNDERSTORM
  RAIN
  LIGHT RAIN
  FOG


RELATIVE HUMIDITY (PERCENT)
 HIGHEST    93          1100 AM
 LOWEST     74           200 PM
 AVERAGE    84

..........................................................


THE ST. JOSEPH MO CLIMATE NORMALS FOR TODAY
                         NORMAL    RECORD    YEAR
 MAXIMUM TEMPERATURE (F)   85       104      1984
 MINIMUM TEMPERATURE (F)   61        41      1986


SUNRISE AND SUNSET
AUGUST 28 2014........SUNRISE   644 AM CDT   SUNSET   757 PM CDT
AUGUST 29 2014........SUNRISE   645 AM CDT   SUNSET   755 PM CDT


-  INDICATES NEGATIVE NUMBERS.
R  INDICATES RECORD WAS SET OR TIED.
MM INDICATES DATA IS MISSING.
T  INDICATES TRACE AMOUNT.




$$
