000
CDUS43 KEAX 270643
CLISTJ


CLIMATE REPORT
NATIONAL WEATHER SERVICE KANSAS CITY/PLEASANT HILL MO
142 AM CDT TUE JUN 27 2017


...................................

...THE ST. JOSEPH MO CLIMATE SUMMARY FOR JUNE 26 2017...

CLIMATE NORMAL PERIOD 1981 TO 2010
CLIMATE RECORD PERIOD 1892 TO 2017


WEATHER ITEM   OBSERVED TIME   RECORD YEAR NORMAL DEPARTURE LAST
                VALUE   (LST)  VALUE       VALUE  FROM      YEAR
                                                  NORMAL
..................................................................
TEMPERATURE (F)
 YESTERDAY
  MAXIMUM         70    344 PM 103    1936  86    -16       90
  MINIMUM         53    537 AM  50    2004  66    -13       66
                                      1958
  AVERAGE         62                        76    -14       78

PRECIPITATION (IN)
  YESTERDAY        0.66          2.58 1966   0.10   0.56     0.00
  MONTH TO DATE    1.95                      3.78  -1.83     0.37
  SINCE JUN 1      1.95                      3.78  -1.83     0.37
  SINCE JAN 1     14.03                     16.73  -2.70    14.50

DEGREE DAYS
 HEATING
  YESTERDAY        3                         0      3        0
  MONTH TO DATE    4                         6     -2        0
  SINCE JUN 1      4                         6     -2        0
  SINCE JUL 1   4264                      5456  -1192     4519

 COOLING
  YESTERDAY        0                        11    -11       13
  MONTH TO DATE  281                       223     58      377
  SINCE JUN 1    281                       223     58      377
  SINCE JAN 1    400                       336     64      460
..................................................................


WIND (MPH)
  HIGHEST WIND SPEED    21   HIGHEST WIND DIRECTION     N (350)
  HIGHEST GUST SPEED    25   HIGHEST GUST DIRECTION     N (340)
  AVERAGE WIND SPEED     5.0


SKY COVER
  POSSIBLE SUNSHINE  MM
  AVERAGE SKY COVER 0.4


WEATHER CONDITIONS
 THE FOLLOWING WEATHER WAS RECORDED YESTERDAY.
  THUNDERSTORM
  HEAVY RAIN
  RAIN
  LIGHT RAIN
  FOG


RELATIVE HUMIDITY (PERCENT)
 HIGHEST   100           100 AM
 LOWEST     70           400 PM
 AVERAGE    85

..........................................................


THE ST. JOSEPH MO CLIMATE NORMALS FOR TODAY
                         NORMAL    RECORD    YEAR
 MAXIMUM TEMPERATURE (F)   86       105      1980
 MINIMUM TEMPERATURE (F)   66        47      1968


SUNRISE AND SUNSET
JUNE 27 2017..........SUNRISE   554 AM CDT   SUNSET   852 PM CDT
JUNE 28 2017..........SUNRISE   554 AM CDT   SUNSET   852 PM CDT


-  INDICATES NEGATIVE NUMBERS.
R  INDICATES RECORD WAS SET OR TIED.
MM INDICATES DATA IS MISSING.
T  INDICATES TRACE AMOUNT.




$$
