000
CDUS43 KEAX 220635
CLISTJ


CLIMATE REPORT
NATIONAL WEATHER SERVICE KANSAS CITY/PLEASANT HILL MO
132 AM CDT FRI MAY 22 2015


...................................

...THE ST. JOSEPH MO CLIMATE SUMMARY FOR MAY 21 2015...

CLIMATE NORMAL PERIOD 1981 TO 2010
CLIMATE RECORD PERIOD 1892 TO 2015


WEATHER ITEM   OBSERVED TIME   RECORD YEAR NORMAL DEPARTURE LAST
                VALUE   (LST)  VALUE       VALUE  FROM      YEAR
                                                  NORMAL
..................................................................
TEMPERATURE (F)
 YESTERDAY
  MAXIMUM         70    532 PM  96    1956  77     -7       87
  MINIMUM         42    530 AM  32    1968  55    -13       62
  AVERAGE         56                        66    -10       75

PRECIPITATION (IN)
  YESTERDAY        T             1.37 1989   0.18  -0.18     0.00
  MONTH TO DATE    6.60                      3.72   2.88     1.12
  SINCE MAR 1     10.78                      9.76   1.02     5.51
  SINCE JAN 1     12.53                     11.25   1.28     6.33

DEGREE DAYS
 HEATING
  YESTERDAY        9                         2      7        0
  MONTH TO DATE   79                        97    -18      122
  SINCE MAR 1    958                      1127   -169     1329
  SINCE JUL 1   5482                      5435     47     6269

 COOLING
  YESTERDAY        0                         4     -4       10
  MONTH TO DATE   42                        44     -2       72
  SINCE MAR 1     47                        65    -18       80
  SINCE JAN 1     47                        65    -18       80
..................................................................


WIND (MPH)
  HIGHEST WIND SPEED    14   HIGHEST WIND DIRECTION     N (350)
  HIGHEST GUST SPEED    18   HIGHEST GUST DIRECTION     N (20)
  AVERAGE WIND SPEED     5.9


SKY COVER
  POSSIBLE SUNSHINE  MM
  AVERAGE SKY COVER 0.1


WEATHER CONDITIONS
 THE FOLLOWING WEATHER WAS RECORDED YESTERDAY.
  LIGHT RAIN
  FOG
  HAZE


RELATIVE HUMIDITY (PERCENT)
 HIGHEST   100           400 AM
 LOWEST     33           400 PM
 AVERAGE    67

..........................................................


THE ST. JOSEPH MO CLIMATE NORMALS FOR TODAY
                         NORMAL    RECORD    YEAR
 MAXIMUM TEMPERATURE (F)   78        94      1925
 MINIMUM TEMPERATURE (F)   56        39      1963


SUNRISE AND SUNSET
MAY 22 2015...........SUNRISE   559 AM CDT   SUNSET   834 PM CDT
MAY 23 2015...........SUNRISE   559 AM CDT   SUNSET   835 PM CDT


-  INDICATES NEGATIVE NUMBERS.
R  INDICATES RECORD WAS SET OR TIED.
MM INDICATES DATA IS MISSING.
T  INDICATES TRACE AMOUNT.




$$
