000
CDUS43 KEAX 130636
CLISTJ


CLIMATE REPORT
NATIONAL WEATHER SERVICE KANSAS CITY/PLEASANT HILL MO
1235 AM CST SAT FEB 13 2016


...................................

...THE ST. JOSEPH MO CLIMATE SUMMARY FOR FEBRUARY 12 2016...

CLIMATE NORMAL PERIOD 1981 TO 2010
CLIMATE RECORD PERIOD 1892 TO 2016


WEATHER ITEM   OBSERVED TIME   RECORD YEAR NORMAL DEPARTURE LAST
                VALUE   (LST)  VALUE       VALUE  FROM      YEAR
                                                  NORMAL
..................................................................
TEMPERATURE (F)
 YESTERDAY
  MAXIMUM         34    151 PM  71    1990  41     -7       30
  MINIMUM         17   1159 PM -10    1944  21     -4        9
  AVERAGE         26                        31     -5       20

PRECIPITATION (IN)
  YESTERDAY        0.00          0.92 2005   0.03  -0.03      T
  MONTH TO DATE    0.32                      0.36  -0.04     0.25
  SINCE DEC 1      3.16                      2.44   0.72     2.36
  SINCE JAN 1      0.91                      0.92  -0.01     1.40

DEGREE DAYS
 HEATING
  YESTERDAY       39                        34      5       45
  MONTH TO DATE  400                       421    -21      457
  SINCE DEC 1   2389                      2693   -304     2548
  SINCE JUL 1   3225                      3804   -579     3794

 COOLING
  YESTERDAY        0                         0      0        0
  MONTH TO DATE    0                         0      0        0
  SINCE DEC 1      0                         0      0        0
  SINCE JAN 1      0                         0      0        0
..................................................................


WIND (MPH)
  HIGHEST WIND SPEED    24   HIGHEST WIND DIRECTION     N (350)
  HIGHEST GUST SPEED    29   HIGHEST GUST DIRECTION    NW (330)
  AVERAGE WIND SPEED    12.3


SKY COVER
  POSSIBLE SUNSHINE  MM
  AVERAGE SKY COVER 0.5


WEATHER CONDITIONS
 THE FOLLOWING WEATHER WAS RECORDED YESTERDAY.
  NO SIGNIFICANT WEATHER WAS OBSERVED.


RELATIVE HUMIDITY (PERCENT)
 HIGHEST    81           400 AM
 LOWEST     38           300 PM
 AVERAGE    60

..........................................................


THE ST. JOSEPH MO CLIMATE NORMALS FOR TODAY
                         NORMAL    RECORD    YEAR
 MAXIMUM TEMPERATURE (F)   42        70      1921
 MINIMUM TEMPERATURE (F)   21        -1      2004
                                             1958


SUNRISE AND SUNSET
FEBRUARY 13 2016......SUNRISE   715 AM CST   SUNSET   553 PM CST
FEBRUARY 14 2016......SUNRISE   714 AM CST   SUNSET   554 PM CST


-  INDICATES NEGATIVE NUMBERS.
R  INDICATES RECORD WAS SET OR TIED.
MM INDICATES DATA IS MISSING.
T  INDICATES TRACE AMOUNT.




$$
