000
CDUS43 KEAX 280638
CLISTJ


CLIMATE REPORT
NATIONAL WEATHER SERVICE KANSAS CITY/PLEASANT HILL MO
1236 AM CST SUN DEC 28 2014


...................................

...THE ST. JOSEPH MO CLIMATE SUMMARY FOR DECEMBER 27 2014...

CLIMATE NORMAL PERIOD 1981 TO 2010
CLIMATE RECORD PERIOD 1892 TO 2014


WEATHER ITEM   OBSERVED TIME   RECORD YEAR NORMAL DEPARTURE LAST
                VALUE   (LST)  VALUE       VALUE  FROM      YEAR
                                                  NORMAL
..................................................................
TEMPERATURE (F)
 YESTERDAY
  MAXIMUM         36   1218 AM  70    1946  36      0       46
  MINIMUM         19   1035 PM -10    1924  17      2       14
  AVERAGE         28                        27      1       30

PRECIPITATION (IN)
  YESTERDAY        T             0.91 2008   0.05  -0.05     0.00
  MONTH TO DATE    0.96                      1.35  -0.39     0.37
  SINCE DEC 1      0.96                      1.35  -0.39     0.37
  SINCE JAN 1     31.91                     35.43  -3.52    31.19

DEGREE DAYS
 HEATING
  YESTERDAY       37                        38     -1       35
  MONTH TO DATE  787                       949   -162     1106
  SINCE DEC 1    787                       949   -162     1106
  SINCE JUL 1   2033                      2060    -27     2275

 COOLING
  YESTERDAY        0                         0      0        0
  MONTH TO DATE    0                         0      0        0
  SINCE DEC 1      0                         0      0        0
  SINCE JAN 1   1182                      1221    -39     1285
..................................................................


WIND (MPH)
  HIGHEST WIND SPEED    18   HIGHEST WIND DIRECTION    NW (320)
  HIGHEST GUST SPEED    23   HIGHEST GUST DIRECTION     W (290)
  AVERAGE WIND SPEED    10.4


SKY COVER
  POSSIBLE SUNSHINE  MM
  AVERAGE SKY COVER 0.6


WEATHER CONDITIONS
 THE FOLLOWING WEATHER WAS RECORDED YESTERDAY.
  LIGHT RAIN
  FOG


RELATIVE HUMIDITY (PERCENT)
 HIGHEST    96           300 AM
 LOWEST     63           300 PM
 AVERAGE    80

..........................................................


THE ST. JOSEPH MO CLIMATE NORMALS FOR TODAY
                         NORMAL    RECORD    YEAR
 MAXIMUM TEMPERATURE (F)   36        70      1984
 MINIMUM TEMPERATURE (F)   17       -13      1924


SUNRISE AND SUNSET
DECEMBER 28 2014......SUNRISE   740 AM CST   SUNSET   503 PM CST
DECEMBER 29 2014......SUNRISE   740 AM CST   SUNSET   503 PM CST


-  INDICATES NEGATIVE NUMBERS.
R  INDICATES RECORD WAS SET OR TIED.
MM INDICATES DATA IS MISSING.
T  INDICATES TRACE AMOUNT.




$$
