000
CDUS43 KEAX 180034
CLISTJ


CLIMATE REPORT
NATIONAL WEATHER SERVICE KANSAS CITY/PLEASANT HILL MO
633 PM CST WED JAN 17 2018


...................................

...THE ST. JOSEPH MO CLIMATE SUMMARY FOR JANUARY 17 2018...
VALID TODAY AS OF 0600 PM LOCAL TIME.

CLIMATE NORMAL PERIOD 1981 TO 2010
CLIMATE RECORD PERIOD 1892 TO 2018


WEATHER ITEM   OBSERVED TIME   RECORD YEAR NORMAL DEPARTURE LAST
                VALUE   (LST)  VALUE       VALUE  FROM      YEAR
                                                  NORMAL
..................................................................
TEMPERATURE (F)
 TODAY
  MAXIMUM         25        MM  65    1996  37    -12       37
  MINIMUM         MM        MM -16    1930  17     MM       23
  AVERAGE         MM                        27     MM       30

PRECIPITATION (IN)
  TODAY            0.00          0.54 1936   0.02  -0.02     0.00
                                      1907
  MONTH TO DATE    0.18                      0.29  -0.11     0.91
  SINCE DEC 1      0.32                      1.81  -1.49     2.01
  SINCE JAN 1      0.18                      0.29  -0.11     0.91

DEGREE DAYS
 HEATING
  TODAY           MM                        38     MM       35
  MONTH TO DATE  429                       649   -220      423
  SINCE DEC 1   1519                      1751   -232     1568
  SINCE JUL 1   2494                      2862   -368     2243

 COOLING
  TODAY           MM                         0     MM        0
  MONTH TO DATE    0                         0      0        0
  SINCE DEC 1      0                         0      0        0
  SINCE JAN 1      0                         0      0        0
..................................................................


WIND (MPH)
  HIGHEST WIND SPEED    15   HIGHEST WIND DIRECTION    SW (220)
  HIGHEST GUST SPEED    MM   HIGHEST GUST DIRECTION    MM
  AVERAGE WIND SPEED    10.5


SKY COVER
  AVERAGE SKY COVER 0.0


WEATHER CONDITIONS
 THE FOLLOWING WEATHER WAS RECORDED TODAY.
  NO SIGNIFICANT WEATHER WAS OBSERVED.


RELATIVE HUMIDITY (PERCENT)
 HIGHEST    91          1200 AM
 LOWEST     55           300 PM
 AVERAGE    73

..........................................................


THE ST. JOSEPH MO CLIMATE NORMALS FOR TOMORROW
                         NORMAL    RECORD    YEAR
 MAXIMUM TEMPERATURE (F)   37        69      1951
 MINIMUM TEMPERATURE (F)   17       -15      1940


SUNRISE AND SUNSET
JANUARY 17 2018.......SUNRISE   738 AM CST   SUNSET   522 PM CST
JANUARY 18 2018.......SUNRISE   738 AM CST   SUNSET   523 PM CST


-  INDICATES NEGATIVE NUMBERS.
R  INDICATES RECORD WAS SET OR TIED.
MM INDICATES DATA IS MISSING.
T  INDICATES TRACE AMOUNT.




$$
