000
CDUS43 KLSX 230736
CLISTL


CLIMATE REPORT
NATIONAL WEATHER SERVICE ST LOUIS MO
235 AM CDT WED APR 23 2014


...................................

...THE ST. LOUIS CLIMATE SUMMARY FOR APRIL 22 2014...

CLIMATE NORMAL PERIOD 1981 TO 2010
CLIMATE RECORD PERIOD 1874 TO 2014


WEATHER ITEM   OBSERVED TIME   RECORD YEAR NORMAL DEPARTURE LAST
                VALUE   (LST)  VALUE       VALUE  FROM      YEAR
                                                  NORMAL
..................................................................
TEMPERATURE (F)
 YESTERDAY
  MAXIMUM         69    412 PM  91    1925  70     -1       73
  MINIMUM         51   1157 PM  31    1936  50      1       42
  AVERAGE         60                        60      0       58

PRECIPITATION (IN)
  YESTERDAY        0.00          4.15 1944   0.13  -0.13     0.00
  MONTH TO DATE    6.14                      2.66   3.48     4.52
  SINCE MAR 1      7.69                      5.98   1.71     9.47
  SINCE JAN 1     10.84                     10.62   0.22    15.86

SNOWFALL (IN)
  YESTERDAY        0.0           0.0  2013   0.0    0.0      0.0
  MONTH TO DATE    T                         0.4   -0.4       T
  SINCE MAR 1      1.6                       2.7   -1.1     14.3
  SINCE JUL 1     28.8                      17.7   11.1     27.9
  SNOW DEPTH       0

DEGREE DAYS
 HEATING
  YESTERDAY        5                         7     -2        7
  MONTH TO DATE  196                       224    -28      235
  SINCE MAR 1    886                       812     74      988
  SINCE JUL 1   4923                      4410    513     4305

 COOLING
  YESTERDAY        0                         2     -2        0
  MONTH TO DATE   20                        26     -6       24
  SINCE MAR 1     20                        33    -13       24
  SINCE JAN 1     20                        33    -13       24
..................................................................


WIND (MPH)
  HIGHEST WIND SPEED    20   HIGHEST WIND DIRECTION     N (350)
  HIGHEST GUST SPEED    29   HIGHEST GUST DIRECTION    NW (300)
  AVERAGE WIND SPEED     9.5


SKY COVER
  AVERAGE SKY COVER 0.3


WEATHER CONDITIONS
 THE FOLLOWING WEATHER WAS RECORDED YESTERDAY.
  FOG
  HAZE


RELATIVE HUMIDITY (PERCENT)
 HIGHEST    93           100 AM
 LOWEST     29           500 PM
 AVERAGE    61

..........................................................


THE ST. LOUIS CLIMATE NORMALS FOR TODAY
                         NORMAL    RECORD    YEAR
 MAXIMUM TEMPERATURE (F)   70        91      1960
 MINIMUM TEMPERATURE (F)   50        28      1910


SUNRISE AND SUNSET
APRIL 23 2014.........SUNRISE   614 AM CDT   SUNSET   746 PM CDT
APRIL 24 2014.........SUNRISE   613 AM CDT   SUNSET   747 PM CDT


-  INDICATES NEGATIVE NUMBERS.
R  INDICATES RECORD WAS SET OR TIED.
MM INDICATES DATA IS MISSING.
T  INDICATES TRACE AMOUNT.




$$
