000
CDUS43 KLSX 050734
CLISTL


CLIMATE REPORT
NATIONAL WEATHER SERVICE ST LOUIS MO
133 AM CST THU MAR 5 2015


...................................

...THE ST. LOUIS CLIMATE SUMMARY FOR MARCH 4 2015...

CLIMATE NORMAL PERIOD 1981 TO 2010
CLIMATE RECORD PERIOD 1874 TO 2015


WEATHER ITEM   OBSERVED TIME   RECORD YEAR NORMAL DEPARTURE LAST
                VALUE   (LST)  VALUE       VALUE  FROM      YEAR
                                                  NORMAL
..................................................................
TEMPERATURE (F)
 YESTERDAY
  MAXIMUM         37   1209 AM  79    1974  51    -14       39
  MINIMUM         20    958 AM  -1    1978  33    -13       14
  AVERAGE         29                        42    -13       27

PRECIPITATION (IN)
  YESTERDAY        0.01          1.44 1963   0.09  -0.08     0.00
  MONTH TO DATE    0.17                      0.34  -0.17     0.32
  SINCE MAR 1      0.17                      0.34  -0.17     0.32
  SINCE JAN 1      3.12                      4.98  -1.86     3.47

SNOWFALL (IN)
  YESTERDAY        T            10.0  2008   0.1   -0.1      0.0
  MONTH TO DATE    0.6                       0.4    0.2      1.5
  SINCE MAR 1      0.6                       0.4    0.2      1.5
  SINCE JUL 1     16.8                      15.4    1.4     28.7
  SNOW DEPTH       0

DEGREE DAYS
 HEATING
  YESTERDAY       36                        23     13       38
  MONTH TO DATE  141                        95     46      169
  SINCE MAR 1    141                        95     46      169
  SINCE JUL 1   3943                      3693    250     4206

 COOLING
  YESTERDAY        0                         0      0        0
  MONTH TO DATE    0                         0      0        0
  SINCE MAR 1      0                         0      0        0
  SINCE JAN 1      0                         0      0        0
..................................................................


WIND (MPH)
  HIGHEST WIND SPEED    23   HIGHEST WIND DIRECTION     N (340)
  HIGHEST GUST SPEED    29   HIGHEST GUST DIRECTION     N (350)
  AVERAGE WIND SPEED    11.0


SKY COVER
  AVERAGE SKY COVER 1.0


WEATHER CONDITIONS
 THE FOLLOWING WEATHER WAS RECORDED YESTERDAY.
  RAIN
  LIGHT RAIN
  LIGHT SNOW
  SLEET
  FOG


RELATIVE HUMIDITY (PERCENT)
 HIGHEST    85          1200 AM
 LOWEST     40           500 PM
 AVERAGE    63

..........................................................


THE ST. LOUIS CLIMATE NORMALS FOR TODAY
                         NORMAL    RECORD    YEAR
 MAXIMUM TEMPERATURE (F)   52        84      1956
 MINIMUM TEMPERATURE (F)   33        -5      1960


SUNRISE AND SUNSET
MARCH  5 2015.........SUNRISE   628 AM CST   SUNSET   558 PM CST
MARCH  6 2015.........SUNRISE   627 AM CST   SUNSET   559 PM CST


-  INDICATES NEGATIVE NUMBERS.
R  INDICATES RECORD WAS SET OR TIED.
MM INDICATES DATA IS MISSING.
T  INDICATES TRACE AMOUNT.




$$
