000
CDUS43 KLSX 270843
CLISTL


CLIMATE REPORT
NATIONAL WEATHER SERVICE ST LOUIS MO
332 AM CDT FRI MAY 27 2016


...................................

...THE ST. LOUIS CLIMATE SUMMARY FOR MAY 26 2016...

CLIMATE NORMAL PERIOD 1981 TO 2010
CLIMATE RECORD PERIOD 1874 TO 2016


WEATHER ITEM   OBSERVED TIME   RECORD YEAR NORMAL DEPARTURE LAST
                VALUE   (LST)  VALUE       VALUE  FROM      YEAR
                                                  NORMAL
..................................................................
TEMPERATURE (F)
 YESTERDAY
  MAXIMUM         82    224 PM  98    1953  79      3       81
  MINIMUM         67    723 AM  38    1961  60      7       68
  AVERAGE         75                        70      5       75

PRECIPITATION (IN)
  YESTERDAY        0.53          3.26 1893   0.16   0.37     0.15
  MONTH TO DATE    3.66                      3.90  -0.24     3.00
  SINCE MAR 1     10.44                     10.91  -0.47    11.42
  SINCE JAN 1     12.04                     15.55  -3.51    14.37

SNOWFALL (IN)
  YESTERDAY        0.0           0.0  2015   0.0    0.0      0.0
  MONTH TO DATE    0.0                       0.0    0.0      0.0
  SINCE MAR 1      0.3                       2.7   -2.4      0.6
  SINCE JUL 1     10.9                      17.7   -6.8     16.8
  SNOW DEPTH       0

DEGREE DAYS
 HEATING
  YESTERDAY        0                         1     -1        0
  MONTH TO DATE   83                        70     13       42
  SINCE MAR 1    654                       928   -274      772
  SINCE JUL 1   3484                      4526  -1042     4574

 COOLING
  YESTERDAY       10                         6      4       10
  MONTH TO DATE   74                        96    -22      162
  SINCE MAR 1    134                       142     -8      187
  SINCE JAN 1    134                       142     -8      187
..................................................................


WIND (MPH)
  HIGHEST WIND SPEED    36   HIGHEST WIND DIRECTION     W (280)
  HIGHEST GUST SPEED    48   HIGHEST GUST DIRECTION     W (270)
  AVERAGE WIND SPEED     9.4


SKY COVER
  AVERAGE SKY COVER 0.7


WEATHER CONDITIONS
 THE FOLLOWING WEATHER WAS RECORDED YESTERDAY.
  THUNDERSTORM
  HEAVY RAIN
  LIGHT RAIN
  FOG


RELATIVE HUMIDITY (PERCENT)
 HIGHEST    84           400 AM
 LOWEST     58           500 PM
 AVERAGE    71

..........................................................


THE ST. LOUIS CLIMATE NORMALS FOR TODAY
                         NORMAL    RECORD    YEAR
 MAXIMUM TEMPERATURE (F)   79        93      2012
                                             1991
                                             1911
 MINIMUM TEMPERATURE (F)   61        38      1961


SUNRISE AND SUNSET
MAY 27 2016...........SUNRISE   541 AM CDT   SUNSET   817 PM CDT
MAY 28 2016...........SUNRISE   540 AM CDT   SUNSET   818 PM CDT


-  INDICATES NEGATIVE NUMBERS.
R  INDICATES RECORD WAS SET OR TIED.
MM INDICATES DATA IS MISSING.
T  INDICATES TRACE AMOUNT.




$$
