000
CDUS43 KLSX 250745
CLISTL


CLIMATE REPORT
NATIONAL WEATHER SERVICE ST LOUIS MO
245 AM CDT MON JUL 25 2016


...................................

...THE ST. LOUIS CLIMATE SUMMARY FOR JULY 24 2016...

CLIMATE NORMAL PERIOD 1981 TO 2010
CLIMATE RECORD PERIOD 1874 TO 2016


WEATHER ITEM   OBSERVED TIME   RECORD YEAR NORMAL DEPARTURE LAST
                VALUE   (LST)  VALUE       VALUE  FROM      YEAR
                                                  NORMAL
..................................................................
TEMPERATURE (F)
 YESTERDAY
  MAXIMUM        101    320 PM 111    1934  89     12       92
  MINIMUM         78   1159 PM  57    1876  71      7       71
  AVERAGE         90                        80     10       82

PRECIPITATION (IN)
  YESTERDAY        0.16          1.62 1900   0.13   0.03     0.00
  MONTH TO DATE    6.95                      3.22   3.73     3.89
  SINCE JUN 1      8.24                      7.50   0.74    17.03
  SINCE JAN 1     21.29                     23.87  -2.58    32.02

SNOWFALL (IN)
  YESTERDAY        0.0           0.0  2015   0.0    0.0      0.0
  MONTH TO DATE    0.0                       0.0    0.0      0.0
  SINCE JUN 1      0.0                       0.0    0.0      0.0
  SINCE JUL 1      0.0                       0.0    0.0      0.0
  SNOW DEPTH       0

DEGREE DAYS
 HEATING
  YESTERDAY        0                         0      0        0
  MONTH TO DATE    0                         0      0        0
  SINCE JUN 1      0                         5     -5        3
  SINCE JUL 1      0                         0      0        0

 COOLING
  YESTERDAY       25                        15     10       17
  MONTH TO DATE  398                       360     38      355
  SINCE JUN 1    893                       694    199      745
  SINCE JAN 1   1087                       868    219      969
..................................................................


WIND (MPH)
  HIGHEST WIND SPEED    20   HIGHEST WIND DIRECTION    NW (320)
  HIGHEST GUST SPEED    24   HIGHEST GUST DIRECTION    NW (310)
  AVERAGE WIND SPEED     8.0


SKY COVER
  AVERAGE SKY COVER 0.4


WEATHER CONDITIONS
 THE FOLLOWING WEATHER WAS RECORDED YESTERDAY.
  THUNDERSTORM
  HEAVY RAIN
  LIGHT RAIN
  FOG


RELATIVE HUMIDITY (PERCENT)
 HIGHEST    79           500 AM
 LOWEST     37           300 PM
 AVERAGE    58

..........................................................


THE ST. LOUIS CLIMATE NORMALS FOR TODAY
                         NORMAL    RECORD    YEAR
 MAXIMUM TEMPERATURE (F)   89       108      2012
 MINIMUM TEMPERATURE (F)   71        59      1911


SUNRISE AND SUNSET
JULY 25 2016..........SUNRISE   557 AM CDT   SUNSET   818 PM CDT
JULY 26 2016..........SUNRISE   558 AM CDT   SUNSET   817 PM CDT


-  INDICATES NEGATIVE NUMBERS.
R  INDICATES RECORD WAS SET OR TIED.
MM INDICATES DATA IS MISSING.
T  INDICATES TRACE AMOUNT.




$$
