086
CDUS43 KLSX 060728
CLISTL


CLIMATE REPORT
NATIONAL WEATHER SERVICE ST LOUIS MO
228 AM CDT FRI MAY 6 2016


...................................

...THE ST. LOUIS CLIMATE SUMMARY FOR MAY 5 2016...

CLIMATE NORMAL PERIOD 1981 TO 2010
CLIMATE RECORD PERIOD 1874 TO 2016


WEATHER ITEM   OBSERVED TIME   RECORD YEAR NORMAL DEPARTURE LAST
                VALUE   (LST)  VALUE       VALUE  FROM      YEAR
                                                  NORMAL
..................................................................
TEMPERATURE (F)
 YESTERDAY
  MAXIMUM         68    401 PM  93    1952  73     -5       85
                                      1943
  MINIMUM         47    417 AM  38    1979  54     -7       67
                                      1944
                                      1917
  AVERAGE         58                        64     -6       76

PRECIPITATION (IN)
  YESTERDAY        0.00          1.24 1961   0.14  -0.14      T
  MONTH TO DATE    T                         0.71  -0.71     0.01
  SINCE MAR 1      6.78                      7.72  -0.94     8.43
  SINCE JAN 1      8.38                     12.36  -3.98    11.38

SNOWFALL (IN)
  YESTERDAY        0.0           0.0  2015   0.0    0.0      0.0
  MONTH TO DATE    0.0                       0.0    0.0      0.0
  SINCE MAR 1      0.3                       2.7   -2.4      0.6
  SINCE JUL 1     10.9                      17.7   -6.8     16.8
  SNOW DEPTH       0

DEGREE DAYS
 HEATING
  YESTERDAY        7                         4      3        0
  MONTH TO DATE   28                        21      7        7
  SINCE MAR 1    599                       879   -280      737
  SINCE JUL 1   3429                      4477  -1048     4539

 COOLING
  YESTERDAY        0                         2     -2       11
  MONTH TO DATE    0                        10    -10       36
  SINCE MAR 1     60                        56      4       61
  SINCE JAN 1     60                        56      4       61
..................................................................


WIND (MPH)
  HIGHEST WIND SPEED    18   HIGHEST WIND DIRECTION     N (340)
  HIGHEST GUST SPEED    28   HIGHEST GUST DIRECTION     N (360)
  AVERAGE WIND SPEED     8.4


SKY COVER
  AVERAGE SKY COVER 0.1


WEATHER CONDITIONS
 THE FOLLOWING WEATHER WAS RECORDED YESTERDAY.
  NO SIGNIFICANT WEATHER WAS OBSERVED.


RELATIVE HUMIDITY (PERCENT)
 HIGHEST    71           200 AM
 LOWEST     42           400 PM
 AVERAGE    57

..........................................................


THE ST. LOUIS CLIMATE NORMALS FOR TODAY
                         NORMAL    RECORD    YEAR
 MAXIMUM TEMPERATURE (F)   74        92      2012
 MINIMUM TEMPERATURE (F)   54        34      1944


SUNRISE AND SUNSET
MAY  6 2016...........SUNRISE   558 AM CDT   SUNSET   759 PM CDT
MAY  7 2016...........SUNRISE   557 AM CDT   SUNSET   800 PM CDT


-  INDICATES NEGATIVE NUMBERS.
R  INDICATES RECORD WAS SET OR TIED.
MM INDICATES DATA IS MISSING.
T  INDICATES TRACE AMOUNT.




$$
