000
CDUS46 KMTR 290039
CLISTS


CLIMATE REPORT
NATIONAL WEATHER SERVICE SAN FRANCISCO BAY AREA
538 PM PDT FRI AUG 28 2015


...................................

...THE SANTA ROSA AIRPORT CLIMATE SUMMARY FOR AUGUST 28 2015...
VALID TODAY AS OF 0500 PM LOCAL TIME.

CLIMATE NORMAL PERIOD 1981 TO 2010
CLIMATE RECORD PERIOD 1998 TO 2015


WEATHER ITEM   OBSERVED TIME   RECORD YEAR NORMAL DEPARTURE LAST
                VALUE   (LST)  VALUE       VALUE  FROM      YEAR
                                                  NORMAL
..................................................................
TEMPERATURE (F)
 TODAY
  MAXIMUM         95    211 PM 103    2008  84     11       89
  MINIMUM         59    503 AM  46    2010  51      8       56
  AVERAGE         77                        68      9       73

PRECIPITATION (IN)
  TODAY            0.00          0.00 2000   0.01  -0.01     0.00
  MONTH TO DATE    T                         0.06  -0.06      T
  SINCE OCT 1     24.56                     35.91 -11.35    14.07
  SINCE JAN 1      6.01                     22.16 -16.15    12.57

DEGREE DAYS
 HEATING
  TODAY            0                                         0
  MONTH TO DATE    3                                         5
  SINCE JUN 1     26                                        34
  SINCE JUL 1      7                                         5

 COOLING
  TODAY           12                                         8
  MONTH TO DATE  150                                        79
  SINCE JUN 1    374                                       268
  SINCE JAN 1    386                                       326
..................................................................


WIND (MPH)
  RESULTANT WIND SPEED   2   RESULTANT WIND DIRECTION  SW (210)
  HIGHEST WIND SPEED    15   HIGHEST WIND DIRECTION     W (250)
  HIGHEST GUST SPEED    21   HIGHEST GUST DIRECTION     W (260)
  AVERAGE WIND SPEED     3.0


SKY COVER
  POSSIBLE SUNSHINE  MM
  AVERAGE SKY COVER 0.4


WEATHER CONDITIONS
 THE FOLLOWING WEATHER WAS RECORDED TODAY.
  NO SIGNIFICANT WEATHER WAS OBSERVED.


RELATIVE HUMIDITY (PERCENT)
 HIGHEST    72           500 AM
 LOWEST     24           300 PM
 AVERAGE    48

..........................................................


THE SANTA ROSA AIRPORT CLIMATE NORMALS FOR TOMORROW
                         NORMAL    RECORD    YEAR
 MAXIMUM TEMPERATURE (F)   84       101      2009
 MINIMUM TEMPERATURE (F)   51        45      2005


SUNRISE AND SUNSET
AUGUST 28 2015........SUNRISE   637 AM PDT   SUNSET   747 PM PDT
AUGUST 29 2015........SUNRISE   638 AM PDT   SUNSET   746 PM PDT


-  INDICATES NEGATIVE NUMBERS.
R  INDICATES RECORD WAS SET OR TIED.
MM INDICATES DATA IS MISSING.
T  INDICATES TRACE AMOUNT.




$$
