000
CDUS46 KMTR 060828
CLISTS


CLIMATE REPORT
NATIONAL WEATHER SERVICE SAN FRANCISCO BAY AREA
127 AM PDT FRI MAY 6 2016


...................................

...THE SANTA ROSA AIRPORT CLIMATE SUMMARY FOR MAY 5 2016...

CLIMATE NORMAL PERIOD 1981 TO 2010
CLIMATE RECORD PERIOD 1998 TO 2016


WEATHER ITEM   OBSERVED TIME   RECORD YEAR NORMAL DEPARTURE LAST
                VALUE   (LST)  VALUE       VALUE  FROM      YEAR
                                                  NORMAL
..................................................................
TEMPERATURE (F)
 YESTERDAY
  MAXIMUM         64    521 PM  87    2011  72     -8       74
  MINIMUM         54   1159 PM  40    2015  45      9       40
                                      1999
  AVERAGE         59                        59      0       57

PRECIPITATION (IN)
  YESTERDAY        0.02          0.04 2005   0.06  -0.04     0.00
  MONTH TO DATE    0.02                      0.32  -0.30     0.00
  SINCE OCT 1     31.67                     34.59  -2.92    24.49
  SINCE JAN 1     23.09                     20.84   2.25     5.94

DEGREE DAYS
 HEATING
  YESTERDAY        6                                         8
  MONTH TO DATE   19                                        30
  SINCE MAR 1    488                                       453
  SINCE JUL 1   2218                                      1909

 COOLING
  YESTERDAY        0                                         0
  MONTH TO DATE    2                                         1
  SINCE MAR 1      4                                        12
  SINCE JAN 1      7                                        12
..................................................................


WIND (MPH)
  RESULTANT WIND SPEED   1   RESULTANT WIND DIRECTION  SW (210)
  HIGHEST WIND SPEED    10   HIGHEST WIND DIRECTION     W (250)
  HIGHEST GUST SPEED    14   HIGHEST GUST DIRECTION    SW (230)
  AVERAGE WIND SPEED     2.7


SKY COVER
  POSSIBLE SUNSHINE  MM
  AVERAGE SKY COVER 0.9


WEATHER CONDITIONS
 THE FOLLOWING WEATHER WAS RECORDED YESTERDAY.
  NO SIGNIFICANT WEATHER WAS OBSERVED.


RELATIVE HUMIDITY (PERCENT)
 HIGHEST    86           100 AM
 LOWEST     60          1200 PM
 AVERAGE    73

..........................................................


THE SANTA ROSA AIRPORT CLIMATE NORMALS FOR TODAY
                         NORMAL    RECORD    YEAR
 MAXIMUM TEMPERATURE (F)   73        90      2007
 MINIMUM TEMPERATURE (F)   45        38      2010


SUNRISE AND SUNSET
MAY  6 2016...........SUNRISE   608 AM PDT   SUNSET   808 PM PDT
MAY  7 2016...........SUNRISE   607 AM PDT   SUNSET   809 PM PDT


-  INDICATES NEGATIVE NUMBERS.
R  INDICATES RECORD WAS SET OR TIED.
MM INDICATES DATA IS MISSING.
T  INDICATES TRACE AMOUNT.




$$
