000
CDUS46 KMTR 030027
CLISTS


CLIMATE REPORT
NATIONAL WEATHER SERVICE SAN FRANCISCO BAY AREA
527 PM PDT THU JUL 2 2015


...................................

...THE SANTA ROSA AIRPORT CLIMATE SUMMARY FOR JULY 2 2015...
VALID TODAY AS OF 0500 PM LOCAL TIME.

CLIMATE NORMAL PERIOD 1981 TO 2010
CLIMATE RECORD PERIOD 1998 TO 2015


WEATHER ITEM   OBSERVED TIME   RECORD YEAR NORMAL DEPARTURE LAST
                VALUE   (LST)  VALUE       VALUE  FROM      YEAR
                                                  NORMAL
..................................................................
TEMPERATURE (F)
 TODAY
  MAXIMUM         81    235 PM 101    2001  84     -3       MM
  MINIMUM         56    157 AM  44    2003  52      4       MM
  AVERAGE         69                        68      1       MM

PRECIPITATION (IN)
  TODAY            T   R         T    2012   0.00   0.00     0.00
  MONTH TO DATE    T                         0.00   0.00     0.00
  SINCE OCT 1     24.51                     35.84 -11.33    14.07
  SINCE JAN 1      5.96                     22.09 -16.13    12.57

DEGREE DAYS
 HEATING
  TODAY            0                                        MM
  MONTH TO DATE    0                                         0
  SINCE JUN 1     19                                        29
  SINCE JUL 1      0                                         0

 COOLING
  TODAY            4                                        MM
  MONTH TO DATE   10                                         1
  SINCE JUN 1     96                                        79
  SINCE JAN 1    108                                       137
..................................................................


WIND (MPH)
  RESULTANT WIND SPEED   6   RESULTANT WIND DIRECTION   S (170)
  HIGHEST WIND SPEED    18   HIGHEST WIND DIRECTION     S (180)
  HIGHEST GUST SPEED    23   HIGHEST GUST DIRECTION     S (170)
  AVERAGE WIND SPEED     7.3


SKY COVER
  POSSIBLE SUNSHINE  MM
  AVERAGE SKY COVER 0.4


WEATHER CONDITIONS
 THE FOLLOWING WEATHER WAS RECORDED TODAY.
  LIGHT RAIN


RELATIVE HUMIDITY (PERCENT)
 HIGHEST    93           200 AM
 LOWEST     48           300 PM
 AVERAGE    71

..........................................................


THE SANTA ROSA AIRPORT CLIMATE NORMALS FOR TOMORROW
                         NORMAL    RECORD    YEAR
 MAXIMUM TEMPERATURE (F)   84       103      2001
 MINIMUM TEMPERATURE (F)   52        46      2000


SUNRISE AND SUNSET
JULY  2 2015..........SUNRISE   551 AM PDT   SUNSET   839 PM PDT
JULY  3 2015..........SUNRISE   552 AM PDT   SUNSET   839 PM PDT


-  INDICATES NEGATIVE NUMBERS.
R  INDICATES RECORD WAS SET OR TIED.
MM INDICATES DATA IS MISSING.
T  INDICATES TRACE AMOUNT.




$$
