000
CDUS46 KMTR 250839
CLISTS


CLIMATE REPORT
NATIONAL WEATHER SERVICE SAN FRANCISCO BAY AREA
139 AM PDT SAT OCT 25 2014


...................................

...THE SANTA ROSA AIRPORT CLIMATE SUMMARY FOR OCTOBER 24 2014...

CLIMATE NORMAL PERIOD 1981 TO 2010
CLIMATE RECORD PERIOD 1998 TO 2014


WEATHER ITEM   OBSERVED TIME   RECORD YEAR NORMAL DEPARTURE LAST
                VALUE   (LST)  VALUE       VALUE  FROM      YEAR
                                                  NORMAL
..................................................................
TEMPERATURE (F)
 YESTERDAY
  MAXIMUM         74   1242 PM  92    2003  74      0       67
  MINIMUM         48    507 AM  37    1999  44      4       42
  AVERAGE         61                        59      2       55

PRECIPITATION (IN)
  YESTERDAY        T             2.04 2010   0.10  -0.10     0.00
  MONTH TO DATE    0.11                      1.29  -1.18     0.00
  SINCE JUL 1      0.95                      1.73  -0.78     0.52
  SINCE JAN 1     13.52                     23.82 -10.30     7.04

DEGREE DAYS
 HEATING
  YESTERDAY        4                                        10
  MONTH TO DATE   41                                       101
  SINCE SEP 1     50                                       131
  SINCE JUL 1     55                                       168

 COOLING
  YESTERDAY        0                                         0
  MONTH TO DATE   64                                         4
  SINCE SEP 1    148                                        72
  SINCE JAN 1    497                                       415
..................................................................


WIND (MPH)
  RESULTANT WIND SPEED   3   RESULTANT WIND DIRECTION   S (170)
  HIGHEST WIND SPEED    15   HIGHEST WIND DIRECTION    SW (230)
  HIGHEST GUST SPEED    22   HIGHEST GUST DIRECTION     S (200)
  AVERAGE WIND SPEED     4.1


SKY COVER
  POSSIBLE SUNSHINE  MM
  AVERAGE SKY COVER 0.7


WEATHER CONDITIONS
 THE FOLLOWING WEATHER WAS RECORDED YESTERDAY.
  LIGHT RAIN
  FOG
  FOG W/VISIBILITY <= 1/4 MILE


RELATIVE HUMIDITY (PERCENT)
 HIGHEST   100           100 AM
 LOWEST     53           100 PM
 AVERAGE    77

..........................................................


THE SANTA ROSA AIRPORT CLIMATE NORMALS FOR TODAY
                         NORMAL    RECORD    YEAR
 MAXIMUM TEMPERATURE (F)   74        96      2003
 MINIMUM TEMPERATURE (F)   44        37      2013


SUNRISE AND SUNSET
OCTOBER 25 2014.......SUNRISE   731 AM PDT   SUNSET   620 PM PDT
OCTOBER 26 2014.......SUNRISE   732 AM PDT   SUNSET   618 PM PDT


-  INDICATES NEGATIVE NUMBERS.
R  INDICATES RECORD WAS SET OR TIED.
MM INDICATES DATA IS MISSING.
T  INDICATES TRACE AMOUNT.




$$
