000
CDUS46 KMTR 240826
CLISTS


CLIMATE REPORT
NATIONAL WEATHER SERVICE SAN FRANCISCO BAY AREA
125 AM PDT THU APR 24 2014


...................................

...THE SANTA ROSA AIRPORT CLIMATE SUMMARY FOR APRIL 23 2014...

CLIMATE NORMAL PERIOD 1981 TO 2010
CLIMATE RECORD PERIOD 1998 TO 2014


WEATHER ITEM   OBSERVED TIME   RECORD YEAR NORMAL DEPARTURE LAST
                VALUE   (LST)  VALUE       VALUE  FROM      YEAR
                                                  NORMAL
..................................................................
TEMPERATURE (F)
 YESTERDAY
  MAXIMUM         70    409 PM  83    2013  70      0       83
                                      2002
  MINIMUM         41    537 AM  36    2008  43     -2       46
  AVERAGE         56                        57     -1       65

PRECIPITATION (IN)
  YESTERDAY        0.00          0.36 2003   0.07  -0.07     0.00
  MONTH TO DATE    0.62                      1.71  -1.09     1.11
  SINCE JUL 1     14.46                     34.33 -19.87    27.26
  SINCE JAN 1     12.44                     20.14  -7.70     4.85

DEGREE DAYS
 HEATING
  YESTERDAY        9                                         0
  MONTH TO DATE  154                                       128
  SINCE MAR 1    424                                       477
  SINCE JUL 1   2361                                      2554

 COOLING
  YESTERDAY        0                                         0
  MONTH TO DATE    1                                         7
  SINCE MAR 1      1                                         7
  SINCE JAN 1      1                                         7
..................................................................


WIND (MPH)
  RESULTANT WIND SPEED   5   RESULTANT WIND DIRECTION   W (280)
  HIGHEST WIND SPEED    20   HIGHEST WIND DIRECTION     W (250)
  HIGHEST GUST SPEED    24   HIGHEST GUST DIRECTION    SW (230)
  AVERAGE WIND SPEED     6.9


SKY COVER
  POSSIBLE SUNSHINE  MM
  AVERAGE SKY COVER 0.3


WEATHER CONDITIONS
 THE FOLLOWING WEATHER WAS RECORDED YESTERDAY.
  NO SIGNIFICANT WEATHER WAS OBSERVED.


RELATIVE HUMIDITY (PERCENT)
 HIGHEST    83          1000 PM
 LOWEST     35          1200 PM
 AVERAGE    59

..........................................................


THE SANTA ROSA AIRPORT CLIMATE NORMALS FOR TODAY
                         NORMAL    RECORD    YEAR
 MAXIMUM TEMPERATURE (F)   70        84      2004
 MINIMUM TEMPERATURE (F)   43        32      2008


SUNRISE AND SUNSET
APRIL 24 2014.........SUNRISE   623 AM PDT   SUNSET   757 PM PDT
APRIL 25 2014.........SUNRISE   622 AM PDT   SUNSET   757 PM PDT


-  INDICATES NEGATIVE NUMBERS.
R  INDICATES RECORD WAS SET OR TIED.
MM INDICATES DATA IS MISSING.
T  INDICATES TRACE AMOUNT.




$$
