000
CDUS43 KFSD 040629
CLISUX


CLIMATE REPORT
NATIONAL WEATHER SERVICE SIOUX FALLS SD
1228 AM CST WED MAR 4 2015


...................................

...THE SIOUX CITY IA CLIMATE SUMMARY FOR MARCH 3 2015...

CLIMATE NORMAL PERIOD 1981 TO 2010
CLIMATE RECORD PERIOD 1889 TO 2015


WEATHER ITEM   OBSERVED TIME   RECORD YEAR NORMAL DEPARTURE LAST
                VALUE   (LST)  VALUE       VALUE  FROM      YEAR
                                                  NORMAL
..................................................................
TEMPERATURE (F)
 YESTERDAY
  MAXIMUM         34   1008 AM  74    1905  41     -7       17
  MINIMUM         16   1159 PM -14    2014  21     -5      -14
  AVERAGE         25                        31     -6        2

PRECIPITATION (IN)
  YESTERDAY        T             1.18 1923   0.05  -0.05     0.00
  MONTH TO DATE    T                         0.13  -0.13     0.17
  SINCE MAR 1      T                         0.13  -0.13     0.17
  SINCE JAN 1      0.96                      1.42  -0.46     0.94

SNOWFALL (IN)
  YESTERDAY        T             9.0  1923   0.3   -0.3      0.0
  MONTH TO DATE    T                         0.8   -0.8      4.5
  SINCE MAR 1      T                         0.8   -0.8      4.5
  SINCE JUL 1     21.5                      27.3   -5.8     18.3
  SNOW DEPTH       0

DEGREE DAYS
 HEATING
  YESTERDAY       40                        34      6       63
  MONTH TO DATE  120                       104     16      189
  SINCE MAR 1    120                       104     16      189
  SINCE JUL 1   5286                      5398   -112     5793

 COOLING
  YESTERDAY        0                         0      0        0
  MONTH TO DATE    0                         0      0        0
  SINCE MAR 1      0                         0      0        0
  SINCE JAN 1      0                         0      0        0
..................................................................


WIND (MPH)
  HIGHEST WIND SPEED    36   HIGHEST WIND DIRECTION    NW (330)
  HIGHEST GUST SPEED    43   HIGHEST GUST DIRECTION     N (340)
  AVERAGE WIND SPEED    16.0


SKY COVER
  POSSIBLE SUNSHINE  MM
  AVERAGE SKY COVER 0.7


WEATHER CONDITIONS
 THE FOLLOWING WEATHER WAS RECORDED YESTERDAY.
  LIGHT SNOW
  FOG
  HAZE


RELATIVE HUMIDITY (PERCENT)
 HIGHEST    92           700 AM
 LOWEST     50           500 PM
 AVERAGE    71

..........................................................


THE SIOUX CITY IA CLIMATE NORMALS FOR TODAY
                         NORMAL    RECORD    YEAR
 MAXIMUM TEMPERATURE (F)   41        74      2000
 MINIMUM TEMPERATURE (F)   21       -16      1960


SUNRISE AND SUNSET
MARCH  4 2015.........SUNRISE   656 AM CST   SUNSET   619 PM CST
MARCH  5 2015.........SUNRISE   655 AM CST   SUNSET   620 PM CST


-  INDICATES NEGATIVE NUMBERS.
R  INDICATES RECORD WAS SET OR TIED.
MM INDICATES DATA IS MISSING.
T  INDICATES TRACE AMOUNT.




$$
