000
CDUS43 KFSD 192225
CLISUX


CLIMATE REPORT
NATIONAL WEATHER SERVICE SIOUX FALLS SD
424 PM CST MON FEB 19 2018


...................................

...THE SIOUX CITY IA CLIMATE SUMMARY FOR FEBRUARY 19 2018...
VALID TODAY AS OF 0400 PM LOCAL TIME.

CLIMATE NORMAL PERIOD 1981 TO 2010
CLIMATE RECORD PERIOD 1889 TO 2018


WEATHER ITEM   OBSERVED TIME   RECORD YEAR NORMAL DEPARTURE LAST
                VALUE   (LST)  VALUE       VALUE  FROM      YEAR
                                                  NORMAL
..................................................................
TEMPERATURE (F)
 TODAY
  MAXIMUM         30   1203 AM  69    1996  36     -6       67
  MINIMUM         19   1013 AM -15    1936  17      2       35
  AVERAGE         25                        26     -1       51

PRECIPITATION (IN)
  TODAY            0.04          0.95 1954   0.02   0.02     0.00
  MONTH TO DATE    0.71                      0.40   0.31     0.17
  SINCE DEC 1      2.48                      1.82   0.66     2.32
  SINCE JAN 1      2.09                      1.02   1.07     0.84

SNOWFALL (IN)
  TODAY            T             4.0  1917   0.2   -0.2      0.0
                                      1891
  MONTH TO DATE    8.1                       4.5    3.6      2.9
  SINCE DEC 1     28.8                      19.0    9.8     14.6
  SINCE JUL 1     28.8                      24.4    4.4     15.6
  SNOW DEPTH       8

DEGREE DAYS
 HEATING
  TODAY           40                        39      1       14
  MONTH TO DATE  947                       785    162      580
  SINCE DEC 1   3636                      3485    151     3044
  SINCE JUL 1   4955                      4961     -6     3988

 COOLING
  TODAY            0                         0      0        0
  MONTH TO DATE    0                         0      0        0
  SINCE DEC 1      0                         0      0        0
  SINCE JAN 1      0                         0      0        0
..................................................................


WIND (MPH)
  HIGHEST WIND SPEED    28   HIGHEST WIND DIRECTION     N (360)
  HIGHEST GUST SPEED    34   HIGHEST GUST DIRECTION     N (10)
  AVERAGE WIND SPEED    19.0


SKY COVER
  POSSIBLE SUNSHINE  MM
  AVERAGE SKY COVER 1.0


WEATHER CONDITIONS
 THE FOLLOWING WEATHER WAS RECORDED TODAY.
  FREEZING RAIN
  LT FREEZING RAIN
  LIGHT SNOW
  FOG


RELATIVE HUMIDITY (PERCENT)
 HIGHEST    96           300 AM
 LOWEST     78          1200 AM
 AVERAGE    87

..........................................................


THE SIOUX CITY IA CLIMATE NORMALS FOR TOMORROW
                         NORMAL    RECORD    YEAR
 MAXIMUM TEMPERATURE (F)   36        65      1981
 MINIMUM TEMPERATURE (F)   17       -14      1918


SUNRISE AND SUNSET
FEBRUARY 19 2018......SUNRISE   716 AM CST   SUNSET   603 PM CST
FEBRUARY 20 2018......SUNRISE   715 AM CST   SUNSET   604 PM CST


-  INDICATES NEGATIVE NUMBERS.
R  INDICATES RECORD WAS SET OR TIED.
MM INDICATES DATA IS MISSING.
T  INDICATES TRACE AMOUNT.




$$
