000
CDUS41 KBGM 220537
CLISYR


CLIMATE REPORT
NATIONAL WEATHER SERVICE BINGHAMTON NY
137 AM EDT MON SEP 22 2014


...................................

...THE SYRACUSE NY CLIMATE SUMMARY FOR SEPTEMBER 21 2014...

CLIMATE NORMAL PERIOD 1981 TO 2010
CLIMATE RECORD PERIOD 1902 TO 2014


WEATHER ITEM   OBSERVED TIME   RECORD YEAR NORMAL DEPARTURE LAST
                VALUE   (LST)  VALUE       VALUE  FROM      YEAR
                                                  NORMAL
..................................................................
TEMPERATURE (F)
 YESTERDAY
  MAXIMUM         80   1253 PM  91    1931  70     10       72
  MINIMUM         62   1159 PM  35    1973  50     12       58
                                      1929
  AVERAGE         71                        60     11       65

PRECIPITATION (IN)
  YESTERDAY        0.19          1.40 1913   0.13   0.06     0.67
  MONTH TO DATE    1.60                      2.54  -0.94     3.19
  SINCE SEP 1      1.60                      2.54  -0.94     3.19
  SINCE JAN 1     30.64                     27.13   3.51    29.77

SNOWFALL (IN)
  YESTERDAY        0.0           0.0  2002   0.0    0.0      0.0
                                      2000
                                      2001
  MONTH TO DATE    0.0                       0.0    0.0      0.0
  SINCE SEP 1      0.0                       0.0    0.0      0.0
  SINCE JUL 1      0.0                       0.0    0.0      0.0
  SNOW DEPTH       0

DEGREE DAYS
 HEATING
  YESTERDAY        0                         6     -6        0
  MONTH TO DATE   78                        71      7       96
  SINCE SEP 1     78                        71      7       96
  SINCE JUL 1     89                        97     -8      102

 COOLING
  YESTERDAY        6                         1      5        0
  MONTH TO DATE   71                        46     25       68
  SINCE SEP 1     71                        46     25       68
  SINCE JAN 1    630                       559     71      711
..................................................................


WIND (MPH)
  HIGHEST WIND SPEED    31   HIGHEST WIND DIRECTION     W (270)
  HIGHEST GUST SPEED    42   HIGHEST GUST DIRECTION     W (270)
  AVERAGE WIND SPEED    12.0


SKY COVER
  POSSIBLE SUNSHINE  MM
  AVERAGE SKY COVER 0.8


WEATHER CONDITIONS
 THE FOLLOWING WEATHER WAS RECORDED YESTERDAY.
  THUNDERSTORM
  HEAVY RAIN
  RAIN
  LIGHT RAIN


RELATIVE HUMIDITY (PERCENT)
 HIGHEST    90           800 PM
 LOWEST     60           900 AM
 AVERAGE    75

..........................................................


THE SYRACUSE NY CLIMATE NORMALS FOR TODAY
                         NORMAL    RECORD    YEAR
 MAXIMUM TEMPERATURE (F)   70        92      1931
 MINIMUM TEMPERATURE (F)   50        35      1991
                                             1963


SUNRISE AND SUNSET
SEPTEMBER 22 2014.....SUNRISE   652 AM EDT   SUNSET   702 PM EDT
SEPTEMBER 23 2014.....SUNRISE   653 AM EDT   SUNSET   700 PM EDT


-  INDICATES NEGATIVE NUMBERS.
R  INDICATES RECORD WAS SET OR TIED.
MM INDICATES DATA IS MISSING.
T  INDICATES TRACE AMOUNT.




$$
