000
CDUS41 KBGM 240548
CLISYR


CLIMATE REPORT
NATIONAL WEATHER SERVICE BINGHAMTON NY
148 AM EDT SUN SEP 24 2017


...................................

...THE SYRACUSE NY CLIMATE SUMMARY FOR SEPTEMBER 23 2017...

CLIMATE NORMAL PERIOD 1981 TO 2010
CLIMATE RECORD PERIOD 1902 TO 2017


WEATHER ITEM   OBSERVED TIME   RECORD YEAR NORMAL DEPARTURE LAST
                VALUE   (LST)  VALUE       VALUE  FROM      YEAR
                                                  NORMAL
..................................................................
TEMPERATURE (F)
 YESTERDAY
  MAXIMUM         85    335 PM  91    1936  69     16       70
  MINIMUM         54    559 AM  31    1947  49      5       49
  AVERAGE         70                        59     11       60

PRECIPITATION (IN)
  YESTERDAY        0.00          1.96 1982   0.14  -0.14      T
  MONTH TO DATE    1.22                      2.81  -1.59     3.67
  SINCE SEP 1      1.22                      2.81  -1.59     3.67
  SINCE JAN 1     33.74                     27.40   6.34    26.88

SNOWFALL (IN)
  YESTERDAY        0.0           0.0  2002   0.0    0.0      0.0
                                      2000
                                      2001
  MONTH TO DATE    0.0                       0.0    0.0      0.0
  SINCE SEP 1      0.0                       0.0    0.0      0.0
  SINCE JUL 1      0.0                       0.0    0.0      0.0
  SNOW DEPTH       0

DEGREE DAYS
 HEATING
  YESTERDAY        0                         7     -7        5
  MONTH TO DATE   72                        84    -12       27
  SINCE SEP 1     72                        84    -12       27
  SINCE JUL 1    108                       110     -2       28

 COOLING
  YESTERDAY        5                         1      4        0
  MONTH TO DATE   51                        48      3       90
  SINCE SEP 1     51                        48      3       90
  SINCE JAN 1    501                       561    -60      802
..................................................................


WIND (MPH)
  HIGHEST WIND SPEED    13   HIGHEST WIND DIRECTION    NW (330)
  HIGHEST GUST SPEED    15   HIGHEST GUST DIRECTION    NW (320)
  AVERAGE WIND SPEED     3.1


SKY COVER
  POSSIBLE SUNSHINE  MM
  AVERAGE SKY COVER 0.3


WEATHER CONDITIONS
 THE FOLLOWING WEATHER WAS RECORDED YESTERDAY.
  FOG


RELATIVE HUMIDITY (PERCENT)
 HIGHEST   100           100 AM
 LOWEST     44           200 PM
 AVERAGE    72

..........................................................


THE SYRACUSE NY CLIMATE NORMALS FOR TODAY
                         NORMAL    RECORD    YEAR
 MAXIMUM TEMPERATURE (F)   69        90      2010
 MINIMUM TEMPERATURE (F)   49        29      1963


SUNRISE AND SUNSET
SEPTEMBER 24 2017.....SUNRISE   654 AM EDT   SUNSET   658 PM EDT
SEPTEMBER 25 2017.....SUNRISE   655 AM EDT   SUNSET   656 PM EDT


-  INDICATES NEGATIVE NUMBERS.
R  INDICATES RECORD WAS SET OR TIED.
MM INDICATES DATA IS MISSING.
T  INDICATES TRACE AMOUNT.




$$
