009
CDKA40 PTYA 200700
CLIT11
DAILY CLIMATE REPORT
NATIONAL WEATHER SERVICE YAP FM
5PM LST FRI JAN 20 2017
THE YAP FM CLIMATE SUMMARY FOR JANUARY 20 2017
CLIMATE NORMAL PERIOD  1981  TO 2010
CLIMATE RECORD PERIOD  1951  TO 2017
WEATHER ITEM OBSERVED TIME  RECORD YEAR NORMAL DEPARTURE LAST
              VALUE   (LST) VALUE       VALUE    FROM    YEAR
                                                NORMAL
TEMPERATURE   (F)
TODAY
MAXIMUM       85  1445        97  2014     87      -2        86
MINIMUM       78  0845        63  1999     77       1        76
AVERAGE       82                           82       0        81
PRECIPITATION INCHES
TODAY           0.60       164.24/1996     0.23     0.37    0.01
MONTH TO DATE   6.01                       4.68     1.33    1.94
SINCE 01 DEC   14.60                      13.96     0.64    6.87
SINCE JAN 01    6.01                       4.68     1.33    1.94
