000
CDUS45 KPUB 221046
CLITAD


CLIMATE REPORT
NATIONAL WEATHER SERVICE PUEBLO
446 AM MDT SAT JUL 22 2017


...................................

...THE TRINIDAD CO CLIMATE SUMMARY FOR JULY 21 2017...

CLIMATE NORMAL PERIOD 1981 TO 2010
CLIMATE RECORD PERIOD 9999 TO 9999


WEATHER ITEM   OBSERVED TIME   NORMAL DEPARTURE LAST
                VALUE   (LST)  VALUE  FROM      YEAR
                                      NORMAL
......................................................
TEMPERATURE (F)
 YESTERDAY
  MAXIMUM         95    426 PM  89      6       MM
  MINIMUM         62    527 AM  59      3       MM
  AVERAGE         79            74      5       MM

PRECIPITATION (IN)
  YESTERDAY        0.00          0.08  -0.08    MM
  MONTH TO DATE    0.66          1.43  -0.77     0.21
  SINCE JUN 1      1.86          2.84  -0.98     1.94
  SINCE JAN 1     10.27          7.36   2.91     6.17

DEGREE DAYS
 HEATING
  YESTERDAY        0             0      0       MM
  MONTH TO DATE    0             0      0        0
  SINCE JUN 1      8            39    -31        4
  SINCE JUL 1      0             0      0        0

 COOLING
  YESTERDAY       14             9      5       MM
  MONTH TO DATE  224           183     41       98
  SINCE JUN 1    414           324     90      329
  SINCE JAN 1    429           352     77      341
......................................................


WIND (MPH)
  HIGHEST WIND SPEED    28   HIGHEST WIND DIRECTION     N (20)
  HIGHEST GUST SPEED    33   HIGHEST GUST DIRECTION    NE (30)
  AVERAGE WIND SPEED     7.9


SKY COVER
  POSSIBLE SUNSHINE  MM
  AVERAGE SKY COVER 0.2


WEATHER CONDITIONS
 THE FOLLOWING WEATHER WAS RECORDED YESTERDAY.
  NO SIGNIFICANT WEATHER WAS OBSERVED.


RELATIVE HUMIDITY (PERCENT)
 HIGHEST    60           500 AM
 LOWEST     12           400 PM
 AVERAGE    36

..........................................................




SUNRISE AND SUNSET
JULY 22 2017..........SUNRISE   554 AM MDT   SUNSET   813 PM MDT
JULY 23 2017..........SUNRISE   555 AM MDT   SUNSET   812 PM MDT


-  INDICATES NEGATIVE NUMBERS.
R  INDICATES RECORD WAS SET OR TIED.
MM INDICATES DATA IS MISSING.
T  INDICATES TRACE AMOUNT.




$$
