000
CDUS45 KPUB 231032
CLITAD


CLIMATE REPORT
NATIONAL WEATHER SERVICE PUEBLO
432 AM MDT SAT SEP 23 2017


...................................

...THE TRINIDAD CO CLIMATE SUMMARY FOR SEPTEMBER 22 2017...

CLIMATE NORMAL PERIOD 1981 TO 2010
CLIMATE RECORD PERIOD 9999 TO 9999


WEATHER ITEM   OBSERVED TIME   NORMAL DEPARTURE LAST
                VALUE   (LST)  VALUE  FROM      YEAR
                                      NORMAL
......................................................
TEMPERATURE (F)
 YESTERDAY
  MAXIMUM         84    148 PM  77      7       88
  MINIMUM         64   1058 PM  46     18       61
  AVERAGE         74            62     12       75

PRECIPITATION (IN)
  YESTERDAY        0.00          0.04  -0.04     0.12
  MONTH TO DATE    0.97          0.99  -0.02     1.13
  SINCE SEP 1      0.97          0.99  -0.02     1.13
  SINCE JAN 1     17.17         11.45   5.72     7.36

DEGREE DAYS
 HEATING
  YESTERDAY        0             5     -5        0
  MONTH TO DATE   12            52    -40       16
  SINCE SEP 1     12            52    -40       16
  SINCE JUL 1     15            62    -47       23

 COOLING
  YESTERDAY        9             1      8       10
  MONTH TO DATE  111            68     43      125
  SINCE SEP 1    111            68     43      125
  SINCE JAN 1    796           710     86      540
......................................................


WIND (MPH)
  HIGHEST WIND SPEED    32   HIGHEST WIND DIRECTION     S (190)
  HIGHEST GUST SPEED    44   HIGHEST GUST DIRECTION     S (200)
  AVERAGE WIND SPEED    17.2


SKY COVER
  POSSIBLE SUNSHINE  MM
  AVERAGE SKY COVER 0.0


WEATHER CONDITIONS
 THE FOLLOWING WEATHER WAS RECORDED YESTERDAY.
  NO SIGNIFICANT WEATHER WAS OBSERVED.


RELATIVE HUMIDITY (PERCENT)
 HIGHEST    48          1100 PM
 LOWEST     18           100 PM
 AVERAGE    33

..........................................................




SUNRISE AND SUNSET
SEPTEMBER 23 2017.....SUNRISE   646 AM MDT   SUNSET   652 PM MDT
SEPTEMBER 24 2017.....SUNRISE   647 AM MDT   SUNSET   651 PM MDT


-  INDICATES NEGATIVE NUMBERS.
R  INDICATES RECORD WAS SET OR TIED.
MM INDICATES DATA IS MISSING.
T  INDICATES TRACE AMOUNT.




$$
