000
CDUS45 KPUB 161152
CLITAD


CLIMATE REPORT
NATIONAL WEATHER SERVICE PUEBLO
451 AM MST TUE JAN 16 2018


...................................

...THE TRINIDAD CO CLIMATE SUMMARY FOR JANUARY 15 2018...

CLIMATE NORMAL PERIOD 1981 TO 2010
CLIMATE RECORD PERIOD 9999 TO 9999


WEATHER ITEM   OBSERVED TIME   NORMAL DEPARTURE LAST
                VALUE   (LST)  VALUE  FROM      YEAR
                                      NORMAL
......................................................
TEMPERATURE (F)
 YESTERDAY
  MAXIMUM         29    243 AM  47    -18       34
  MINIMUM          6   1159 PM  18    -12       30
  AVERAGE         18            32    -14       32

PRECIPITATION (IN)
  YESTERDAY        T             0.01  -0.01     0.40
  MONTH TO DATE    0.10          0.19  -0.09     0.86
  SINCE DEC 1      0.11          0.73  -0.62     1.16
  SINCE JAN 1      0.10          0.19  -0.09     0.86

DEGREE DAYS
 HEATING
  YESTERDAY       47            33     14       33
  MONTH TO DATE  446           495    -49      520
  SINCE DEC 1   1326          1530   -204     1546
  SINCE JUL 1   2293          2763   -470     2312

 COOLING
  YESTERDAY        0             0      0        0
  MONTH TO DATE    0             0      0        0
  SINCE DEC 1      0             0      0        0
  SINCE JAN 1      0             0      0        0
......................................................


WIND (MPH)
  HIGHEST WIND SPEED    21   HIGHEST WIND DIRECTION     E (70)
  HIGHEST GUST SPEED    26   HIGHEST GUST DIRECTION     E (70)
  AVERAGE WIND SPEED     7.8


SKY COVER
  POSSIBLE SUNSHINE  MM
  AVERAGE SKY COVER 0.8


WEATHER CONDITIONS
 THE FOLLOWING WEATHER WAS RECORDED YESTERDAY.
  LT FREEZING RAIN
  LIGHT SNOW
  FOG
  HAZE


RELATIVE HUMIDITY (PERCENT)
 HIGHEST    92           600 AM
 LOWEST     68           100 AM
 AVERAGE    80

..........................................................




SUNRISE AND SUNSET
JANUARY 16 2018.......SUNRISE   710 AM MST   SUNSET   505 PM MST
JANUARY 17 2018.......SUNRISE   710 AM MST   SUNSET   506 PM MST


-  INDICATES NEGATIVE NUMBERS.
R  INDICATES RECORD WAS SET OR TIED.
MM INDICATES DATA IS MISSING.
T  INDICATES TRACE AMOUNT.




$$
