000
CDUS45 KPUB 241430
CLITAD


CLIMATE REPORT
NATIONAL WEATHER SERVICE PUEBLO
730 AM MST TUE JAN 24 2017


...................................

...THE TRINIDAD CO CLIMATE SUMMARY FOR JANUARY 23 2017...

CLIMATE NORMAL PERIOD 1981 TO 2010
CLIMATE RECORD PERIOD 9999 TO 9999


WEATHER ITEM   OBSERVED TIME   NORMAL DEPARTURE LAST
                VALUE   (LST)  VALUE  FROM      YEAR
                                      NORMAL
......................................................
TEMPERATURE (F)
 YESTERDAY
  MAXIMUM         47    308 PM  48     -1       65
  MINIMUM         22   1206 AM  18      4       28
  AVERAGE         35            32      3       47

PRECIPITATION (IN)
  YESTERDAY        0.00          0.01  -0.01     0.00
  MONTH TO DATE    1.40          0.29   1.11     0.24
  SINCE DEC 1      1.70          0.83   0.87     0.47
  SINCE JAN 1      1.40          0.29   1.11     0.24

DEGREE DAYS
 HEATING
  YESTERDAY       30            32     -2       18
  MONTH TO DATE  793           756     37      768
  SINCE DEC 1   1819          1791     28     1681
  SINCE JUL 1   2585          3024   -439     2599

 COOLING
  YESTERDAY        0             0      0        0
  MONTH TO DATE    0             0      0        0
  SINCE DEC 1      0             0      0        0
  SINCE JAN 1      0             0      0        0
......................................................


WIND (MPH)
  HIGHEST WIND SPEED    37   HIGHEST WIND DIRECTION    SW (240)
  HIGHEST GUST SPEED    47   HIGHEST GUST DIRECTION    SW (240)
  AVERAGE WIND SPEED    14.5


SKY COVER
  POSSIBLE SUNSHINE  MM
  AVERAGE SKY COVER 0.0


WEATHER CONDITIONS
 THE FOLLOWING WEATHER WAS RECORDED YESTERDAY.
  NO SIGNIFICANT WEATHER WAS OBSERVED.


RELATIVE HUMIDITY (PERCENT)
 HIGHEST    82          1000 PM
 LOWEST     38           200 PM
 AVERAGE    60

..........................................................




SUNRISE AND SUNSET
JANUARY 24 2017.......SUNRISE   706 AM MST   SUNSET   514 PM MST
JANUARY 25 2017.......SUNRISE   705 AM MST   SUNSET   515 PM MST


-  INDICATES NEGATIVE NUMBERS.
R  INDICATES RECORD WAS SET OR TIED.
MM INDICATES DATA IS MISSING.
T  INDICATES TRACE AMOUNT.




$$
