000
CDUS45 KPUB 171141
CLITAD


CLIMATE REPORT
NATIONAL WEATHER SERVICE PUEBLO
441 AM MST FRI NOV 17 2017


...................................

...THE TRINIDAD CO CLIMATE SUMMARY FOR NOVEMBER 16 2017...

CLIMATE NORMAL PERIOD 1981 TO 2010
CLIMATE RECORD PERIOD 9999 TO 9999


WEATHER ITEM   OBSERVED TIME   NORMAL DEPARTURE LAST
                VALUE   (LST)  VALUE  FROM      YEAR
                                      NORMAL
......................................................
TEMPERATURE (F)
 YESTERDAY
  MAXIMUM         70    407 PM  56     14       79
  MINIMUM         39    234 AM  25     14       48
  AVERAGE         55            40     15       64

PRECIPITATION (IN)
  YESTERDAY        0.00          0.02  -0.02     0.00
  MONTH TO DATE    0.24          0.42  -0.18     0.23
  SINCE SEP 1      4.25          2.56   1.69     1.39
  SINCE JAN 1     20.45         13.02   7.43     7.62

DEGREE DAYS
 HEATING
  YESTERDAY       10            25    -15        1
  MONTH TO DATE  269           339    -70      201
  SINCE SEP 1    723           830   -107      420
  SINCE JUL 1    726           840   -114      427

 COOLING
  YESTERDAY        0             0      0        0
  MONTH TO DATE    0             0      0        0
  SINCE SEP 1    111            77     34      149
  SINCE JAN 1    796           719     77      564
......................................................


WIND (MPH)
  HIGHEST WIND SPEED    35   HIGHEST WIND DIRECTION     W (270)
  HIGHEST GUST SPEED    43   HIGHEST GUST DIRECTION     W (280)
  AVERAGE WIND SPEED    10.6


SKY COVER
  POSSIBLE SUNSHINE  MM
  AVERAGE SKY COVER 0.0


WEATHER CONDITIONS
 THE FOLLOWING WEATHER WAS RECORDED YESTERDAY.
  NO SIGNIFICANT WEATHER WAS OBSERVED.


RELATIVE HUMIDITY (PERCENT)
 HIGHEST    48           600 AM
 LOWEST     14           100 PM
 AVERAGE    31

..........................................................




SUNRISE AND SUNSET
NOVEMBER 17 2017......SUNRISE   639 AM MST   SUNSET   446 PM MST
NOVEMBER 18 2017......SUNRISE   640 AM MST   SUNSET   445 PM MST


-  INDICATES NEGATIVE NUMBERS.
R  INDICATES RECORD WAS SET OR TIED.
MM INDICATES DATA IS MISSING.
T  INDICATES TRACE AMOUNT.




$$
