000
CDUS44 KBMX 190724
CLITCL


CLIMATE REPORT
NATIONAL WEATHER SERVICE BIRMINGHAM, AL
124 AM CST FRI DEC 19 2014


...................................

...THE TUSCALOOSA CLIMATE SUMMARY FOR DECEMBER 18 2014...

CLIMATE NORMAL PERIOD 1981 TO 2010
CLIMATE RECORD PERIOD 1948 TO 2014


WEATHER ITEM   OBSERVED TIME   RECORD YEAR NORMAL DEPARTURE LAST
                VALUE   (LST)  VALUE       VALUE  FROM      YEAR
                                                  NORMAL
..................................................................
TEMPERATURE (F)
 YESTERDAY
  MAXIMUM         54    345 PM  78    1984  57     -3       59
  MINIMUM         34    435 AM  15    1953  36     -2       30
  AVERAGE         44                        46     -2       45

PRECIPITATION (IN)
  YESTERDAY        T             1.17 2009   0.14  -0.14     0.00
  MONTH TO DATE    0.96                      2.90  -1.94     4.00
  SINCE DEC 1      0.96                      2.90  -1.94     4.00
  SINCE JAN 1     43.83                     50.88  -7.05    47.83

SNOWFALL (IN)
  YESTERDAY        0.0                       0.0    0.0
  MONTH TO DATE    0.0                       0.0    0.0
  SINCE DEC 1      0.0                       0.0    0.0
  SINCE JUL 1      0.0                       0.0    0.0

DEGREE DAYS
 HEATING
  YESTERDAY       21                        19      2
  MONTH TO DATE  244                       307    -63
  SINCE DEC 1    244                       307    -63
  SINCE JUL 1    788                       744     44
..................................................................


WIND (MPH)
  HIGHEST WIND SPEED     8   HIGHEST WIND DIRECTION     N (10)
  HIGHEST GUST SPEED    10   HIGHEST GUST DIRECTION     N (10)
  AVERAGE WIND SPEED     2.1


SKY COVER
  AVERAGE SKY COVER 0.6


WEATHER CONDITIONS
 THE FOLLOWING WEATHER WAS RECORDED YESTERDAY.
  NO SIGNIFICANT WEATHER WAS OBSERVED.


RELATIVE HUMIDITY (PERCENT)
 HIGHEST    92           100 AM
 LOWEST     38           300 PM
 AVERAGE    65

..........................................................


THE TUSCALOOSA CLIMATE NORMALS FOR TODAY
                         NORMAL    RECORD    YEAR
 MAXIMUM TEMPERATURE (F)   57        78      2008
 MINIMUM TEMPERATURE (F)   36        10      1975


SUNRISE AND SUNSET
DECEMBER 19 2014......SUNRISE   649 AM CST   SUNSET   446 PM CST
DECEMBER 20 2014......SUNRISE   649 AM CST   SUNSET   447 PM CST


-  INDICATES NEGATIVE NUMBERS.
R  INDICATES RECORD WAS SET OR TIED.
MM INDICATES DATA IS MISSING.
T  INDICATES TRACE AMOUNT.




$$
