000
CDUS44 KBMX 280739
CLITCL


CLIMATE REPORT
NATIONAL WEATHER SERVICE BIRMINGHAM, AL
239 AM CDT TUE MAR 28 2017


...................................

...THE TUSCALOOSA CLIMATE SUMMARY FOR MARCH 27 2017...

CLIMATE NORMAL PERIOD 1981 TO 2010
CLIMATE RECORD PERIOD 1948 TO 2017


WEATHER ITEM   OBSERVED TIME   RECORD YEAR NORMAL DEPARTURE LAST
                VALUE   (LST)  VALUE       VALUE  FROM      YEAR
                                                  NORMAL
..................................................................
TEMPERATURE (F)
 YESTERDAY
  MAXIMUM         84    225 PM  85    2012  72     12       68
                                      2007
                                      1991
  MINIMUM         59    104 AM  20    1955  45     14       56
  AVERAGE         72                        58     14       62

PRECIPITATION (IN)
  YESTERDAY        0.13          1.35 1951   0.15  -0.02     0.10
  MONTH TO DATE    3.69                      3.97  -0.28     4.99
  SINCE MAR 1      3.69                      3.97  -0.28     4.99
  SINCE JAN 1     14.90                     14.64   0.26    14.59

SNOWFALL (IN)
  YESTERDAY        0.0                       0.0    0.0
  MONTH TO DATE    0.0                       0.3   -0.3
  SINCE MAR 1      0.0                       0.3   -0.3
  SINCE JUL 1      0.0                       0.7   -0.7

DEGREE DAYS
 HEATING
  YESTERDAY        0                         7     -7
  MONTH TO DATE  234                       266    -32
  SINCE MAR 1    234                       266    -32
  SINCE JUL 1   1537                      2356   -819
..................................................................


WIND (MPH)
  HIGHEST WIND SPEED    25   HIGHEST WIND DIRECTION     S (200)
  HIGHEST GUST SPEED    33   HIGHEST GUST DIRECTION    SW (210)
  AVERAGE WIND SPEED     9.2


SKY COVER
  AVERAGE SKY COVER 0.6


WEATHER CONDITIONS
 THE FOLLOWING WEATHER WAS RECORDED YESTERDAY.
  THUNDERSTORM
  HEAVY RAIN
  LIGHT RAIN
  FOG


RELATIVE HUMIDITY (PERCENT)
 HIGHEST   100          1100 PM
 LOWEST     43           200 PM
 AVERAGE    72

..........................................................


THE TUSCALOOSA CLIMATE NORMALS FOR TODAY
                         NORMAL    RECORD    YEAR
 MAXIMUM TEMPERATURE (F)   72        85      1998
 MINIMUM TEMPERATURE (F)   46        29      1969


SUNRISE AND SUNSET
MARCH 28 2017.........SUNRISE   643 AM CDT   SUNSET   708 PM CDT
MARCH 29 2017.........SUNRISE   642 AM CDT   SUNSET   709 PM CDT


-  INDICATES NEGATIVE NUMBERS.
R  INDICATES RECORD WAS SET OR TIED.
MM INDICATES DATA IS MISSING.
T  INDICATES TRACE AMOUNT.




$$
