000
CDUS44 KBMX 232108
CLITCL


CLIMATE REPORT
NATIONAL WEATHER SERVICE BIRMINGHAM, AL
408 PM CDT THU OCT 23 2014


...................................

...THE TUSCALOOSA CLIMATE SUMMARY FOR OCTOBER 23 2014...
VALID AS OF 0400 PM LOCAL TIME.

CLIMATE NORMAL PERIOD 1981 TO 2010
CLIMATE RECORD PERIOD 1948 TO 2014


WEATHER ITEM   OBSERVED TIME   RECORD YEAR NORMAL DEPARTURE LAST
                VALUE   (LST)  VALUE       VALUE  FROM      YEAR
                                                  NORMAL
..................................................................
TEMPERATURE (F)
 TODAY
  MAXIMUM         71    251 PM  90    1953  75     -4       67
  MINIMUM         40    554 AM  36    2006  49     -9       44
                                      1987
                                      1954
  AVERAGE         56                        62     -6       56

PRECIPITATION (IN)
  TODAY            0.00          1.85 1950   0.12  -0.12     0.00
  MONTH TO DATE    3.28                      2.65   0.63     0.69
  SINCE SEP 1      4.70                      6.17  -1.47     1.89
  SINCE JAN 1     38.36                     42.04  -3.68    40.71

SNOWFALL (IN)
  TODAY            0.0                       0.0    0.0
  MONTH TO DATE    0.0                       0.0    0.0
  SINCE SEP 1      0.0                       0.0    0.0
  SINCE JUL 1      0.0                       0.0    0.0
  SNOW DEPTH       0

DEGREE DAYS

 COOLING
  TODAY            0                         2     -2
  MONTH TO DATE  115                        82     33
  SINCE SEP 1    536                       402    134
  SINCE JAN 1   2226                      2139     87
..................................................................


WIND (MPH)
  HIGHEST WIND SPEED     9   HIGHEST WIND DIRECTION     N (10)
  HIGHEST GUST SPEED    11   HIGHEST GUST DIRECTION     N (10)
  AVERAGE WIND SPEED     3.4


SKY COVER
  AVERAGE SKY COVER 0.0


WEATHER CONDITIONS
 THE FOLLOWING WEATHER WAS RECORDED TODAY.
  NO SIGNIFICANT WEATHER WAS OBSERVED.


RELATIVE HUMIDITY (PERCENT)
 HIGHEST   100           600 AM
 LOWEST     34           100 PM
 AVERAGE    67

..........................................................


THE TUSCALOOSA CLIMATE NORMALS FOR TOMORROW
                         NORMAL    RECORD    YEAR
 MAXIMUM TEMPERATURE (F)   75        86      2010
 MINIMUM TEMPERATURE (F)   49        32      1962


SUNRISE AND SUNSET
OCTOBER 23 2014.......SUNRISE   701 AM CDT   SUNSET   608 PM CDT
OCTOBER 24 2014.......SUNRISE   702 AM CDT   SUNSET   607 PM CDT


-  INDICATES NEGATIVE NUMBERS.
R  INDICATES RECORD WAS SET OR TIED.
MM INDICATES DATA IS MISSING.
T  INDICATES TRACE AMOUNT.




$$
