000
CDUS44 KBMX 290726
CLITCL


CLIMATE REPORT
NATIONAL WEATHER SERVICE BIRMINGHAM, AL
125 AM CST THU JAN 29 2015


...................................

...THE TUSCALOOSA CLIMATE SUMMARY FOR JANUARY 28 2015...

CLIMATE NORMAL PERIOD 1981 TO 2010
CLIMATE RECORD PERIOD 1948 TO 2015


WEATHER ITEM   OBSERVED TIME   RECORD YEAR NORMAL DEPARTURE LAST
                VALUE   (LST)  VALUE       VALUE  FROM      YEAR
                                                  NORMAL
..................................................................
TEMPERATURE (F)
 YESTERDAY
  MAXIMUM         59    431 PM  79    1975  56      3       29
  MINIMUM         29    707 AM  14    1986  34     -5       20
                                      1963
  AVERAGE         44                        45     -1       25

PRECIPITATION (IN)
  YESTERDAY        0.00          0.86 1974   0.20  -0.20      T
  MONTH TO DATE    6.17                      4.75   1.42     2.09
  SINCE DEC 1     13.17                      9.37   3.80     9.50
  SINCE JAN 1      6.17                      4.75   1.42     2.09

SNOWFALL (IN)
  YESTERDAY        0.0                       0.0    0.0
  MONTH TO DATE    0.0                       0.3   -0.3
  SINCE DEC 1      0.0                       0.3   -0.3
  SINCE JUL 1      0.0                       0.3   -0.3

DEGREE DAYS
 HEATING
  YESTERDAY       21                        20      1
  MONTH TO DATE  597                       574     23
  SINCE DEC 1   1060                      1138    -78
  SINCE JUL 1   1604                      1575     29
..................................................................


WIND (MPH)
  HIGHEST WIND SPEED    10   HIGHEST WIND DIRECTION    NE (50)
  HIGHEST GUST SPEED    12   HIGHEST GUST DIRECTION     E (70)
  AVERAGE WIND SPEED     2.4


SKY COVER
  AVERAGE SKY COVER 0.0


WEATHER CONDITIONS
 THE FOLLOWING WEATHER WAS RECORDED YESTERDAY.
  FOG


RELATIVE HUMIDITY (PERCENT)
 HIGHEST    85           400 AM
 LOWEST     30           300 PM
 AVERAGE    58

..........................................................


THE TUSCALOOSA CLIMATE NORMALS FOR TODAY
                         NORMAL    RECORD    YEAR
 MAXIMUM TEMPERATURE (F)   57        79      2002
 MINIMUM TEMPERATURE (F)   34         6      1966


SUNRISE AND SUNSET
JANUARY 29 2015.......SUNRISE   648 AM CST   SUNSET   519 PM CST
JANUARY 30 2015.......SUNRISE   648 AM CST   SUNSET   520 PM CST


-  INDICATES NEGATIVE NUMBERS.
R  INDICATES RECORD WAS SET OR TIED.
MM INDICATES DATA IS MISSING.
T  INDICATES TRACE AMOUNT.




$$
