000
CDUS44 KBMX 300810
CLITCL


CLIMATE REPORT
NATIONAL WEATHER SERVICE BIRMINGHAM, AL
302 AM CDT TUE MAY 30 2017


...................................

...THE TUSCALOOSA CLIMATE SUMMARY FOR MAY 29 2017...

CLIMATE NORMAL PERIOD 1981 TO 2010
CLIMATE RECORD PERIOD 1948 TO 2017


WEATHER ITEM   OBSERVED TIME   RECORD YEAR NORMAL DEPARTURE LAST
                VALUE   (LST)  VALUE       VALUE  FROM      YEAR
                                                  NORMAL
..................................................................
TEMPERATURE (F)
 YESTERDAY
  MAXIMUM         82    251 PM  96    2006  86     -4       92
  MINIMUM         68    217 AM  46    1984  64      4       67
  AVERAGE         75                        75      0       80

PRECIPITATION (IN)
  YESTERDAY        0.00          1.75 2005   0.13  -0.13     0.00
  MONTH TO DATE    3.41                      3.72  -0.31     0.69
  SINCE MAR 1     14.70                     12.47   2.23    10.80
  SINCE JAN 1     25.91                     23.14   2.77    20.40

..................................................................


WIND (MPH)
  HIGHEST WIND SPEED    15   HIGHEST WIND DIRECTION     W (260)
  HIGHEST GUST SPEED    20   HIGHEST GUST DIRECTION    SW (240)
  AVERAGE WIND SPEED     2.8


SKY COVER
  AVERAGE SKY COVER 0.2


WEATHER CONDITIONS
 THE FOLLOWING WEATHER WAS RECORDED YESTERDAY.
  NO SIGNIFICANT WEATHER WAS OBSERVED.


RELATIVE HUMIDITY (PERCENT)
 HIGHEST   100          1000 PM
 LOWEST     62          1200 PM
 AVERAGE    81

..........................................................


THE TUSCALOOSA CLIMATE NORMALS FOR TODAY
                         NORMAL    RECORD    YEAR
 MAXIMUM TEMPERATURE (F)   86        95      2012
                                             2011
 MINIMUM TEMPERATURE (F)   64        42      1984


SUNRISE AND SUNSET
MAY 30 2017...........SUNRISE   543 AM CDT   SUNSET   754 PM CDT
MAY 31 2017...........SUNRISE   542 AM CDT   SUNSET   754 PM CDT


-  INDICATES NEGATIVE NUMBERS.
R  INDICATES RECORD WAS SET OR TIED.
MM INDICATES DATA IS MISSING.
T  INDICATES TRACE AMOUNT.




$$
