000
CDUS44 KBMX 160835
CLITCL


CLIMATE REPORT
NATIONAL WEATHER SERVICE BIRMINGHAM, AL
235 AM CST MON JAN 16 2017


...................................

...THE TUSCALOOSA CLIMATE SUMMARY FOR JANUARY 15 2017...

CLIMATE NORMAL PERIOD 1981 TO 2010
CLIMATE RECORD PERIOD 1948 TO 2017


WEATHER ITEM   OBSERVED TIME   RECORD YEAR NORMAL DEPARTURE LAST
                VALUE   (LST)  VALUE       VALUE  FROM      YEAR
                                                  NORMAL
..................................................................
TEMPERATURE (F)
 YESTERDAY
  MAXIMUM         76R   155 PM  76    1950  55     21       55
  MINIMUM         44    540 AM  12    1964  34     10       44
  AVERAGE         60                        44     16       50

PRECIPITATION (IN)
  YESTERDAY        0.00          3.45 1954   0.16  -0.16     0.18
  MONTH TO DATE    3.41                      2.42   0.99     0.40
  SINCE DEC 1      6.32                      7.04  -0.72     8.67
  SINCE JAN 1      3.41                      2.42   0.99     0.40

SNOWFALL (IN)
  YESTERDAY        0.0                       0.1   -0.1
  MONTH TO DATE    0.0                       0.2   -0.2
  SINCE DEC 1      0.0                       0.2   -0.2
  SINCE JUL 1      0.0                       0.2   -0.2

DEGREE DAYS
 HEATING
  YESTERDAY        5                        21    -16
  MONTH TO DATE  216                       310    -94
  SINCE DEC 1    606                       874   -268
  SINCE JUL 1    865                      1311   -446
..................................................................


WIND (MPH)
  HIGHEST WIND SPEED    10   HIGHEST WIND DIRECTION     S (190)
  HIGHEST GUST SPEED    13   HIGHEST GUST DIRECTION     S (160)
  AVERAGE WIND SPEED     2.1


SKY COVER
  AVERAGE SKY COVER 0.2


WEATHER CONDITIONS
 THE FOLLOWING WEATHER WAS RECORDED YESTERDAY.
  FOG


RELATIVE HUMIDITY (PERCENT)
 HIGHEST   100           500 AM
 LOWEST     38           200 PM
 AVERAGE    69

..........................................................


THE TUSCALOOSA CLIMATE NORMALS FOR TODAY
                         NORMAL    RECORD    YEAR
 MAXIMUM TEMPERATURE (F)   55        77      1949
 MINIMUM TEMPERATURE (F)   34        10      1972


SUNRISE AND SUNSET
JANUARY 16 2017.......SUNRISE   654 AM CST   SUNSET   507 PM CST
JANUARY 17 2017.......SUNRISE   653 AM CST   SUNSET   508 PM CST


-  INDICATES NEGATIVE NUMBERS.
R  INDICATES RECORD WAS SET OR TIED.
MM INDICATES DATA IS MISSING.
T  INDICATES TRACE AMOUNT.




$$
