698
CDUS44 KBMX 210839
CLITCL


CLIMATE REPORT
NATIONAL WEATHER SERVICE BIRMINGHAM, AL
239 AM CST TUE NOV 21 2017


...................................

...THE TUSCALOOSA CLIMATE SUMMARY FOR NOVEMBER 20 2017...

CLIMATE NORMAL PERIOD 1981 TO 2010
CLIMATE RECORD PERIOD 1948 TO 2017


WEATHER ITEM   OBSERVED TIME   RECORD YEAR NORMAL DEPARTURE LAST
                VALUE   (LST)  VALUE       VALUE  FROM      YEAR
                                                  NORMAL
..................................................................
TEMPERATURE (F)
 YESTERDAY
  MAXIMUM         58    151 PM  80    1949  66     -8       60
  MINIMUM         28    620 AM  24    1951  41    -13       27
  AVERAGE         43                        54    -11       44

PRECIPITATION (IN)
  YESTERDAY        0.00          2.22 1991   0.20  -0.20     0.00
  MONTH TO DATE    0.86                      3.06  -2.20      T
  SINCE SEP 1      6.97                     10.09  -3.12     0.33
  SINCE JAN 1     55.26                     45.96   9.30    32.07

SNOWFALL (IN)
  YESTERDAY        0.0                       0.0    0.0
  MONTH TO DATE    0.0                       0.0    0.0
  SINCE SEP 1      0.0                       0.0    0.0
  SINCE JUL 1      0.0                       0.0    0.0

DEGREE DAYS
 HEATING
  YESTERDAY       22                        12     10
  MONTH TO DATE  133                       184    -51
  SINCE SEP 1    248                       301    -53
  SINCE JUL 1    248                       301    -53
..................................................................


WIND (MPH)
  HIGHEST WIND SPEED     7   HIGHEST WIND DIRECTION     W (260)
  HIGHEST GUST SPEED    10   HIGHEST GUST DIRECTION    SE (130)
  AVERAGE WIND SPEED     1.0


SKY COVER
  AVERAGE SKY COVER 0.0


WEATHER CONDITIONS
 THE FOLLOWING WEATHER WAS RECORDED YESTERDAY.
  FOG


RELATIVE HUMIDITY (PERCENT)
 HIGHEST   100           300 AM
 LOWEST     30           200 PM
 AVERAGE    65

..........................................................


THE TUSCALOOSA CLIMATE NORMALS FOR TODAY
                         NORMAL    RECORD    YEAR
 MAXIMUM TEMPERATURE (F)   65        79      1965
 MINIMUM TEMPERATURE (F)   41        23      2008


SUNRISE AND SUNSET
NOVEMBER 21 2017......SUNRISE   627 AM CST   SUNSET   445 PM CST
NOVEMBER 22 2017......SUNRISE   628 AM CST   SUNSET   445 PM CST


-  INDICATES NEGATIVE NUMBERS.
R  INDICATES RECORD WAS SET OR TIED.
MM INDICATES DATA IS MISSING.
T  INDICATES TRACE AMOUNT.




$$
