000
CDUS44 KBMX 120951
CLITCL


CLIMATE REPORT
NATIONAL WEATHER SERVICE BIRMINGHAM, AL
451 AM CDT SAT JUL 12 2014


...................................

...THE TUSCALOOSA CLIMATE SUMMARY FOR JULY 11 2014...

CLIMATE NORMAL PERIOD 1981 TO 2010
CLIMATE RECORD PERIOD 1948 TO 2014


WEATHER ITEM   OBSERVED TIME   RECORD YEAR NORMAL DEPARTURE LAST
                VALUE   (LST)  VALUE       VALUE  FROM      YEAR
                                                  NORMAL
..................................................................
TEMPERATURE (F)
 YESTERDAY
  MAXIMUM         95    301 PM 102    2000  92      3       85
                                      1980
  MINIMUM         69    511 AM  58    1963  71     -2       71
                                      1952
  AVERAGE         82                        82      0       78

PRECIPITATION (IN)
  YESTERDAY        0.00          2.04 1985   0.14  -0.14     1.32
  MONTH TO DATE    0.02                      1.67  -1.65     4.06
  SINCE JUN 1      5.17                      6.44  -1.27     9.74
  SINCE JAN 1     30.21                     29.84   0.37    31.70

..................................................................


WIND (MPH)
  HIGHEST WIND SPEED    12   HIGHEST WIND DIRECTION    NW (320)
  HIGHEST GUST SPEED    16   HIGHEST GUST DIRECTION    NW (310)
  AVERAGE WIND SPEED     1.9


SKY COVER
  AVERAGE SKY COVER 0.0


WEATHER CONDITIONS
 THE FOLLOWING WEATHER WAS RECORDED YESTERDAY.
  FOG
  HAZE


RELATIVE HUMIDITY (PERCENT)
 HIGHEST    97           400 AM
 LOWEST     33           100 PM
 AVERAGE    65

..........................................................


THE TUSCALOOSA CLIMATE NORMALS FOR TODAY
                         NORMAL    RECORD    YEAR
 MAXIMUM TEMPERATURE (F)   92       105      1980
 MINIMUM TEMPERATURE (F)   71        60      1975


SUNRISE AND SUNSET
JULY 12 2014..........SUNRISE   550 AM CDT   SUNSET   802 PM CDT
JULY 13 2014..........SUNRISE   551 AM CDT   SUNSET   801 PM CDT


-  INDICATES NEGATIVE NUMBERS.
R  INDICATES RECORD WAS SET OR TIED.
MM INDICATES DATA IS MISSING.
T  INDICATES TRACE AMOUNT.




$$
