000
CDUS44 KBMX 210735
CLITCL


CLIMATE REPORT
NATIONAL WEATHER SERVICE BIRMINGHAM, AL
234 AM CDT FRI JUL 21 2017


...................................

...THE TUSCALOOSA CLIMATE SUMMARY FOR JULY 20 2017...

CLIMATE NORMAL PERIOD 1981 TO 2010
CLIMATE RECORD PERIOD 1948 TO 2017


WEATHER ITEM   OBSERVED TIME   RECORD YEAR NORMAL DEPARTURE LAST
                VALUE   (LST)  VALUE       VALUE  FROM      YEAR
                                                  NORMAL
..................................................................
TEMPERATURE (F)
 YESTERDAY
  MAXIMUM         95        MM 103    2000  92      3       95
  MINIMUM         74        MM  59    2009  72      2       75
  AVERAGE         85                        82      3       85

PRECIPITATION (IN)
  YESTERDAY        0.00          1.26 2011   0.14  -0.14      T
  MONTH TO DATE    0.96                      2.94  -1.98     3.70
  SINCE JUN 1     13.38                      7.71   5.67     8.00
  SINCE JAN 1     39.37                     31.11   8.26    28.41

..................................................................


WIND (MPH)
  HIGHEST WIND SPEED     7   HIGHEST WIND DIRECTION    NW (300)
  HIGHEST GUST SPEED    MM   HIGHEST GUST DIRECTION    MM
  AVERAGE WIND SPEED     1.9


SKY COVER
  AVERAGE SKY COVER 0.0


WEATHER CONDITIONS
 THE FOLLOWING WEATHER WAS RECORDED YESTERDAY.
  FOG


RELATIVE HUMIDITY (PERCENT)
 HIGHEST   100          1200 AM
 LOWEST     49           300 PM
 AVERAGE    75

..........................................................


THE TUSCALOOSA CLIMATE NORMALS FOR TODAY
                         NORMAL    RECORD    YEAR
 MAXIMUM TEMPERATURE (F)   92       104      1952
 MINIMUM TEMPERATURE (F)   72        64      2009
                                             2004


SUNRISE AND SUNSET
JULY 21 2017..........SUNRISE   556 AM CDT   SUNSET   757 PM CDT
JULY 22 2017..........SUNRISE   557 AM CDT   SUNSET   757 PM CDT


-  INDICATES NEGATIVE NUMBERS.
R  INDICATES RECORD WAS SET OR TIED.
MM INDICATES DATA IS MISSING.
T  INDICATES TRACE AMOUNT.




$$
