000
CDUS44 KBMX 252212
CLITCL


CLIMATE REPORT
NATIONAL WEATHER SERVICE BIRMINGHAM, AL
412 PM CST TUE NOV 25 2014


...................................

...THE TUSCALOOSA CLIMATE SUMMARY FOR NOVEMBER 25 2014...
VALID AS OF 0400 PM LOCAL TIME.

CLIMATE NORMAL PERIOD 1981 TO 2010
CLIMATE RECORD PERIOD 1948 TO 2014


WEATHER ITEM   OBSERVED TIME   RECORD YEAR NORMAL DEPARTURE LAST
                VALUE   (LST)  VALUE       VALUE  FROM      YEAR
                                                  NORMAL
..................................................................
TEMPERATURE (F)
 TODAY
  MAXIMUM         61   1201 PM  78    1951  64     -3       49
  MINIMUM         38    704 AM  10    1950  40     -2       34
  AVERAGE         50                        52     -2       42

PRECIPITATION (IN)
  TODAY            0.00          1.46 1955   0.20  -0.20     1.20
  MONTH TO DATE    4.23                      4.04   0.19     1.77
  SINCE SEP 1      9.21                     11.07  -1.86     4.06
  SINCE JAN 1     42.87                     46.94  -4.07    42.88

SNOWFALL (IN)
  TODAY            0.0                       0.0    0.0
  MONTH TO DATE    0.0                       0.0    0.0
  SINCE SEP 1      0.0                       0.0    0.0
  SINCE JUL 1      0.0                       0.0    0.0
  SNOW DEPTH       0

..................................................................


WIND (MPH)
  HIGHEST WIND SPEED    13   HIGHEST WIND DIRECTION    NW (310)
  HIGHEST GUST SPEED    20   HIGHEST GUST DIRECTION    NW (320)
  AVERAGE WIND SPEED     4.5


SKY COVER
  AVERAGE SKY COVER 0.0


WEATHER CONDITIONS
 THE FOLLOWING WEATHER WAS RECORDED TODAY.
  NO SIGNIFICANT WEATHER WAS OBSERVED.


RELATIVE HUMIDITY (PERCENT)
 HIGHEST    96           300 AM
 LOWEST     28          1200 PM
 AVERAGE    62

..........................................................


THE TUSCALOOSA CLIMATE NORMALS FOR TOMORROW
                         NORMAL    RECORD    YEAR
 MAXIMUM TEMPERATURE (F)   63        82      1973
 MINIMUM TEMPERATURE (F)   40        19      1950


SUNRISE AND SUNSET
NOVEMBER 25 2014......SUNRISE   631 AM CST   SUNSET   444 PM CST
NOVEMBER 26 2014......SUNRISE   631 AM CST   SUNSET   444 PM CST


-  INDICATES NEGATIVE NUMBERS.
R  INDICATES RECORD WAS SET OR TIED.
MM INDICATES DATA IS MISSING.
T  INDICATES TRACE AMOUNT.




$$
