000
CDUS42 KTAE 230634
CLITLH


CLIMATE REPORT
NATIONAL WEATHER SERVICE TALLAHASSEE FL
133 AM EST SUN NOV 23 2014


...................................

...THE TALLAHASSEE CLIMATE SUMMARY FOR NOVEMBER 22 2014...

CLIMATE NORMAL PERIOD 1981 TO 2010
CLIMATE RECORD PERIOD 1896 TO 2014


WEATHER ITEM   OBSERVED TIME   RECORD YEAR NORMAL DEPARTURE LAST
                VALUE   (LST)  VALUE       VALUE  FROM      YEAR
                                                  NORMAL
..................................................................
TEMPERATURE (F)
 YESTERDAY
  MAXIMUM         65   1153 PM  84    1997  71     -6
  MINIMUM         43   1213 AM  23    2000  46     -3
  AVERAGE         54                        58     -4

PRECIPITATION (IN)
  YESTERDAY        1.79R         1.18 1965   0.12   1.67      T
  MONTH TO DATE    2.01                      2.49  -0.48     0.83
  SINCE SEP 1     13.70                     10.41   3.29     5.03
  SINCE JAN 1     54.78                     54.32   0.46    58.32

SNOWFALL (IN)
  YESTERDAY        0.0                       0.0    0.0

DEGREE DAYS
 HEATING
  YESTERDAY       11                                3
  MONTH TO DATE  243                              123
  SINCE SEP 1    268                              101
  SINCE JUL 1    268                              101

 COOLING
  YESTERDAY        0                               -1
  MONTH TO DATE    4                              -35
  SINCE SEP 1    612                               -7
  SINCE JAN 1   2783                              211
..................................................................


WIND (MPH)
  HIGHEST WIND SPEED    16   HIGHEST WIND DIRECTION     E (70)
  HIGHEST GUST SPEED    22   HIGHEST GUST DIRECTION     E (70)
  AVERAGE WIND SPEED     7.7




RELATIVE HUMIDITY (PERCENT)
 HIGHEST    90
 LOWEST     59
 AVERAGE    75

..........................................................


THE TALLAHASSEE CLIMATE NORMALS FOR TODAY
                         NORMAL    RECORD    YEAR
 MAXIMUM TEMPERATURE (F)   71        85      1941
 MINIMUM TEMPERATURE (F)   46        25      1976


SUNRISE AND SUNSET
NOVEMBER 23 2014......SUNRISE   710 AM EST   SUNSET   538 PM EST
NOVEMBER 24 2014......SUNRISE   711 AM EST   SUNSET   537 PM EST


-  INDICATES NEGATIVE NUMBERS.
R  INDICATES RECORD WAS SET OR TIED.
MM INDICATES DATA IS MISSING.
T  INDICATES TRACE AMOUNT.




$$
