000
CDUS42 KTAE 210635
CLITLH


CLIMATE REPORT
NATIONAL WEATHER SERVICE TALLAHASSEE FL
134 AM EST WED FEB 21 2018


...................................

...THE TALLAHASSEE CLIMATE SUMMARY FOR FEBRUARY 20 2018...

CLIMATE NORMAL PERIOD 1981 TO 2010
CLIMATE RECORD PERIOD 1896 TO 2018


WEATHER ITEM   OBSERVED TIME   RECORD YEAR NORMAL DEPARTURE LAST
                VALUE   (LST)  VALUE       VALUE  FROM      YEAR
                                                  NORMAL
..................................................................
TEMPERATURE (F)
 YESTERDAY
  MAXIMUM         81    252 PM  84    1918  69     12       81
  MINIMUM         59    111 AM  22    2015  43     16       49
  AVERAGE         70                        56     14       65

PRECIPITATION (IN)
  YESTERDAY        T             2.32 1902   0.19  -0.19     0.00
  MONTH TO DATE    3.26                      3.30  -0.04     1.52
  SINCE DEC 1      6.98                     11.54  -4.56    12.93
  SINCE JAN 1      4.99                      7.64  -2.65     8.73

SNOWFALL (IN)
  YESTERDAY        0.0                       0.0    0.0

DEGREE DAYS
 HEATING
  YESTERDAY        0                              -10
  MONTH TO DATE   66                             -161
  SINCE DEC 1    907                             -130
  SINCE JUL 1   1079                             -194

 COOLING
  YESTERDAY        5                                5
  MONTH TO DATE   38                               38
  SINCE DEC 1     77                               59
  SINCE JAN 1     47                               42
..................................................................


WIND (MPH)
  HIGHEST WIND SPEED    20   HIGHEST WIND DIRECTION     S (170)
  HIGHEST GUST SPEED    25   HIGHEST GUST DIRECTION    SE (140)
  AVERAGE WIND SPEED     7.4




RELATIVE HUMIDITY (PERCENT)
 HIGHEST   100
 LOWEST     62
 AVERAGE    81

..........................................................


THE TALLAHASSEE CLIMATE NORMALS FOR TODAY
                         NORMAL    RECORD    YEAR
 MAXIMUM TEMPERATURE (F)   69        82      1994
 MINIMUM TEMPERATURE (F)   43        23      2009
                                             1977


SUNRISE AND SUNSET
FEBRUARY 21 2018......SUNRISE   712 AM EST   SUNSET   630 PM EST
FEBRUARY 22 2018......SUNRISE   711 AM EST   SUNSET   631 PM EST


-  INDICATES NEGATIVE NUMBERS.
R  INDICATES RECORD WAS SET OR TIED.
MM INDICATES DATA IS MISSING.
T  INDICATES TRACE AMOUNT.




$$
