631
CDUS42 KTAE 080631
CLITLH


CLIMATE REPORT
NATIONAL WEATHER SERVICE TALLAHASSEE FL
131 AM EST MON FEB 8 2016


...................................

...THE TALLAHASSEE CLIMATE SUMMARY FOR FEBRUARY 7 2016...

CLIMATE NORMAL PERIOD 1981 TO 2010
CLIMATE RECORD PERIOD 1896 TO 2016


WEATHER ITEM   OBSERVED TIME   RECORD YEAR NORMAL DEPARTURE LAST
                VALUE   (LST)  VALUE       VALUE  FROM      YEAR
                                                  NORMAL
..................................................................
TEMPERATURE (F)
 YESTERDAY
  MAXIMUM         60    456 PM  82    1957  66     -6       68
                                      1932
  MINIMUM         34    638 AM  21    1996  41     -7       30
  AVERAGE         47                        53     -6       49

PRECIPITATION (IN)
  YESTERDAY        0.00          5.10 1914   0.16  -0.16     0.00
  MONTH TO DATE    2.76                      1.10   1.66     2.08
  SINCE DEC 1     11.78                      9.34   2.44    15.62
  SINCE JAN 1      7.01                      5.44   1.57     6.84

SNOWFALL (IN)
  YESTERDAY        0.0                       0.0    0.0

DEGREE DAYS
 HEATING
  YESTERDAY       18                                6
  MONTH TO DATE   74                              -13
  SINCE DEC 1    581                             -316
  SINCE JUL 1    626                             -507

 COOLING
  YESTERDAY        0                                0
  MONTH TO DATE    1                                1
  SINCE DEC 1    111                               93
  SINCE JAN 1      1                               -4
..................................................................


WIND (MPH)
  HIGHEST WIND SPEED    21   HIGHEST WIND DIRECTION    NW (300)
  HIGHEST GUST SPEED    26   HIGHEST GUST DIRECTION    NW (300)
  AVERAGE WIND SPEED     7.4




RELATIVE HUMIDITY (PERCENT)
 HIGHEST    82
 LOWEST     20
 AVERAGE    51

..........................................................


THE TALLAHASSEE CLIMATE NORMALS FOR TODAY
                         NORMAL    RECORD    YEAR
 MAXIMUM TEMPERATURE (F)   66        84      1932
 MINIMUM TEMPERATURE (F)   41        11      1895


SUNRISE AND SUNSET
FEBRUARY  8 2016......SUNRISE   724 AM EST   SUNSET   620 PM EST
FEBRUARY  9 2016......SUNRISE   723 AM EST   SUNSET   621 PM EST


-  INDICATES NEGATIVE NUMBERS.
R  INDICATES RECORD WAS SET OR TIED.
MM INDICATES DATA IS MISSING.
T  INDICATES TRACE AMOUNT.




$$
