000
CDUS42 KTAE 050633
CLITLH


CLIMATE REPORT
NATIONAL WEATHER SERVICE TALLAHASSEE FL
132 AM EST MON DEC 5 2016


...................................

...THE TALLAHASSEE CLIMATE SUMMARY FOR DECEMBER 4 2016...

CLIMATE NORMAL PERIOD 1981 TO 2010
CLIMATE RECORD PERIOD 1896 TO 2016


WEATHER ITEM   OBSERVED TIME   RECORD YEAR NORMAL DEPARTURE LAST
                VALUE   (LST)  VALUE       VALUE  FROM      YEAR
                                                  NORMAL
..................................................................
TEMPERATURE (F)
 YESTERDAY
  MAXIMUM         76   1126 AM  82    1982  68      8       66
                                      1978
  MINIMUM         57    719 AM  19    1974  43     14       50
  AVERAGE         67                        55     12       58

PRECIPITATION (IN)
  YESTERDAY        T             4.49 1964   0.13  -0.13     0.00
  MONTH TO DATE    0.03                      0.52  -0.49     0.85
  SINCE DEC 1      0.03                      0.52  -0.49     0.85
  SINCE JAN 1     55.65                     55.85  -0.20    50.46

SNOWFALL (IN)
  YESTERDAY        0.0                       0.0    0.0

DEGREE DAYS
 HEATING
  YESTERDAY        0                              -10
  MONTH TO DATE   24                              -16
  SINCE DEC 1     24                              -16
  SINCE JUL 1    137                             -139

 COOLING
  YESTERDAY        2                                1
  MONTH TO DATE    2                               -2
  SINCE DEC 1      2                               -2
  SINCE JAN 1   3265                              681
..................................................................


WIND (MPH)
  HIGHEST WIND SPEED    21   HIGHEST WIND DIRECTION    SE (150)
  HIGHEST GUST SPEED    27   HIGHEST GUST DIRECTION    SE (150)
  AVERAGE WIND SPEED     9.6




RELATIVE HUMIDITY (PERCENT)
 HIGHEST    97
 LOWEST     57
 AVERAGE    77

..........................................................


THE TALLAHASSEE CLIMATE NORMALS FOR TODAY
                         NORMAL    RECORD    YEAR
 MAXIMUM TEMPERATURE (F)   67        82      2013
 MINIMUM TEMPERATURE (F)   43        21      1974


SUNRISE AND SUNSET
DECEMBER  5 2016......SUNRISE   720 AM EST   SUNSET   537 PM EST
DECEMBER  6 2016......SUNRISE   721 AM EST   SUNSET   537 PM EST


-  INDICATES NEGATIVE NUMBERS.
R  INDICATES RECORD WAS SET OR TIED.
MM INDICATES DATA IS MISSING.
T  INDICATES TRACE AMOUNT.




$$
