000
CDUS42 KTAE 010637
CLITLH


CLIMATE REPORT
NATIONAL WEATHER SERVICE TALLAHASSEE FL
237 AM EDT WED OCT 1 2014


...................................

...THE TALLAHASSEE CLIMATE SUMMARY FOR SEPTEMBER 30 2014...

CLIMATE NORMAL PERIOD 1981 TO 2010
CLIMATE RECORD PERIOD 1896 TO 2014


WEATHER ITEM   OBSERVED TIME   RECORD YEAR NORMAL DEPARTURE LAST
                VALUE   (LST)  VALUE       VALUE  FROM      YEAR
                                                  NORMAL
..................................................................
TEMPERATURE (F)
 YESTERDAY
  MAXIMUM         80    151 PM  96    1934  86     -6
  MINIMUM         72   1159 PM  40    1967  64      8
  AVERAGE         76                        74      2

PRECIPITATION (IN)
  YESTERDAY        0.00          4.02 1924   0.13  -0.13     0.02
  MONTH TO DATE    6.82                      4.69   2.13     3.17
  SINCE SEP 1      6.82                      4.69   2.13     3.17
  SINCE JAN 1     47.90                     48.60  -0.70    56.46

SNOWFALL (IN)
  YESTERDAY        0.0                       0.0    0.0

DEGREE DAYS
 HEATING
  YESTERDAY        0                                0
  MONTH TO DATE    0                                0
  SINCE SEP 1      0                               -1
  SINCE JUL 1      0                               -1

 COOLING
  YESTERDAY       11                                1
  MONTH TO DATE  446                               47
  SINCE SEP 1    446                               47
  SINCE JAN 1   2617                              265
..................................................................


WIND (MPH)
  HIGHEST WIND SPEED     9   HIGHEST WIND DIRECTION    NE (60)
  HIGHEST GUST SPEED    13   HIGHEST GUST DIRECTION    NE (60)
  AVERAGE WIND SPEED     3.7




RELATIVE HUMIDITY (PERCENT)
 HIGHEST    93
 LOWEST     74
 AVERAGE    84

..........................................................


THE TALLAHASSEE CLIMATE NORMALS FOR TODAY
                         NORMAL    RECORD    YEAR
 MAXIMUM TEMPERATURE (F)   85        95      1933
 MINIMUM TEMPERATURE (F)   63        40      1967


SUNRISE AND SUNSET
OCTOBER  1 2014.......SUNRISE   731 AM EDT   SUNSET   723 PM EDT
OCTOBER  2 2014.......SUNRISE   731 AM EDT   SUNSET   722 PM EDT


-  INDICATES NEGATIVE NUMBERS.
R  INDICATES RECORD WAS SET OR TIED.
MM INDICATES DATA IS MISSING.
T  INDICATES TRACE AMOUNT.




$$
