380
CDUS42 KTAE 240630
CLITLH


CLIMATE REPORT
NATIONAL WEATHER SERVICE TALLAHASSEE FL
130 AM EST TUE JAN 24 2017


...................................

...THE TALLAHASSEE CLIMATE SUMMARY FOR JANUARY 23 2017...

CLIMATE NORMAL PERIOD 1981 TO 2010
CLIMATE RECORD PERIOD 1896 TO 2017


WEATHER ITEM   OBSERVED TIME   RECORD YEAR NORMAL DEPARTURE LAST
                VALUE   (LST)  VALUE       VALUE  FROM      YEAR
                                                  NORMAL
..................................................................
TEMPERATURE (F)
 YESTERDAY
  MAXIMUM         67    507 PM  80    1929  64      3       47
                                      1927
  MINIMUM         55    700 AM  20    2011  39     16       37
  AVERAGE         61                        51     10       42

PRECIPITATION (IN)
  YESTERDAY        0.00          2.77 2015   0.15  -0.15      T
  MONTH TO DATE    7.07                      3.10   3.97     4.17
  SINCE DEC 1     11.27                      7.00   4.27     8.94
  SINCE JAN 1      7.07                      3.10   3.97     4.17

SNOWFALL (IN)
  YESTERDAY        0.0                       0.0    0.0

DEGREE DAYS
 HEATING
  YESTERDAY        4                              -10
  MONTH TO DATE  145                             -177
  SINCE DEC 1    336                             -365
  SINCE JUL 1    449                             -488

 COOLING
  YESTERDAY        0                                0
  MONTH TO DATE   30                               30
  SINCE DEC 1     73                               60
  SINCE JAN 1     30                               30
..................................................................


WIND (MPH)
  HIGHEST WIND SPEED    26   HIGHEST WIND DIRECTION     W (290)
  HIGHEST GUST SPEED    38   HIGHEST GUST DIRECTION     W (280)
  AVERAGE WIND SPEED    15.2




RELATIVE HUMIDITY (PERCENT)
 HIGHEST    83
 LOWEST     52
 AVERAGE    68

..........................................................


THE TALLAHASSEE CLIMATE NORMALS FOR TODAY
                         NORMAL    RECORD    YEAR
 MAXIMUM TEMPERATURE (F)   64        80      1929
 MINIMUM TEMPERATURE (F)   39        17      1963


SUNRISE AND SUNSET
JANUARY 24 2017.......SUNRISE   732 AM EST   SUNSET   607 PM EST
JANUARY 25 2017.......SUNRISE   732 AM EST   SUNSET   608 PM EST


-  INDICATES NEGATIVE NUMBERS.
R  INDICATES RECORD WAS SET OR TIED.
MM INDICATES DATA IS MISSING.
T  INDICATES TRACE AMOUNT.




$$
