000
CDUS42 KTAE 310655
CLITLH


CLIMATE REPORT
NATIONAL WEATHER SERVICE TALLAHASSEE FL
251 AM EDT THU JUL 31 2014


...................................

...THE TALLAHASSEE CLIMATE SUMMARY FOR JULY 30 2014...

CLIMATE NORMAL PERIOD 1981 TO 2010
CLIMATE RECORD PERIOD 1896 TO 2014


WEATHER ITEM   OBSERVED TIME   RECORD YEAR NORMAL DEPARTURE LAST
                VALUE   (LST)  VALUE       VALUE  FROM      YEAR
                                                  NORMAL
..................................................................
TEMPERATURE (F)
 YESTERDAY
  MAXIMUM         94(E) 400 PM 103    2010  92      2
  MINIMUM         66R   516 AM  67    1927  72     -6
  AVERAGE         80                        82     -2

PRECIPITATION (IN)
  YESTERDAY        0.00          4.08 1975   0.25  -0.25     0.25
  MONTH TO DATE    2.33                      6.91  -4.58    14.60
  SINCE JUN 1      6.73                     14.64  -7.91    21.92
  SINCE JAN 1     38.82                     36.30   2.52    44.31

SNOWFALL (IN)
  YESTERDAY        0.0                       0.0    0.0

DEGREE DAYS
 HEATING
  YESTERDAY        0                                0
  MONTH TO DATE    0                                0
  SINCE JUN 1      0                                0
  SINCE JUL 1      0                                0

 COOLING
  YESTERDAY       15                               -2
  MONTH TO DATE  530                               20
  SINCE JUN 1   1051                               84
  SINCE JAN 1   1540                              127
..................................................................


WIND (MPH)
  HIGHEST WIND SPEED    13   HIGHEST WIND DIRECTION     W (280)
  HIGHEST GUST SPEED    MM   HIGHEST GUST DIRECTION    MM
  AVERAGE WIND SPEED     4.7




RELATIVE HUMIDITY (PERCENT)
 HIGHEST    84
 LOWEST     34
 AVERAGE    59

..........................................................


THE TALLAHASSEE CLIMATE NORMALS FOR TODAY
                         NORMAL    RECORD    YEAR
 MAXIMUM TEMPERATURE (F)   92       101      2010
                                             1999
 MINIMUM TEMPERATURE (F)   72        63      1896


SUNRISE AND SUNSET
JULY 31 2014..........SUNRISE   655 AM EDT   SUNSET   832 PM EDT
AUGUST  1 2014........SUNRISE   656 AM EDT   SUNSET   831 PM EDT


-  INDICATES NEGATIVE NUMBERS.
R  INDICATES RECORD WAS SET OR TIED.
MM INDICATES DATA IS MISSING.
T  INDICATES TRACE AMOUNT.




$$
