000
CDUS44 KBMX 042146
CLITOI


CLIMATE REPORT
NATIONAL WEATHER SERVICE BIRMINGHAM, AL
445 PM CDT WED MAY 4 2016


...................................

...THE TROY CLIMATE SUMMARY FOR MAY 4 2016...
VALID AS OF 0400 PM LOCAL TIME.

CLIMATE NORMAL PERIOD 1981 TO 2010
CLIMATE RECORD PERIOD 9999 TO 9999


WEATHER ITEM   OBSERVED TIME   RECORD YEAR NORMAL DEPARTURE LAST
                VALUE   (LST)  VALUE       VALUE  FROM      YEAR
                                                  NORMAL
..................................................................
TEMPERATURE (F)
 TODAY
  MAXIMUM         75    205 PM  MM      MM  81     -6       84
  MINIMUM         56    529 AM  MM      MM  55      1       52
  AVERAGE         66                        68     -2       68

PRECIPITATION (IN)
  TODAY            0.00                      0.10  -0.10     0.00
  MONTH TO DATE    1.17                      0.33   0.84     0.00
  SINCE MAR 1     11.75                     10.35   1.40     9.82
  SINCE JAN 1     18.10                     19.48  -1.38    16.73

DEGREE DAYS
 COOLING
  TODAY            1                         4     -3        3
  MONTH TO DATE   27                        16     11        4
  SINCE MAR 1    186                        88     98      208
  SINCE JAN 1    193                        93    100      210
..................................................................


WIND (MPH)
  HIGHEST WIND SPEED    17   HIGHEST WIND DIRECTION    NW (330)
  HIGHEST GUST SPEED    25   HIGHEST GUST DIRECTION    NW (310)
  AVERAGE WIND SPEED     8.6


SKY COVER
  AVERAGE SKY COVER 0.2


WEATHER CONDITIONS
 THE FOLLOWING WEATHER WAS RECORDED TODAY.
  NO SIGNIFICANT WEATHER WAS OBSERVED.


RELATIVE HUMIDITY (PERCENT)
 HIGHEST    93           500 AM
 LOWEST     38           300 PM
 AVERAGE    66

..........................................................


THE TROY CLIMATE NORMALS FOR TOMORROW
                         NORMAL    RECORD    YEAR
 MAXIMUM TEMPERATURE (F)   82        MM        MM
 MINIMUM TEMPERATURE (F)   55        MM        MM


SUNRISE AND SUNSET
MAY  4 2016...........SUNRISE   555 AM CDT   SUNSET   727 PM CDT
MAY  5 2016...........SUNRISE   554 AM CDT   SUNSET   727 PM CDT


-  INDICATES NEGATIVE NUMBERS.
R  INDICATES RECORD WAS SET OR TIED.
MM INDICATES DATA IS MISSING.
T  INDICATES TRACE AMOUNT.




$$
