000
CDUS44 KBMX 020016
CLITOI


CLIMATE REPORT
NATIONAL WEATHER SERVICE BIRMINGHAM, AL
715 PM CDT FRI AUG 1 2014


...................................

...THE TROY CLIMATE SUMMARY FOR AUGUST 1 2014...
VALID TODAY AS OF 0700 PM LOCAL TIME.

CLIMATE NORMAL PERIOD 1981 TO 2010
CLIMATE RECORD PERIOD 9999 TO 9999


WEATHER ITEM   OBSERVED TIME   RECORD YEAR NORMAL DEPARTURE LAST
                VALUE   (LST)  VALUE       VALUE  FROM      YEAR
                                                  NORMAL
..................................................................
TEMPERATURE (F)
 TODAY
  MAXIMUM         88   1241 PM  MM      MM  91     -3       92
  MINIMUM         68    527 AM  MM      MM  70     -2       73
  AVERAGE         78                        81     -3       83

PRECIPITATION (IN)
  TODAY            0.00                      0.17  -0.17     0.25
  MONTH TO DATE    0.00                      0.17  -0.17     0.25
  SINCE JUN 1      4.91                     10.67  -5.76    19.57
  SINCE JAN 1     34.97                     33.50   1.47    42.73

DEGREE DAYS
 COOLING
  TODAY           13                        16     -3       18
  MONTH TO DATE   13                        16     -3       18
  SINCE JUN 1    906                       889     17      911
  SINCE JAN 1   1228                      1176     52     1203
..................................................................


WIND (MPH)
  HIGHEST WIND SPEED    13   HIGHEST WIND DIRECTION    NE (30)
  HIGHEST GUST SPEED    15   HIGHEST GUST DIRECTION     N (20)
  AVERAGE WIND SPEED     3.2


SKY COVER
  AVERAGE SKY COVER 0.4


WEATHER CONDITIONS
 THE FOLLOWING WEATHER WAS RECORDED TODAY.
  FOG


RELATIVE HUMIDITY (PERCENT)
 HIGHEST    93           500 AM
 LOWEST     46           100 PM
 AVERAGE    70

..........................................................


THE TROY CLIMATE NORMALS FOR TOMORROW
                         NORMAL    RECORD    YEAR
 MAXIMUM TEMPERATURE (F)   91        MM        MM
 MINIMUM TEMPERATURE (F)   70        MM        MM


SUNRISE AND SUNSET
AUGUST  1 2014........SUNRISE   600 AM CDT   SUNSET   741 PM CDT
AUGUST  2 2014........SUNRISE   600 AM CDT   SUNSET   740 PM CDT


-  INDICATES NEGATIVE NUMBERS.
R  INDICATES RECORD WAS SET OR TIED.
MM INDICATES DATA IS MISSING.
T  INDICATES TRACE AMOUNT.




$$
