000
CDUS44 KBMX 130942
CLITOI


CLIMATE REPORT
NATIONAL WEATHER SERVICE BIRMINGHAM, AL
442 AM CDT SUN JUL 13 2014


...................................

...THE TROY CLIMATE SUMMARY FOR JULY 12 2014...

CLIMATE NORMAL PERIOD 1981 TO 2010
CLIMATE RECORD PERIOD 9999 TO 9999


WEATHER ITEM   OBSERVED TIME   RECORD YEAR NORMAL DEPARTURE LAST
                VALUE   (LST)  VALUE       VALUE  FROM      YEAR
                                                  NORMAL
..................................................................
TEMPERATURE (F)
 YESTERDAY
  MAXIMUM         93    332 PM  MM      MM  92      1       91
  MINIMUM         70   1153 PM  MM      MM  70      0       69
  AVERAGE         82                        81      1       80

PRECIPITATION (IN)
  YESTERDAY        0.00                      0.19  -0.19     1.12
  MONTH TO DATE    0.36                      2.30  -1.94     6.70
  SINCE JUN 1      3.15                      7.13  -3.98    12.65
  SINCE JAN 1     33.21                     29.96   3.25    35.81

DEGREE DAYS
 COOLING
  YESTERDAY       17                        16      1       15
  MONTH TO DATE  182                       185     -3      155
  SINCE JUN 1    615                       573     42      600
  SINCE JAN 1    937                       860     77      892
..................................................................


WIND (MPH)
  HIGHEST WIND SPEED    12   HIGHEST WIND DIRECTION     E (80)
  HIGHEST GUST SPEED    17   HIGHEST GUST DIRECTION     E (90)
  AVERAGE WIND SPEED     4.1


SKY COVER
  AVERAGE SKY COVER 0.2


WEATHER CONDITIONS
 THE FOLLOWING WEATHER WAS RECORDED YESTERDAY.
  FOG
  FOG W/VISIBILITY <= 1/4 MILE


RELATIVE HUMIDITY (PERCENT)
 HIGHEST    93          1200 AM
 LOWEST     46           300 PM
 AVERAGE    70

..........................................................


THE TROY CLIMATE NORMALS FOR TODAY
                         NORMAL    RECORD    YEAR
 MAXIMUM TEMPERATURE (F)   92        MM        MM
 MINIMUM TEMPERATURE (F)   70        MM        MM


SUNRISE AND SUNSET
JULY 13 2014..........SUNRISE   548 AM CDT   SUNSET   752 PM CDT
JULY 14 2014..........SUNRISE   548 AM CDT   SUNSET   751 PM CDT


-  INDICATES NEGATIVE NUMBERS.
R  INDICATES RECORD WAS SET OR TIED.
MM INDICATES DATA IS MISSING.
T  INDICATES TRACE AMOUNT.




$$
