000
CDUS44 KBMX 300736
CLITOI


CLIMATE REPORT
NATIONAL WEATHER SERVICE BIRMINGHAM, AL
235 AM CDT THU MAR 30 2017


...................................

...THE TROY CLIMATE SUMMARY FOR MARCH 29 2017...

CLIMATE NORMAL PERIOD 1981 TO 2010
CLIMATE RECORD PERIOD 9999 TO 9999


WEATHER ITEM   OBSERVED TIME   RECORD YEAR NORMAL DEPARTURE LAST
                VALUE   (LST)  VALUE       VALUE  FROM      YEAR
                                                  NORMAL
..................................................................
TEMPERATURE (F)
 YESTERDAY
  MAXIMUM         84    302 PM  MM      MM  73     11       79
  MINIMUM         60   1159 PM  MM      MM  46     14       45
  AVERAGE         72                        59     13       62

PRECIPITATION (IN)
  YESTERDAY        0.00                      0.22  -0.22     0.00
  MONTH TO DATE    2.20                      5.61  -3.41     4.82
  SINCE MAR 1      2.20                      5.61  -3.41     4.82
  SINCE JAN 1     20.83                     14.74   6.09    11.17

SNOWFALL (IN)
  YESTERDAY        0.0                      MM     MM        0.0
  MONTH TO DATE    0.0                      MM     MM        0.0
  SINCE MAR 1      0.0                      MM     MM        0.0
  SINCE JUL 1      0.0                      MM     MM         T
  SNOW DEPTH       0

DEGREE DAYS
 HEATING
  YESTERDAY        0                         7     -7        3
  MONTH TO DATE  217                       270    -53      130
  SINCE MAR 1    217                       270    -53      130
  SINCE JUL 1   1378                      2189   -811     1435

 COOLING
  YESTERDAY        7                         1      6        0
  MONTH TO DATE   50                         9     41       75
  SINCE MAR 1     50                         9     41       75
  SINCE JAN 1     72                        14     58       82
..................................................................


WIND (MPH)
  HIGHEST WIND SPEED    14   HIGHEST WIND DIRECTION    SW (220)
  HIGHEST GUST SPEED    19   HIGHEST GUST DIRECTION     S (200)
  AVERAGE WIND SPEED     4.6


SKY COVER
  AVERAGE SKY COVER 0.3


WEATHER CONDITIONS
 THE FOLLOWING WEATHER WAS RECORDED YESTERDAY.
  LIGHT RAIN
  FOG


RELATIVE HUMIDITY (PERCENT)
 HIGHEST   100           300 AM
 LOWEST     37           200 PM
 AVERAGE    69

..........................................................


THE TROY CLIMATE NORMALS FOR TODAY
                         NORMAL    RECORD    YEAR
 MAXIMUM TEMPERATURE (F)   73        MM        MM
 MINIMUM TEMPERATURE (F)   46        MM        MM


SUNRISE AND SUNSET
MARCH 30 2017.........SUNRISE   635 AM CDT   SUNSET   703 PM CDT
MARCH 31 2017.........SUNRISE   633 AM CDT   SUNSET   703 PM CDT


-  INDICATES NEGATIVE NUMBERS.
R  INDICATES RECORD WAS SET OR TIED.
MM INDICATES DATA IS MISSING.
T  INDICATES TRACE AMOUNT.




$$
