000
CDUS41 KCLE 260606
CLITOL


CLIMATE REPORT
NATIONAL WEATHER SERVICE CLEVELAND OH
205 AM EDT WED APR 26 2017


...................................

...THE TOLEDO OH CLIMATE SUMMARY FOR APRIL 25 2017...

CLIMATE NORMAL PERIOD 1981 TO 2010
CLIMATE RECORD PERIOD 1873 TO 2017


WEATHER ITEM   OBSERVED TIME   RECORD YEAR NORMAL DEPARTURE LAST
                VALUE   (LST)  VALUE       VALUE  FROM      YEAR
                                                  NORMAL
..................................................................
TEMPERATURE (F)
 YESTERDAY
  MAXIMUM         74    223 PM  88    1990  64     10       80
  MINIMUM         50    325 AM  21    1974  42      8       41
  AVERAGE         62                        53      9       61

PRECIPITATION (IN)
  YESTERDAY        0.00                      0.11  -0.11     0.00
  MONTH TO DATE    2.29                      2.67  -0.38     2.41
  SINCE MAR 1      5.93                      5.15   0.78     7.51
  SINCE JAN 1     11.70                      9.27   2.43    10.73

SNOWFALL (IN)
  YESTERDAY        0.0                       0.0    0.0      0.0
  MONTH TO DATE    0.7                       1.2   -0.5      8.7
  SINCE MAR 1      5.4                       6.9   -1.5     11.4
  SINCE JUL 1     22.4                      37.4  -15.0     26.4
  SNOW DEPTH       0

DEGREE DAYS
 HEATING
  YESTERDAY        3                        12     -9        4
  MONTH TO DATE  290                       419   -129      472
  SINCE MAR 1   1162                      1269   -107     1146
  SINCE JUL 1   5007                      5845   -838     5044

 COOLING
  YESTERDAY        0                         0      0        0
  MONTH TO DATE    3                         0      3        0
  SINCE MAR 1      3                         0      3        0
  SINCE JAN 1      3                         0      3        0
..................................................................


WIND (MPH)
  HIGHEST WIND SPEED    16   HIGHEST WIND DIRECTION    NE (60)
  HIGHEST GUST SPEED    19   HIGHEST GUST DIRECTION    SE (140)
  AVERAGE WIND SPEED     7.7


SKY COVER
  POSSIBLE SUNSHINE  MM
  AVERAGE SKY COVER 0.5


WEATHER CONDITIONS
 THE FOLLOWING WEATHER WAS RECORDED YESTERDAY.
  NO SIGNIFICANT WEATHER WAS OBSERVED.


RELATIVE HUMIDITY (PERCENT)
 HIGHEST    89           400 AM
 LOWEST     49           200 PM
 AVERAGE    69

..........................................................


THE TOLEDO OH CLIMATE NORMALS FOR TODAY
                         NORMAL    RECORD    YEAR
 MAXIMUM TEMPERATURE (F)   64        89      1915
 MINIMUM TEMPERATURE (F)   42        25      1972


SUNRISE AND SUNSET
APRIL 26 2017.........SUNRISE   638 AM EDT   SUNSET   828 PM EDT
APRIL 27 2017.........SUNRISE   637 AM EDT   SUNSET   829 PM EDT


-  INDICATES NEGATIVE NUMBERS.
R  INDICATES RECORD WAS SET OR TIED.
MM INDICATES DATA IS MISSING.
T  INDICATES TRACE AMOUNT.




$$
