000
CDUS45 KCYS 250750
CLITOR


CLIMATE REPORT
NATIONAL WEATHER SERVICE CHEYENNE WY
149 AM MDT WED MAY 25 2016


...................................

...THE TORRINGTON WY AIRPORT CLIMATE SUMMARY FOR MAY 24 2016...

CLIMATE NORMAL PERIOD 1981 TO 2010
CLIMATE RECORD PERIOD 1998 TO 2016


WEATHER ITEM   OBSERVED TIME   RECORD YEAR NORMAL DEPARTURE LAST
                VALUE   (LST)  VALUE       VALUE  FROM      YEAR
                                                  NORMAL
..................................................................
TEMPERATURE (F)
 YESTERDAY
  MAXIMUM         77    339 PM  84    2013  73      4       68
  MINIMUM         39    440 AM  32    2002  45     -6       49
  AVERAGE         58                        59     -1       59

PRECIPITATION (IN)
  YESTERDAY        0.00          0.82 2011   0.10  -0.10     0.11
  MONTH TO DATE    2.06                      1.69   0.37     5.28
  SINCE JAN 1      7.50                      4.70   2.80     9.38

DEGREE DAYS
 HEATING
  YESTERDAY        7                         7      0        6
  MONTH TO DATE  273                       238     35      343
  SINCE MAR 1   1517                      1626   -109     1501
  SINCE JUL 1   5834                      6470   -636     6215

 COOLING
  YESTERDAY        0                         1     -1        0
  MONTH TO DATE    0                         2     -2        0
  SINCE MAR 1      0                         3     -3        0
  SINCE JAN 1      0                         3     -3        0
..................................................................


WIND (MPH)
  HIGHEST WIND SPEED    39   HIGHEST WIND DIRECTION     S (170)
  HIGHEST GUST SPEED    47   HIGHEST GUST DIRECTION     S (170)
  AVERAGE WIND SPEED    12.5


SKY COVER
  AVERAGE SKY COVER 0.2


WEATHER CONDITIONS
 THE FOLLOWING WEATHER WAS RECORDED YESTERDAY.
  NO SIGNIFICANT WEATHER WAS OBSERVED.


RELATIVE HUMIDITY (PERCENT)
 HIGHEST    89           200 AM
 LOWEST     31           300 PM
 AVERAGE    60

..........................................................


THE TORRINGTON WY AIRPORT CLIMATE NORMALS FOR TODAY
                         NORMAL    RECORD    YEAR
 MAXIMUM TEMPERATURE (F)   74        87      2013
                                             2006
 MINIMUM TEMPERATURE (F)   45        33      2002
                                             2001


SUNRISE AND SUNSET
MAY 25 2016...........SUNRISE   527 AM MDT   SUNSET   821 PM MDT
MAY 26 2016...........SUNRISE   526 AM MDT   SUNSET   821 PM MDT


-  INDICATES NEGATIVE NUMBERS.
R  INDICATES RECORD WAS SET OR TIED.
MM INDICATES DATA IS MISSING.
T  INDICATES TRACE AMOUNT.




$$
