000
CDUS45 KCYS 290735
CLITOR


CLIMATE REPORT
NATIONAL WEATHER SERVICE CHEYENNE WY
135 AM MDT TUE JUL 29 2014


...................................

...THE TORRINGTON WY AIRPORT CLIMATE SUMMARY FOR JULY 28 2014...

CLIMATE NORMAL PERIOD 1981 TO 2010
CLIMATE RECORD PERIOD 1998 TO 2014


WEATHER ITEM   OBSERVED TIME   RECORD YEAR NORMAL DEPARTURE LAST
                VALUE   (LST)  VALUE       VALUE  FROM      YEAR
                                                  NORMAL
..................................................................
TEMPERATURE (F)
 YESTERDAY
  MAXIMUM         90    408 PM 104    2006  91     -1       79
  MINIMUM         57    504 AM  54    2005  59     -2       58
  AVERAGE         74                        75     -1       69

PRECIPITATION (IN)
  YESTERDAY        0.00          0.42 2007   0.06  -0.06     0.02
  MONTH TO DATE    1.19                      1.62  -0.43     0.44
  SINCE JAN 1     11.30                      9.51   1.79     5.86

DEGREE DAYS
 HEATING
  YESTERDAY        0                         0      0        0
  MONTH TO DATE    7                         0      7        2
  SINCE JUN 1     85                        75     10       36
  SINCE JUL 1      7                         0      7        2

 COOLING
  YESTERDAY        9                        10     -1        4
  MONTH TO DATE  244                       253     -9      268
  SINCE JUN 1    306                       369    -63      428
  SINCE JAN 1    322                       387    -65      467
..................................................................


WIND (MPH)
  HIGHEST WIND SPEED    16   HIGHEST WIND DIRECTION     E (110)
  HIGHEST GUST SPEED    20   HIGHEST GUST DIRECTION    SE (130)
  AVERAGE WIND SPEED     9.2


SKY COVER
  AVERAGE SKY COVER 0.0


WEATHER CONDITIONS
 THE FOLLOWING WEATHER WAS RECORDED YESTERDAY.
  NO SIGNIFICANT WEATHER WAS OBSERVED.


RELATIVE HUMIDITY (PERCENT)
 HIGHEST    73          1100 PM
 LOWEST     24           500 PM
 AVERAGE    49

..........................................................


THE TORRINGTON WY AIRPORT CLIMATE NORMALS FOR TODAY
                         NORMAL    RECORD    YEAR
 MAXIMUM TEMPERATURE (F)   91       102      2006
 MINIMUM TEMPERATURE (F)   59        50      2004


SUNRISE AND SUNSET
JULY 29 2014..........SUNRISE   547 AM MDT   SUNSET   819 PM MDT
JULY 30 2014..........SUNRISE   548 AM MDT   SUNSET   818 PM MDT


-  INDICATES NEGATIVE NUMBERS.
R  INDICATES RECORD WAS SET OR TIED.
MM INDICATES DATA IS MISSING.
T  INDICATES TRACE AMOUNT.




$$
