000
CDUS42 KTBW 290831
CLITPA


CLIMATE REPORT
NATIONAL WEATHER SERVICE TAMPA BAY FL
428 AM EDT TUE JUL 29 2014


...................................

...THE TAMPA CLIMATE SUMMARY FOR JULY 28 2014...

CLIMATE NORMAL PERIOD 1981 TO 2010
CLIMATE RECORD PERIOD 1890 TO 2014


WEATHER ITEM   OBSERVED TIME   RECORD YEAR NORMAL DEPARTURE LAST
                VALUE   (LST)  VALUE       VALUE  FROM      YEAR
                                                  NORMAL
..................................................................
TEMPERATURE (F)
 YESTERDAY
  MAXIMUM         91    309 PM  97    1996  90      1       87
  MINIMUM         81    943 PM  69    1926  76      5       75
  AVERAGE         86                        83      3       81

PRECIPITATION (IN)
  YESTERDAY        0.05          4.89 1960   0.23  -0.18     0.41
  MONTH TO DATE   12.67                      6.41   6.26     7.66
  SINCE JUN 1     14.44                     13.09   1.35    18.96
  SINCE JAN 1     33.77                     25.29   8.48    28.08

DEGREE DAYS
 HEATING
  YESTERDAY        0                         0      0        0
  MONTH TO DATE    0                         0      0        0
  SINCE JUN 1      0                         0      0        0
  SINCE JUL 1      0                         0      0        0

 COOLING
  YESTERDAY       21                        18      3       16
  MONTH TO DATE  505                       504      1      493
  SINCE JUN 1   1031                      1020     11     1016
  SINCE JAN 1   1854                      1897    -43     1991
..................................................................


WIND (MPH)
  RESULTANT WIND SPEED  11   RESULTANT WIND DIRECTION   W (250)
  HIGHEST WIND SPEED    20   HIGHEST WIND DIRECTION     W (270)
  HIGHEST GUST SPEED    23   HIGHEST GUST DIRECTION     W (270)
  AVERAGE WIND SPEED    11.6


SKY COVER
  POSSIBLE SUNSHINE  MM
  AVERAGE SKY COVER 0.6


WEATHER CONDITIONS
 THE FOLLOWING WEATHER WAS RECORDED YESTERDAY.
  LIGHT RAIN
  HAZE


RELATIVE HUMIDITY (PERCENT)
 HIGHEST    79           200 AM
 LOWEST     56           300 PM
 AVERAGE    68

..........................................................


THE TAMPA CLIMATE NORMALS FOR TODAY
                         NORMAL    RECORD    YEAR
 MAXIMUM TEMPERATURE (F)   90        97      1993
 MINIMUM TEMPERATURE (F)   76        67      1919


SUNRISE AND SUNSET
JULY 29 2014..........SUNRISE   651 AM EDT   SUNSET   822 PM EDT
JULY 30 2014..........SUNRISE   652 AM EDT   SUNSET   821 PM EDT


-  INDICATES NEGATIVE NUMBERS.
R  INDICATES RECORD WAS SET OR TIED.
MM INDICATES DATA IS MISSING.
T  INDICATES TRACE AMOUNT.




$$


&&
------------------------------------------------------------------
******************** SUPPLEMENTAL DATA ***************************

...RUSKIN                HIGH 91    LOW 77    PCPN 0.00
...SARASOTA/BRADENTON    HIGH 93    LOW 84    PCPN 0.00
...ST. PETERSBURG        HIGH 90    LOW 84    PCPN 0.00
...GULF WATER TEMPERATURE AT CLEARWATER BEACH 88.
