000
CDUS42 KTBW 232111
CLITPA


CLIMATE REPORT
NATIONAL WEATHER SERVICE TAMPA BAY FL
510 PM EDT SAT JUL 23 2016


...................................

...THE TAMPA CLIMATE SUMMARY FOR JULY 23 2016...
VALID TODAY AS OF 0500 PM LOCAL TIME.

CLIMATE NORMAL PERIOD 1981 TO 2010
CLIMATE RECORD PERIOD 1890 TO 2016


WEATHER ITEM   OBSERVED TIME   RECORD YEAR NORMAL DEPARTURE LAST
                VALUE   (LST)  VALUE       VALUE  FROM      YEAR
                                                  NORMAL
..................................................................
TEMPERATURE (F)
 TODAY
  MAXIMUM         89    300 PM  95    1959  90     -1       91
  MINIMUM         74    401 AM  68    1921  76     -2       80
  AVERAGE         82                        83     -1       86

PRECIPITATION (IN)
  TODAY            0.00          2.52 1899   0.21  -0.21     0.40
  MONTH TO DATE    1.92                      5.28  -3.36     3.20
  SINCE JUN 1     13.40                     11.96   1.44     9.43
  SINCE JAN 1     29.30                     24.16   5.14    30.32

DEGREE DAYS
 HEATING
  TODAY            0                         0      0        0
  MONTH TO DATE    0                         0      0        0
  SINCE JUN 1      0                         0      0        0
  SINCE JUL 1      0                         0      0        0

 COOLING
  TODAY           17                        18     -1       21
  MONTH TO DATE  468                       414     54      443
  SINCE JUN 1   1019                       930     89      986
  SINCE JAN 1   2039                      1807    232     2207
..................................................................


WIND (MPH)
  RESULTANT WIND SPEED   2   RESULTANT WIND DIRECTION   S (200)
  HIGHEST WIND SPEED    17   HIGHEST WIND DIRECTION    SW (240)
  HIGHEST GUST SPEED    22   HIGHEST GUST DIRECTION    SW (240)
  AVERAGE WIND SPEED     4.0


SKY COVER
  POSSIBLE SUNSHINE  MM
  AVERAGE SKY COVER 0.7


WEATHER CONDITIONS
 THE FOLLOWING WEATHER WAS RECORDED TODAY.
  THUNDERSTORM
  FOG


RELATIVE HUMIDITY (PERCENT)
 HIGHEST    94          1200 AM
 LOWEST     65           200 PM

..........................................................


THE TAMPA CLIMATE NORMALS FOR TOMORROW
                         NORMAL    RECORD    YEAR
 MAXIMUM TEMPERATURE (F)   90        96      1987
                                             1961
 MINIMUM TEMPERATURE (F)   76        65      1913
                                             1890


SUNRISE AND SUNSET
JULY 23 2016..........SUNRISE   648 AM EDT   SUNSET   825 PM EDT
JULY 24 2016..........SUNRISE   649 AM EDT   SUNSET   824 PM EDT


-  INDICATES NEGATIVE NUMBERS.
R  INDICATES RECORD WAS SET OR TIED.
MM INDICATES DATA IS MISSING.
T  INDICATES TRACE AMOUNT.




$$


&&
------------------------------------------------------------------
******************** SUPPLEMENTAL DATA ***************************

...RUSKIN                HIGH 90    LOW 72    PCPN TRACE
...SARASOTA/BRADENTON    HIGH 92    LOW 74    PCPN 0.00
...LAKELAND              HIGH 91    LOW 71    PCPN 0.00
...ST. PETERSBURG        HIGH 87    LOW 77    PCPN TRACE
...GULF WATER TEMPERATURE AT CLEARWATER BEACH 88 DEGREES
