000
CDUS42 KTBW 020930
CLITPA


CLIMATE REPORT
NATIONAL WEATHER SERVICE TAMPA BAY FL
428 AM EST MON MAR 2 2015


...................................

...THE TAMPA CLIMATE SUMMARY FOR MARCH 1 2015...

CLIMATE NORMAL PERIOD 1981 TO 2010
CLIMATE RECORD PERIOD 1890 TO 2015


WEATHER ITEM   OBSERVED TIME   RECORD YEAR NORMAL DEPARTURE LAST
                VALUE   (LST)  VALUE       VALUE  FROM      YEAR
                                                  NORMAL
..................................................................
TEMPERATURE (F)
 YESTERDAY
  MAXIMUM         82    521 PM  88    1997  74      8       74
  MINIMUM         66    604 AM  36    1984  56     10       50
                                      1968
                                      1920
  AVERAGE         74                        65      9       62

PRECIPITATION (IN)
  YESTERDAY        0.02          1.20 1947   0.09  -0.07     0.00
  MONTH TO DATE    0.02                      0.09  -0.07     0.00
  SINCE MAR 1      0.02                      0.09  -0.07     0.00
  SINCE JAN 1      8.29                      5.13   3.16     4.95

DEGREE DAYS
 HEATING
  YESTERDAY        0                         3     -3        3
  MONTH TO DATE    0                         3     -3        3
  SINCE MAR 1      0                         3     -3        3
  SINCE JUL 1    455                       474    -19      399

 COOLING
  YESTERDAY        9                         3      6        0
  MONTH TO DATE    9                         3      6        0
  SINCE MAR 1      9                         3      6        0
  SINCE JAN 1     76                       116    -40      104
..................................................................


WIND (MPH)
  RESULTANT WIND SPEED   3   RESULTANT WIND DIRECTION   E (90)
  HIGHEST WIND SPEED    10   HIGHEST WIND DIRECTION     S (160)
  HIGHEST GUST SPEED    16   HIGHEST GUST DIRECTION    NW (310)
  AVERAGE WIND SPEED     5.5


SKY COVER
  POSSIBLE SUNSHINE  MM
  AVERAGE SKY COVER 0.8


WEATHER CONDITIONS
 THE FOLLOWING WEATHER WAS RECORDED YESTERDAY.
  LIGHT RAIN


RELATIVE HUMIDITY (PERCENT)
 HIGHEST    93          1200 AM
 LOWEST     55           500 PM
 AVERAGE    74

..........................................................


THE TAMPA CLIMATE NORMALS FOR TODAY
                         NORMAL    RECORD    YEAR
 MAXIMUM TEMPERATURE (F)   75        86      1945
                                             1918
 MINIMUM TEMPERATURE (F)   56        35      1986
                                             1980
                                             1968


SUNRISE AND SUNSET
MARCH  2 2015.........SUNRISE   654 AM EST   SUNSET   631 PM EST
MARCH  3 2015.........SUNRISE   653 AM EST   SUNSET   632 PM EST


-  INDICATES NEGATIVE NUMBERS.
R  INDICATES RECORD WAS SET OR TIED.
MM INDICATES DATA IS MISSING.
T  INDICATES TRACE AMOUNT.




$$


&&
------------------------------------------------------------------
******************** SUPPLEMENTAL DATA ***************************

...RUSKIN                HIGH 85    LOW 65    PCPN 0.00
...SARASOTA/BRADENTON    HIGH 83    LOW 66    PCPN 0.00
...ST. PETERSBURG        HIGH 83    LOW 64    PCPN 0.00
...GULF WATER TEMPERATURE AT CLEARWATER BEACH 63
