000
CDUS42 KTBW 182216
CLITPA


CLIMATE REPORT
NATIONAL WEATHER SERVICE TAMPA BAY FL
514 PM EST SUN FEB 18 2018


...................................

...THE TAMPA CLIMATE SUMMARY FOR FEBRUARY 18 2018...
VALID TODAY AS OF 0500 PM LOCAL TIME.

CLIMATE NORMAL PERIOD 1981 TO 2010
CLIMATE RECORD PERIOD 1890 TO 2018


WEATHER ITEM   OBSERVED TIME   RECORD YEAR NORMAL DEPARTURE LAST
                VALUE   (LST)  VALUE       VALUE  FROM      YEAR
                                                  NORMAL
..................................................................
TEMPERATURE (F)
 TODAY
  MAXIMUM         82    410 PM  84    1990  73      9       72
                                      1891
  MINIMUM         61    443 AM  28    1900  55      6       57
  AVERAGE         72                        64      8       65

PRECIPITATION (IN)
  TODAY            0.00          2.57 1920   0.09  -0.09     0.15
  MONTH TO DATE    2.61                      1.86   0.75     0.88
  SINCE DEC 1      8.46                      6.56   1.90     2.21
  SINCE JAN 1      7.61                      4.09   3.52     1.78

DEGREE DAYS
 HEATING
  TODAY            0                         3     -3        0
  MONTH TO DATE    1                        77    -76       13
  SINCE DEC 1    263                       398   -135      121
  SINCE JUL 1    271                       442   -171      136

 COOLING
  TODAY            7                         2      5        0
  MONTH TO DATE  141                        36    105       54
  SINCE DEC 1    330                       166    164      373
  SINCE JAN 1    192                        86    106      181
..................................................................


WIND (MPH)
  RESULTANT WIND SPEED   2   RESULTANT WIND DIRECTION  SW (220)
  HIGHEST WIND SPEED     9   HIGHEST WIND DIRECTION     W (250)
  HIGHEST GUST SPEED    14   HIGHEST GUST DIRECTION    SW (240)
  AVERAGE WIND SPEED     4.2


SKY COVER
  POSSIBLE SUNSHINE  MM
  AVERAGE SKY COVER 0.1


WEATHER CONDITIONS
 THE FOLLOWING WEATHER WAS RECORDED TODAY.
  FOG
  FOG W/VISIBILITY <= 1/4 MILE


RELATIVE HUMIDITY (PERCENT)
 HIGHEST    93           600 AM
 LOWEST     37           400 PM

..........................................................


THE TAMPA CLIMATE NORMALS FOR TOMORROW
                         NORMAL    RECORD    YEAR
 MAXIMUM TEMPERATURE (F)   73        86      1997
                                             1891
 MINIMUM TEMPERATURE (F)   55        30      1900


SUNRISE AND SUNSET
FEBRUARY 18 2018......SUNRISE   705 AM EST   SUNSET   623 PM EST
FEBRUARY 19 2018......SUNRISE   704 AM EST   SUNSET   624 PM EST


-  INDICATES NEGATIVE NUMBERS.
R  INDICATES RECORD WAS SET OR TIED.
MM INDICATES DATA IS MISSING.
T  INDICATES TRACE AMOUNT.




$$


&&
------------------------------------------------------------------
******************** SUPPLEMENTAL DATA ***************************

...RUSKIN                HIGH 81    LOW 56    PCPN 0.00
...SARASOTA/BRADENTON    HIGH 80    LOW 57    PCPN 0.00
...ST. PETERSBURG        HIGH 79    LOW 65    PCPN 0.00
...GULF WATER TEMPERATURE AT CLEARWATER BEACH 70 DEGREES

*LAKELAND DATA IS FROM 4:30 PM SATURDAY TO 4:30 PM SUNDAY
AND MAY REFLECT YESTERDAYS RAINFALL AND HIGH TEMPERATURE.
