000
CDUS42 KTBW 262118
CLITPA


CLIMATE REPORT
NATIONAL WEATHER SERVICE TAMPA BAY FL
516 PM EDT MON SEP 26 2016


...................................

...THE TAMPA CLIMATE SUMMARY FOR SEPTEMBER 26 2016...
VALID TODAY AS OF 0500 PM LOCAL TIME.

CLIMATE NORMAL PERIOD 1981 TO 2010
CLIMATE RECORD PERIOD 1890 TO 2016


WEATHER ITEM   OBSERVED TIME   RECORD YEAR NORMAL DEPARTURE LAST
                VALUE   (LST)  VALUE       VALUE  FROM      YEAR
                                                  NORMAL
..................................................................
TEMPERATURE (F)
 TODAY
  MAXIMUM         90   1253 PM  94    1972  88      2       91
  MINIMUM         77    632 AM  64    1991  73      4       75
  AVERAGE         84                        80      4       83

PRECIPITATION (IN)
  TODAY            0.00          7.59 1997   0.16  -0.16     0.17
  MONTH TO DATE    3.70                      5.69  -1.99     3.49
  SINCE SEP 1      3.70                      5.69  -1.99     3.49
  SINCE JAN 1     50.13                     39.41  10.72    58.92

DEGREE DAYS
 HEATING
  TODAY            0                         0      0        0
  MONTH TO DATE    0                         0      0        0
  SINCE SEP 1      0                         0      0        0
  SINCE JUL 1      0                         0      0        0

 COOLING
  TODAY           19                        16      3       18
  MONTH TO DATE  502                       443     59      472
  SINCE SEP 1    502                       443     59      472
  SINCE JAN 1   3288                      2958    330     3386
..................................................................


WIND (MPH)
  RESULTANT WIND SPEED   1   RESULTANT WIND DIRECTION  SW (220)
  HIGHEST WIND SPEED    16   HIGHEST WIND DIRECTION     E (80)
  HIGHEST GUST SPEED    26   HIGHEST GUST DIRECTION     E (70)
  AVERAGE WIND SPEED     4.1


SKY COVER
  POSSIBLE SUNSHINE  MM
  AVERAGE SKY COVER 0.6


WEATHER CONDITIONS
 THE FOLLOWING WEATHER WAS RECORDED TODAY.
  THUNDERSTORM


RELATIVE HUMIDITY (PERCENT)
 HIGHEST    94           500 AM
 LOWEST     61           200 PM

..........................................................


THE TAMPA CLIMATE NORMALS FOR TOMORROW
                         NORMAL    RECORD    YEAR
 MAXIMUM TEMPERATURE (F)   88        95      1990
 MINIMUM TEMPERATURE (F)   73        59      1956


SUNRISE AND SUNSET
SEPTEMBER 26 2016.....SUNRISE   721 AM EDT   SUNSET   721 PM EDT
SEPTEMBER 27 2016.....SUNRISE   721 AM EDT   SUNSET   720 PM EDT


-  INDICATES NEGATIVE NUMBERS.
R  INDICATES RECORD WAS SET OR TIED.
MM INDICATES DATA IS MISSING.
T  INDICATES TRACE AMOUNT.




$$


&&
------------------------------------------------------------------
******************** SUPPLEMENTAL DATA ***************************

...RUSKIN                HIGH 90    LOW 73    PCPN 0.01
...SARASOTA/BRADENTON    HIGH 90    LOW 75    PCPN 0.00
...LAKELAND              HIGH 92    LOW 69    PCPN 1.76
...ST. PETERSBURG        HIGH 89    LOW 79    PCPN 0.00
...GULF WATER TEMPERATURE AT CLEARWATER BEACH 88 DEGREES
