000
CDUS42 KTBW 192118
CLITPA


CLIMATE REPORT
NATIONAL WEATHER SERVICE TAMPA BAY FL
514 PM EDT TUE AUG 19 2014


...................................

...THE TAMPA CLIMATE SUMMARY FOR AUGUST 19 2014...
VALID TODAY AS OF 0500 PM LOCAL TIME.

CLIMATE NORMAL PERIOD 1981 TO 2010
CLIMATE RECORD PERIOD 1890 TO 2014


WEATHER ITEM   OBSERVED TIME   RECORD YEAR NORMAL DEPARTURE LAST
                VALUE   (LST)  VALUE       VALUE  FROM      YEAR
                                                  NORMAL
..................................................................
TEMPERATURE (F)
 TODAY
  MAXIMUM         91    356 PM  96    2007  90      1       93
  MINIMUM         79    522 AM  68    1947  76      3       74
  AVERAGE         85                        83      2       84

PRECIPITATION (IN)
  TODAY            0.00          3.44 1972   0.25  -0.25     1.75
  MONTH TO DATE    3.02                      4.74  -1.72    10.13
  SINCE JUN 1     17.47                     18.49  -1.02    31.62
  SINCE JAN 1     36.80                     30.69   6.11    40.74

DEGREE DAYS
 HEATING
  TODAY            0                         0      0        0
  MONTH TO DATE    0                         0      0        0
  SINCE JUN 1      0                         0      0        0
  SINCE JUL 1      0                         0      0        0

 COOLING
  TODAY           20                        18      2       19
  MONTH TO DATE  361                       342     19      371
  SINCE JUN 1   1451                      1416     35     1443
  SINCE JAN 1   2274                      2293    -19     2418
..................................................................


WIND (MPH)
  RESULTANT WIND SPEED   4   RESULTANT WIND DIRECTION   W (260)
  HIGHEST WIND SPEED    13   HIGHEST WIND DIRECTION     W (270)
  HIGHEST GUST SPEED    19   HIGHEST GUST DIRECTION     W (270)
  AVERAGE WIND SPEED     4.3


SKY COVER
  POSSIBLE SUNSHINE  MM
  AVERAGE SKY COVER 0.2


WEATHER CONDITIONS
 THE FOLLOWING WEATHER WAS RECORDED TODAY.
  NO SIGNIFICANT WEATHER WAS OBSERVED.


RELATIVE HUMIDITY (PERCENT)
 HIGHEST    85           200 AM
 LOWEST     52           200 PM

..........................................................


THE TAMPA CLIMATE NORMALS FOR TOMORROW
                         NORMAL    RECORD    YEAR
 MAXIMUM TEMPERATURE (F)   90        96      2007
 MINIMUM TEMPERATURE (F)   76        70      1967
                                             1891


SUNRISE AND SUNSET
AUGUST 19 2014........SUNRISE   702 AM EDT   SUNSET   805 PM EDT
AUGUST 20 2014........SUNRISE   703 AM EDT   SUNSET   804 PM EDT


-  INDICATES NEGATIVE NUMBERS.
R  INDICATES RECORD WAS SET OR TIED.
MM INDICATES DATA IS MISSING.
T  INDICATES TRACE AMOUNT.




$$


&&
------------------------------------------------------------------
******************** SUPPLEMENTAL DATA ***************************

...RUSKIN                HIGH 93    LOW 75    PCPN 0.00
...SARASOTA/BRADENTON    HIGH 93    LOW 77    PCPN 0.00
...LAKELAND              HIGH 93    LOW 74    PCPN 0.00
...ST. PETERSBURG        HIGH 90    LOW 81    PCPN 0.00
...GULF WATER TEMPERATURE AT CLEARWATER BEACH 89
