000
CDUS42 KTBW 292118
CLITPA


CLIMATE REPORT
NATIONAL WEATHER SERVICE TAMPA BAY FL
516 PM EDT MON MAY 29 2017


...................................

...THE TAMPA CLIMATE SUMMARY FOR MAY 29 2017...
VALID TODAY AS OF 0500 PM LOCAL TIME.

CLIMATE NORMAL PERIOD 1981 TO 2010
CLIMATE RECORD PERIOD 1890 TO 2017


WEATHER ITEM   OBSERVED TIME   RECORD YEAR NORMAL DEPARTURE LAST
                VALUE   (LST)  VALUE       VALUE  FROM      YEAR
                                                  NORMAL
..................................................................
TEMPERATURE (F)
 TODAY
  MAXIMUM         92    340 PM  96    2006  89      3       88
  MINIMUM         76    548 AM  64    1968  73      3       75
  AVERAGE         84                        81      3       82

PRECIPITATION (IN)
  TODAY            0.00          1.33 1922   0.10  -0.10     0.00
  MONTH TO DATE    1.48                      1.89  -0.41     3.76
  SINCE MAR 1      3.06                      6.95  -3.89     7.19
  SINCE JAN 1      6.02                     11.99  -5.97    15.90

DEGREE DAYS
 HEATING
  TODAY            0                         0      0        0
  MONTH TO DATE    0                         0      0        0
  SINCE MAR 1     28                        67    -39       15
  SINCE JUL 1    164                       538   -374      323

 COOLING
  TODAY           19                        16      3       17
  MONTH TO DATE  463                       386     77      398
  SINCE MAR 1   1022                       733    289      907
  SINCE JAN 1   1275                       846    429      985
..................................................................


WIND (MPH)
  RESULTANT WIND SPEED   6   RESULTANT WIND DIRECTION   W (270)
  HIGHEST WIND SPEED    16   HIGHEST WIND DIRECTION     W (270)
  HIGHEST GUST SPEED    21   HIGHEST GUST DIRECTION     W (260)
  AVERAGE WIND SPEED     7.7


SKY COVER
  POSSIBLE SUNSHINE  MM
  AVERAGE SKY COVER 0.3


WEATHER CONDITIONS
 THE FOLLOWING WEATHER WAS RECORDED TODAY.
  NO SIGNIFICANT WEATHER WAS OBSERVED.


RELATIVE HUMIDITY (PERCENT)
 HIGHEST    94           500 AM
 LOWEST     47           100 PM

..........................................................


THE TAMPA CLIMATE NORMALS FOR TOMORROW
                         NORMAL    RECORD    YEAR
 MAXIMUM TEMPERATURE (F)   89        96      1989
 MINIMUM TEMPERATURE (F)   73        57      1968


SUNRISE AND SUNSET
MAY 29 2017...........SUNRISE   635 AM EDT   SUNSET   821 PM EDT
MAY 30 2017...........SUNRISE   634 AM EDT   SUNSET   821 PM EDT


-  INDICATES NEGATIVE NUMBERS.
R  INDICATES RECORD WAS SET OR TIED.
MM INDICATES DATA IS MISSING.
T  INDICATES TRACE AMOUNT.




$$


&&
------------------------------------------------------------------
******************** SUPPLEMENTAL DATA ***************************

...RUSKIN                HIGH 91    LOW 71    PCPN 0.00
...SARASOTA/BRADENTON    HIGH 89    LOW 72    PCPN 0.00
...LAKELAND*             HIGH 96    LOW 70    PCPN 0.00
...ST. PETERSBURG        HIGH 92    LOW 79    PCPN 0.00
...GULF WATER TEMPERATURE AT CLEARWATER BEACH 85 DEGREES

*LAKELAND DATA IS FROM 4:30 PM SUNDAY TO 4:30 PM MONDAY
AND MAY REFLECT YESTERDAYS RAINFALL AND HIGH TEMPERATURE.
