000
CDUS42 KTBW 291245
CLITPA


CLIMATE REPORT
NATIONAL WEATHER SERVICE TAMPA BAY FL
845 AM EDT WED JUL 29 2015


...................................

...THE TAMPA CLIMATE SUMMARY FOR JULY 28 2015...

CLIMATE NORMAL PERIOD 1981 TO 2010
CLIMATE RECORD PERIOD 1890 TO 2015


WEATHER ITEM   OBSERVED TIME   RECORD YEAR NORMAL DEPARTURE LAST
                VALUE   (LST)  VALUE       VALUE  FROM      YEAR
                                                  NORMAL
..................................................................
TEMPERATURE (F)
 YESTERDAY
  MAXIMUM         86    125 PM  97    1996  90     -4       91
  MINIMUM         77    130 AM  69    1926  76      1       81
  AVERAGE         82                        83     -1       86

PRECIPITATION (IN)
  YESTERDAY        0.74          4.89 1960   0.23   0.51     0.05
  MONTH TO DATE    9.80                      6.41   3.39    12.67
  SINCE JUN 1     16.03                     13.09   2.94    14.44
  SINCE JAN 1     36.92                     25.29  11.63    33.77

DEGREE DAYS
 HEATING
  YESTERDAY        0                         0      0        0
  MONTH TO DATE    0                         0      0        0
  SINCE JUN 1      0                         0      0        0
  SINCE JUL 1      0                         0      0        0

 COOLING
  YESTERDAY       17                        18     -1       21
  MONTH TO DATE  522                       504     18      505
  SINCE JUN 1   1065                      1020     45     1031
  SINCE JAN 1   2286                      1897    389     1854
..................................................................


WIND (MPH)
  RESULTANT WIND SPEED  10   RESULTANT WIND DIRECTION   W (250)
  HIGHEST WIND SPEED    21   HIGHEST WIND DIRECTION     W (260)
  HIGHEST GUST SPEED    27   HIGHEST GUST DIRECTION     W (250)
  AVERAGE WIND SPEED    10.4


SKY COVER
  POSSIBLE SUNSHINE  MM
  AVERAGE SKY COVER 0.8


WEATHER CONDITIONS
 THE FOLLOWING WEATHER WAS RECORDED YESTERDAY.
  HEAVY RAIN
  RAIN
  LIGHT RAIN
  FOG
  HAZE


RELATIVE HUMIDITY (PERCENT)
 HIGHEST    91           300 AM
 LOWEST     70           200 PM
 AVERAGE    81

..........................................................


THE TAMPA CLIMATE NORMALS FOR TODAY
                         NORMAL    RECORD    YEAR
 MAXIMUM TEMPERATURE (F)   90        97      1993
 MINIMUM TEMPERATURE (F)   76        67      1919


SUNRISE AND SUNSET
JULY 29 2015..........SUNRISE   651 AM EDT   SUNSET   822 PM EDT
JULY 30 2015..........SUNRISE   652 AM EDT   SUNSET   821 PM EDT


-  INDICATES NEGATIVE NUMBERS.
R  INDICATES RECORD WAS SET OR TIED.
MM INDICATES DATA IS MISSING.
T  INDICATES TRACE AMOUNT.




$$
