000
CDUS42 KTBW 270929
CLITPA


CLIMATE REPORT
NATIONAL WEATHER SERVICE TAMPA BAY FL
428 AM EST TUE JAN 27 2015


...................................

...THE TAMPA CLIMATE SUMMARY FOR JANUARY 26 2015...

CLIMATE NORMAL PERIOD 1981 TO 2010
CLIMATE RECORD PERIOD 1890 TO 2015


WEATHER ITEM   OBSERVED TIME   RECORD YEAR NORMAL DEPARTURE LAST
                VALUE   (LST)  VALUE       VALUE  FROM      YEAR
                                                  NORMAL
..................................................................
TEMPERATURE (F)
 YESTERDAY
  MAXIMUM         65    151 PM  84    1950  70     -5       65
  MINIMUM         56   1159 PM  23    1905  52      4       57
  AVERAGE         61                        61      0       61

PRECIPITATION (IN)
  YESTERDAY        0.27          0.95 1980   0.08   0.19     0.16
  MONTH TO DATE    1.75                      1.82  -0.07     1.67
  SINCE DEC 1      3.32                      4.29  -0.97     2.48
  SINCE JAN 1      1.75                      1.82  -0.07     1.67

DEGREE DAYS
 HEATING
  YESTERDAY        4                         5     -1        4
  MONTH TO DATE   93                       155    -62      218
  SINCE DEC 1    182                       294   -112      250
  SINCE JUL 1    270                       338    -68      280

 COOLING
  YESTERDAY        0                         2     -2        0
  MONTH TO DATE   56                        50      6       20
  SINCE DEC 1    151                       130     21      170
  SINCE JAN 1     56                        50      6       20
..................................................................


WIND (MPH)
  RESULTANT WIND SPEED  10   RESULTANT WIND DIRECTION   W (290)
  HIGHEST WIND SPEED    22   HIGHEST WIND DIRECTION     W (280)
  HIGHEST GUST SPEED    30   HIGHEST GUST DIRECTION     W (280)
  AVERAGE WIND SPEED    12.0


SKY COVER
  POSSIBLE SUNSHINE  MM
  AVERAGE SKY COVER 0.5


WEATHER CONDITIONS
 THE FOLLOWING WEATHER WAS RECORDED YESTERDAY.
  HEAVY RAIN
  LIGHT RAIN
  FOG


RELATIVE HUMIDITY (PERCENT)
 HIGHEST    84           500 AM
 LOWEST     48          1200 PM
 AVERAGE    66

..........................................................


THE TAMPA CLIMATE NORMALS FOR TODAY
                         NORMAL    RECORD    YEAR
 MAXIMUM TEMPERATURE (F)   70        82      1974
                                             1957
                                             1950
 MINIMUM TEMPERATURE (F)   52        26      1905


SUNRISE AND SUNSET
JANUARY 27 2015.......SUNRISE   720 AM EST   SUNSET   606 PM EST
JANUARY 28 2015.......SUNRISE   719 AM EST   SUNSET   607 PM EST


-  INDICATES NEGATIVE NUMBERS.
R  INDICATES RECORD WAS SET OR TIED.
MM INDICATES DATA IS MISSING.
T  INDICATES TRACE AMOUNT.




$$


&&
------------------------------------------------------------------
******************** SUPPLEMENTAL DATA ***************************

...RUSKIN                HIGH 66    LOW 52    PCPN 0.09
...SARASOTA/BRADENTON    HIGH 68    LOW 57    PCPN 0.08
...ST. PETERSBURG        HIGH 66    LOW 58    PCPN 0.18
...GULF WATER TEMPERATURE AT CLEARWATER BEACH 62
